690
CXUS55 KPSR 011005
CF6SDL
PRELIMINARY LOCAL CLIMATOLOGICAL DATA (WS FORM: F-6)
STATION: SCOTTSDALE AZ
MONTH: AUGUST
YEAR: 2020
LATITUDE: 33 37 N
LONGITUDE: 111 54 W
TEMPERATURE IN F: :PCPN: SNOW: WIND :SUNSHINE: SKY :PK WND
================================================================================
1 2 3 4 5 6A 6B 7 8 9 10 11 12 13 14 15 16 17 18
12Z AVG MX 2MIN
DY MAX MIN AVG DEP HDD CDD WTR SNW DPTH SPD SPD DIR MIN PSBL S-S WX SPD DR
================================================================================
1 109 90 100 8 0 35 0.00 M M 4.1 14 280 M M 0 19 260
2 108 90 99 7 0 34 0.00 M M 4.5 13 240 M M 0 18 230
3 111 88 100 8 0 35 0.00 M M 3.4 15 230 M M 0 20 240
4 108 86 97 5 0 32 0.00 M M 3.8 15 240 M M 0 19 240
5 108 88 98 6 0 33 0.00 M M 5.6 18 250 M M 0 25 250
6 107 80 94 2 0 29 0.00 M M 2.8 13 280 M M 0 18 290
7 107 80 94 2 0 29 0.00 M M 2.5 12 250 M M 0 16 230
8 109 85 97 5 0 32 0.00 M M 3.9 14 240 M M 0 20 270
9 110 82 96 4 0 31 0.00 M M 3.7 15 240 M M 0 20 230
10 109 81 95 3 0 30 0.00 M M 3.8 16 230 M M 0 24 200
11 109 82 96 4 0 31 0.00 M M 5.1 13 200 M M 0 21 280
12 110 85 98 7 0 33 0.00 M M 3.4 16 250 M M 0 21 240
13 113 89 101 10 0 36 0.00 M M 4.2 20 240 M M 0 23 240
14 115 85 100 9 0 35 0.00 M M 3.9 14 240 M M 0 21 240
15 112 88 100 9 0 35 0.00 M M 4.5 12 270 M M 0 17 250
16 113 90 102 11 0 37 0.00 M M 5.0 22 340 M M 0 8 30 10
17 113 86 100 9 0 35 0.00 M M 4.6 25 120 M M 0 38 35 100
18 112 88 100 9 0 35 T M M 5.5 31 70 M M 0 3 45 70
19 112 87 100 9 0 35 0.00 M M 3.1 13 40 M M 0 16 230
20 109 78 94 3 0 29 0.28 M M 7.9 40 350 M M 1 3 56 360
21 99 82 91 0 0 26 0.00 M M 4.6 16 240 M M 0 22 250
22 105 86 96 5 0 31 0.00 M M 4.2 16 70 M M 0 24 70
23 109 87 98 7 0 33 0.00 M M 2.4 12 20 M M 0 16 30
24 113 88 101 10 0 36 0.00 M M 3.2 13 250 M M 0 23 280
25 111 91 101 10 0 36 0.00 M M 4.6 23 30 M M 0 30 40
26 109 87 98 7 0 33 0.00 M M 3.0 9 200 M M 0 13 220
27 111 88 100 10 0 35 0.00 M M 4.6 28 60 M M 0 8 38 50
28 110 87 99 9 0 34 0.00 M M 4.3 14 270 M M 0 19 240
29 100 79 90 0 0 25 T M M 5.1 22 170 M M 1 3 38 180
30 100 74 87 -3 0 22 T M M 5.7 30 330 M M 1 38 51 340
31 98 76 87 -3 0 22 0.00 M M 3.5 15 230 M M 0 27 220
================================================================================
SM 3369 2633 0 994 0.28 M 130.5 M 3
================================================================================
AV108.7 84.9 4.2 FASTST M M 0 MAX(MPH)
MISC ----> 40 350 56 360
================================================================================
NOTES:
# LAST OF SEVERAL OCCURRENCES
COLUMN 17 PEAK WIND IN M.P.H.
PRELIMINARY LOCAL CLIMATOLOGICAL DATA (WS FORM: F-6) , PAGE 2
STATION: SCOTTSDALE AZ
MONTH: AUGUST
YEAR: 2020
LATITUDE: 33 37 N
LONGITUDE: 111 54 W
[TEMPERATURE DATA] [PRECIPITATION DATA] SYMBOLS USED IN COLUMN 16
AVERAGE MONTHLY: 96.8 TOTAL FOR MONTH: 0.28 1 = FOG OR MIST
DPTR FM NORMAL: 5.6 DPTR FM NORMAL: -0.89 2 = FOG REDUCING VISIBILITY
HIGHEST: 115 ON 14 GRTST 24HR 0.28 ON 20-20 TO 1/4 MILE OR LESS
LOWEST: 74 ON 30 3 = THUNDER
SNOW, ICE PELLETS, HAIL 4 = ICE PELLETS
TOTAL MONTH: M 5 = HAIL
GRTST 24HR M ON M 6 = FREEZING RAIN OR DRIZZLE
GRTST DEPTH: M ON M 7 = DUSTSTORM OR SANDSTORM:
VSBY 1/2 MILE OR LESS
8 = SMOKE OR HAZE
[NO. OF DAYS WITH] [WEATHER - DAYS WITH] 9 = BLOWING SNOW
X = TORNADO
MAX 32 OR BELOW: 0 0.01 INCH OR MORE: 1
MAX 90 OR ABOVE: 31 0.10 INCH OR MORE: 1
MIN 32 OR BELOW: 0 0.50 INCH OR MORE: 0
MIN 0 OR BELOW: 0 1.00 INCH OR MORE: 0
[HDD (BASE 65) ]
TOTAL THIS MO. 0 CLEAR (SCALE 0-3) 31
DPTR FM NORMAL 0 PTCLDY (SCALE 4-7) 0
TOTAL FM JUL 1 0 CLOUDY (SCALE 8-10) 0
DPTR FM NORMAL 0
[CDD (BASE 65) ]
TOTAL THIS MO. 994
DPTR FM NORMAL 183 [PRESSURE DATA]
TOTAL FM JAN 1 3566 HIGHEST SLP 29.92 ON 18
DPTR FM NORMAL 571 LOWEST SLP 29.52 ON 27
[REMARKS]
#FINAL-08-20#