000
CXUS56 KSGX 011045
CF6SDM
PRELIMINARY LOCAL CLIMATOLOGICAL DATA (WS FORM: F-6)
STATION: SAN DIEGO/BROWN
MONTH: MAY
YEAR: 2022
LATITUDE: 32 34 N
LONGITUDE: 116 59 W
TEMPERATURE IN F: :PCPN: SNOW: WIND :SUNSHINE: SKY :PK WND
================================================================================
1 2 3 4 5 6A 6B 7 8 9 10 11 12 13 14 15 16 17 18
12Z AVG MX 2MIN
DY MAX MIN AVG DEP HDD CDD WTR SNW DPTH SPD SPD DIR MIN PSBL S-S WX SPD DR
================================================================================
1 70 53 62 0 3 0 0.00 M M 7.9 17 240 M M 7 18 22 240
2 69 54 62 0 3 0 0.00 M M 5.6 15 270 M M 6 21 260
3 68 52 60 -2 5 0 0.00 M M 6.4 15 280 M M 5 20 250
4 72 49 61 -1 4 0 0.00 M M 3.8 13 280 M M 2 18 17 300
5 79 55 67 5 0 2 0.00 M M 3.6 15 270 M M 4 18 23 300
6 72 57 65 3 0 0 0.00 M M 4.0 12 280 M M 3 128 15 270
7 73 58 66 4 0 1 0.00 M M 5.9 15 260 M M 6 18 20 270
8 69 54 62 0 3 0 0.00 M M 9.3 17 250 M M 9 22 230
9 69 53 61 -1 4 0 0.00 M M 6.7 16 270 M M 5 23 280
10 70 48 59 -3 6 0 0.00 M M 5.7 17 280 M M 0 25 260
11 69 49 59 -3 6 0 0.00 M M 5.0 16 280 M M 1 24 270
12 80 44 62 0 3 0 0.00 M M 5.7 15 280 M M 0 21 270
13 85 51 68 5 0 3 0.00 M M 6.0 16 280 M M 0 8 20 270
14 86 55 71 8 0 6 0.00 M M 5.0 12 280 M M 0 17 270
15 78 51 65 2 0 0 0.00 M M 4.3 14 280 M M 1 128 18 280
16 72 57 65 2 0 0 0.00 M M 4.6 13 280 M M 5 8 18 270
17 72 57 65 2 0 0 0.00 M M 6.2 15 260 M M 6 8 21 260
18 72 57 65 2 0 0 0.00 M M 4.9 13 270 M M 4 8 19 270
19 73 57 65 2 0 0 0.00 M M 5.6 15 260 M M 7 8 22 260
20 71 58 65 2 0 0 0.01 M M 8.3 21 210 M M 10 18 25 210
21 70 59 65 2 0 0 0.00 M M 5.0 14 220 M M 9 18 200
22 72 58 65 2 0 0 0.00 M M 5.1 15 270 M M 8 20 290
23 70 58 64 1 1 0 0.00 M M 4.6 14 280 M M 8 8 17 270
24 71 57 64 1 1 0 0.00 M M 2.9 14 270 M M 5 8 18 280
25 73 52 63 -1 2 0 0.00 M M 4.3 13 260 M M 2 18 18 260
26 73 60 67 3 0 2 0.00 M M 4.5 14 280 M M 8 8 19 270
27 73 60 67 3 0 2 0.00 M M 5.3 14 260 M M 6 19 320
28 69 58 64 0 1 0 0.00 M M 7.3 15 270 M M 9 18 19 270
29 73 58 66 2 0 1 T M M 5.9 16 260 M M 8 18 23 270
30 74 57 66 2 0 1 0.00 M M 4.2 14 260 M M 3 18 18 300
31 75 58 67 3 0 2 0.00 M M 5.3 14 280 M M 3 18 20 280
================================================================================
SM 2262 1704 42 20 0.01 M 168.9 M 150
================================================================================
AV 73.0 55.0 5.4 FASTST M M 5 MAX(MPH)
MISC ----> 21 210 # 25 260
================================================================================
NOTES:
# LAST OF SEVERAL OCCURRENCES
COLUMN 17 PEAK WIND IN M.P.H.
PRELIMINARY LOCAL CLIMATOLOGICAL DATA (WS FORM: F-6) , PAGE 2
STATION: SAN DIEGO/BROWN
MONTH: MAY
YEAR: 2022
LATITUDE: 32 34 N
LONGITUDE: 116 59 W
[TEMPERATURE DATA] [PRECIPITATION DATA] SYMBOLS USED IN COLUMN 16
AVERAGE MONTHLY: 64.0 TOTAL FOR MONTH: 0.01 1 = FOG OR MIST
DPTR FM NORMAL: 1.2 DPTR FM NORMAL: -0.26 2 = FOG REDUCING VISIBILITY
HIGHEST: 86 ON 14 GRTST 24HR 0.01 ON 20-20 TO 1/4 MILE OR LESS
LOWEST: 44 ON 12 3 = THUNDER
SNOW, ICE PELLETS, HAIL 4 = ICE PELLETS
TOTAL MONTH: M 5 = HAIL
GRTST 24HR M ON M 6 = FREEZING RAIN OR DRIZZLE
GRTST DEPTH: M ON M 7 = DUSTSTORM OR SANDSTORM:
VSBY 1/2 MILE OR LESS
8 = SMOKE OR HAZE
[NO. OF DAYS WITH] [WEATHER - DAYS WITH] 9 = BLOWING SNOW
X = TORNADO
MAX 32 OR BELOW: 0 0.01 INCH OR MORE: 1
MAX 90 OR ABOVE: 0 0.10 INCH OR MORE: 0
MIN 32 OR BELOW: 0 0.50 INCH OR MORE: 0
MIN 0 OR BELOW: 0 1.00 INCH OR MORE: 0
[HDD (BASE 65) ]
TOTAL THIS MO. 42 CLEAR (SCALE 0-3) 9
DPTR FM NORMAL -49 PTCLDY (SCALE 4-7) 17
TOTAL FM JUL 1 1304 CLOUDY (SCALE 8-10) 5
DPTR FM NORMAL -273
[CDD (BASE 65) ]
TOTAL THIS MO. 20
DPTR FM NORMAL -2 [PRESSURE DATA]
TOTAL FM JAN 1 72 HIGHEST SLP 30.15 ON 12
DPTR FM NORMAL 24 LOWEST SLP 29.77 ON 20
[REMARKS]
#FINAL-05-22#