000
CXUS55 KSEW 010930
CF6SEA
PRELIMINARY LOCAL CLIMATOLOGICAL DATA (WS FORM: F-6)
STATION: SEATTLE-TACOMA WA AIRPORT
MONTH: JUNE
YEAR: 2020
LATITUDE: 47 27 N
LONGITUDE: 122 18 W
TEMPERATURE IN F: :PCPN: SNOW: WIND :SUNSHINE: SKY :PK WND
================================================================================
1 2 3 4 5 6A 6B 7 8 9 10 11 12 13 14 15 16 17 18
12Z AVG MX 2MIN
DY MAX MIN AVG DEP HDD CDD WTR SNW DPTH SPD SPD DIR MIN PSBL S-S WX SPD DR
================================================================================
1 68 50 59 0 6 0 0.00 0.0 0 7.0 13 30 M M 5 16 260
2 66 50 58 -1 7 0 T 0.0 0 5.3 17 10 M M 6 19 360
3 66 50 58 -1 7 0 0.00 0.0 0 7.0 16 20 M M 8 18 20
4 70 53 62 3 3 0 0.00 0.0 0 5.8 16 10 M M 8 21 10
5 66 51 59 0 6 0 0.00 0.0 0 6.3 16 30 M M 8 18 20
6 63 51 57 -2 8 0 0.01 0.0 0 10.5 17 230 M M 8 1 24 210
7 64 50 57 -3 8 0 0.02 0.0 0 10.1 16 210 M M 9 1 24 220
8 64 51 58 -2 7 0 0.03 0.0 0 12.2 21 220 M M 8 27 220
9 62 51 57 -3 8 0 0.45 0.0 0 7.7 13 240 M M 10 1 17 170
10 72 55 64 4 1 0 0.02 0.0 0 4.3 14 260 M M 8 1 18 270
11 71 57 64 4 1 0 0.12 0.0 0 4.9 10 180 M M 8 1 14 180
12 59 53 56 -4 9 0 0.27 0.0 0 7.7 16 210 M M 9 1 20 220
13 63 51 57 -3 8 0 0.11 0.0 0 8.8 21 220 M M 8 1 27 210
14 67 49 58 -3 7 0 0.00 0.0 0 9.1 16 200 M M 8 19 200
15 64 53 59 -2 6 0 0.18 0.0 0 9.5 20 210 M M 9 1 25 220
16 68 51 60 -1 5 0 0.01 0.0 0 6.6 16 340 M M 7 23 230
17 73 50 62 1 3 0 0.00 0.0 0 5.8 12 30 M M 5 15 210
18 77 53 65 4 0 0 0.00 0.0 0 7.3 16 360 M M 5 20 360
19 81 56 69 8 0 4 0.00 0.0 0 4.9 12 210 M M 8 14 210
20 74 60 67 5 0 2 0.03 0.0 0 9.3 21 220 M M 9 1 26 220
21 71 56 64 2 1 0 0.00 0.0 0 7.8 14 220 M M 6 19 240
22 80 52 66 4 0 1 0.00 0.0 0 7.7 16 350 M M 2 18 340
23 85 58 72 10 0 7 0.00 0.0 0 7.3 16 30 M M 5 20 360
24 78 61 70 8 0 5 0.00 0.0 0 7.7 20 210 M M 8 24 210
25 81 56 69 7 0 4 0.00 0.0 0 7.1 15 330 M M 6 1 19 300
26 82 57 70 7 0 5 0.00 0.0 0 5.5 16 30 M M 5 19 30
27 64 56 60 -3 5 0 0.56 0.0 0 8.3 15 210 M M 10 1 23 210
28 71 52 62 -1 3 0 0.34 0.0 0 6.0 18 340 M M 8 1 25 340
29 72 54 63 0 2 0 0.00 0.0 0 10.4 18 220 M M 7 22 220
30 66 54 60 -3 5 0 0.13 0.0 0 13.7 21 230 M M 9 1 28 220
================================================================================
SM 2108 1601 116 28 2.28 0.0 231.6 M 220
================================================================================
AV 70.3 53.4 7.7 FASTST M M 7 MAX(MPH)
MISC ----> # 21 220 # 28 220
================================================================================
NOTES:
# LAST OF SEVERAL OCCURRENCES
COLUMN 17 PEAK WIND IN M.P.H.
PRELIMINARY LOCAL CLIMATOLOGICAL DATA (WS FORM: F-6) , PAGE 2
STATION: SEATTLE-TACOMA WA AIRPORT
MONTH: JUNE
YEAR: 2020
LATITUDE: 47 27 N
LONGITUDE: 122 18 W
[TEMPERATURE DATA] [PRECIPITATION DATA] SYMBOLS USED IN COLUMN 16
AVERAGE MONTHLY: 61.8 TOTAL FOR MONTH: 2.28 1 = FOG OR MIST
DPTR FM NORMAL: 0.9 DPTR FM NORMAL: 0.71 2 = FOG REDUCING VISIBILITY
HIGHEST: 85 ON 23 GRTST 24HR 0.56 ON 27-27 TO 1/4 MILE OR LESS
LOWEST: 49 ON 14 3 = THUNDER
SNOW, ICE PELLETS, HAIL 4 = ICE PELLETS
TOTAL MONTH: 0.0 INCH 5 = HAIL
GRTST 24HR 0.0 6 = FREEZING RAIN OR DRIZZLE
GRTST DEPTH: 0 7 = DUSTSTORM OR SANDSTORM:
VSBY 1/2 MILE OR LESS
8 = SMOKE OR HAZE
[NO. OF DAYS WITH] [WEATHER - DAYS WITH] 9 = BLOWING SNOW
X = TORNADO
MAX 32 OR BELOW: 0 0.01 INCH OR MORE: 14
MAX 90 OR ABOVE: 0 0.10 INCH OR MORE: 8
MIN 32 OR BELOW: 0 0.50 INCH OR MORE: 1
MIN 0 OR BELOW: 0 1.00 INCH OR MORE: 0
[HDD (BASE 65) ]
TOTAL THIS MO. 116 CLEAR (SCALE 0-3) 1
DPTR FM NORMAL -28 PTCLDY (SCALE 4-7) 19
TOTAL FM JUL 1 4235 CLOUDY (SCALE 8-10) 10
DPTR FM NORMAL -462
[CDD (BASE 65) ]
TOTAL THIS MO. 28
DPTR FM NORMAL 7 [PRESSURE DATA]
TOTAL FM JAN 1 56 HIGHEST SLP M ON M
DPTR FM NORMAL 29 LOWEST SLP 29.71 ON 5
[REMARKS]
#FINAL-06-20#