718
CXUS54 KFWD 010731
CF6SEP
PRELIMINARY LOCAL CLIMATOLOGICAL DATA (WS FORM: F-6)
STATION: STEPHENVILLE
MONTH: APRIL
YEAR: 2020
LATITUDE: 32 13 N
LONGITUDE: 98 11 W
TEMPERATURE IN F: :PCPN: SNOW: WIND :SUNSHINE: SKY :PK WND
================================================================================
1 2 3 4 5 6A 6B 7 8 9 10 11 12 13 14 15 16 17 18
12Z AVG MX 2MIN
DY MAX MIN AVG DEP HDD CDD WTR SNW DPTH SPD SPD DIR MIN PSBL S-S WX SPD DR
================================================================================
1 73 49 61 2 4 0 0.00 0.0 0 8.7 15 150 M M 0 20 160
2 71 59 65 5 0 0 0.00 0.0 0 11.6 17 160 M M 6 24 160
3 67 40 54 -6 11 0 0.01 0.0 0 13.1 21 340 M M 10 28 330
4 46 39 43 -17 22 0 M 0.0 0 7.0 13 350 M M 10 21 350
5 64 45 55 -5 10 0 0.00 0.0 0 4.9 10 130 M M 9 M M
6 67 60 64 3 1 0 0.00 0.0 0 6.9 12 170 M M 8 M M
7 86 65 76 15 0 11 0.00 0.0 0 7.0 12 250 M M 2 20 230
8 93 66 80 19 0 15 0.00 0.0 0 7.3 16 250 M M 0 22 250
9 75 59 67 5 0 2 0.02 0.0 0 5.1 13 30 M M 3 17 30
10 73 50 62 0 3 0 0.00 0.0 0 8.0 15 100 M M 0 M M
11 70 56 63 1 2 0 0.00 0.0 0 8.7 15 160 M M 6 18 170
12 80 43 62 0 3 0 0.13 0.0 0 13.7 27 350 M M 3 33 260
13 57 36 47 -16 18 0 0.00 0.0 0 11.4 18 360 M M 0 30 360
14 55 38 47 -16 18 0 0.00 0.0 0 9.8 14 360 M M 5 20 340
15 66 35 51 -12 14 0 0.00 0.0 0 3.9 9 120 M M 0 M M
16 75 44 60 -4 5 0 0.00 0.0 0 11.0 20 150 M M 0 27 150
17 62 46 54 -10 11 0 0.00 0.0 0 9.0 17 330 M M 6 21 330
18 63 45 54 -10 11 0 0.00 0.0 0 5.5 10 170 M M 10 M M
19 86 57 72 8 0 7 0.01 0.0 0 10.1 21 310 M M 4 28 310
20 82 54 68 3 0 3 0.00 0.0 0 4.1 10 110 M M 1 M M
21 83 59 71 6 0 6 0.00 0.0 0 8.4 15 140 M M 7 18 140
22 89 62 76 11 0 11 0.00 0.0 0 10.4 18 260 M M 4 25 260
23 85 56 71 5 0 6 0.00 0.0 0 5.7 10 340 M M 0 M M
24 91 60 76 10 0 11 0.00 0.0 0 10.6 22 240 M M 0 29 240
25 77 54 66 0 0 1 0.00 0.0 0 6.8 13 350 M M 1 M M
26 83 48 66 0 0 1 0.00 0.0 0 5.6 14 170 M M 0 18 170
27 87 58 73 6 0 8 0.00 0.0 0 12.7 20 170 M M 0 30 170
28 90 64 77 10 0 12 0.00 0.0 0 9.4 17 170 M M 2 27 170
29 80 55 68 1 0 3 0.00 0.0 0 11.2 20 30 M M 1 29 30
30 84 47 66 -2 0 1 0.00 0.0 0 4.0 9 150 M M 0 M M
================================================================================
SM 2260 1549 133 98 0.17 0.0 251.6 M 98
================================================================================
AV 75.3 51.6 8.4 FASTST M M 3 MAX(MPH)
MISC ----> # 27 350 # 33 260
================================================================================
NOTES:
# LAST OF SEVERAL OCCURRENCES
COLUMN 17 PEAK WIND IN M.P.H.
PRELIMINARY LOCAL CLIMATOLOGICAL DATA (WS FORM: F-6) , PAGE 2
STATION: STEPHENVILLE
MONTH: APRIL
YEAR: 2020
LATITUDE: 32 13 N
LONGITUDE: 98 11 W
[TEMPERATURE DATA] [PRECIPITATION DATA] SYMBOLS USED IN COLUMN 16
AVERAGE MONTHLY: 63.5 TOTAL FOR MONTH: 0.17 1 = FOG OR MIST
DPTR FM NORMAL: 0.1 DPTR FM NORMAL: -2.35 2 = FOG REDUCING VISIBILITY
HIGHEST: 93 ON 8 GRTST 24HR 0.13 ON 12-12 TO 1/4 MILE OR LESS
LOWEST: 35 ON 15 3 = THUNDER
SNOW, ICE PELLETS, HAIL 4 = ICE PELLETS
TOTAL MONTH: 0.0 INCH 5 = HAIL
GRTST 24HR 0.0 6 = FREEZING RAIN OR DRIZZLE
GRTST DEPTH: 0 7 = DUSTSTORM OR SANDSTORM:
VSBY 1/2 MILE OR LESS
8 = SMOKE OR HAZE
[NO. OF DAYS WITH] [WEATHER - DAYS WITH] 9 = BLOWING SNOW
X = TORNADO
MAX 32 OR BELOW: 0 0.01 INCH OR MORE: 4
MAX 90 OR ABOVE: 3 0.10 INCH OR MORE: 1
MIN 32 OR BELOW: 0 0.50 INCH OR MORE: 0
MIN 0 OR BELOW: 0 1.00 INCH OR MORE: 0
[HDD (BASE 65) ]
TOTAL THIS MO. 133 CLEAR (SCALE 0-3) 17
DPTR FM NORMAL 12 PTCLDY (SCALE 4-7) 8
TOTAL FM JUL 1 2195 CLOUDY (SCALE 8-10) 5
DPTR FM NORMAL -502
[CDD (BASE 65) ]
TOTAL THIS MO. 98
DPTR FM NORMAL 25 [PRESSURE DATA]
TOTAL FM JAN 1 169 HIGHEST SLP M ON M
DPTR FM NORMAL 76 LOWEST SLP M ON M
[REMARKS]
#FINAL-04-20#