000
CXUS55 KSEW 010930
CF6SEW
PRELIMINARY LOCAL CLIMATOLOGICAL DATA (WS FORM: F-6)
STATION: SEATTLE WA WFO
MONTH: JULY
YEAR: 2022
LATITUDE: 47 41 N
LONGITUDE: 122 15 W
TEMPERATURE IN F: :PCPN: SNOW: WIND :SUNSHINE: SKY :PK WND
================================================================================
1 2 3 4 5 6A 6B 7 8 9 10 11 12 13 14 15 16 17 18
12Z AVG MX 2MIN
DY MAX MIN AVG DEP HDD CDD WTR SNW DPTH SPD SPD DIR MIN PSBL S-S WX SPD DR
================================================================================
1 78 54 66 2 0 1 0.00 0.0 0 M M M M M M M M
2 70 55 63 -1 2 0 0.00 0.0 0 M M M M M M M M
3 60 54 57 -7 8 0 0.07 0.0 0 M M M M M M M M
4 71 53 62 -3 3 0 0.00 0.0 0 M M M M M M M M
5 76 51 64 -1 1 0 0.04 0.0 0 M M M M M M M M
6 75 60 68 3 0 3 0.04 0.0 0 M M M M M M M M
7 77 58 68 3 0 3 0.01 0.0 0 M M M M M M M M
8 77 59 68 3 0 3 T 0.0 0 M M M M M M M M
9 77 56 67 1 0 2 0.00 0.0 0 M M M M M M M M
10 77 60 69 3 0 4 0.00 0.0 0 M M M M M M M M
11 83 60 72 6 0 7 0.00 0.0 0 M M M M M M M M
12 84 58 71 5 0 6 0.00 0.0 0 M M M M M M M M
13 74 58 66 0 0 1 0.00 0.0 0 M M M M M M M M
14 78 55 67 1 0 2 0.00 0.0 0 M M M M M M M M
15 80 56 68 1 0 3 0.00 0.0 0 M M M M M M M M
16 74 59 67 0 0 2 0.00 0.0 0 M M M M M M M M
17 70 58 64 -3 1 0 0.00 0.0 0 M M M M M M M M
18 74 55 65 -2 0 0 0.03 0.0 0 M M M M M M M M
19 80 57 69 2 0 4 0.00 0.0 0 M M M M M M M M
20 84 60 72 5 0 7 0.00 0.0 0 M M M M M M M M
21 83 58 71 4 0 6 0.00 0.0 0 M M M M M M M M
22 75 57 66 -2 0 1 0.00 0.0 0 M M M M M M M M
23 74 57 66 -2 0 1 0.00 0.0 0 M M M M M M M M
24 82 58 70 2 0 5 0.00 0.0 0 M M M M M M M M
25 85 58 72 4 0 7 0.00 0.0 0 M M M M M M M M
26 94 64 79 11 0 14 0.00 0.0 0 M M M M M M M M
27 91 67 79 11 0 14 0.00 0.0 0 M M M M M M M M
28 92 65 79 11 0 14 0.00 0.0 0 M M M M M M M M
29 93 66 80 12 0 15 0.00 0.0 0 M M M M M M M M
30 91 67 79 11 0 14 0.00 0.0 0 M M M M M M M M
31 93 66 80 12 0 15 0.00 0.0 0 M M M M M M M M
================================================================================
SM 2472 1819 15 154 0.19 0.0 M M M
================================================================================
AV 79.7 58.7 M FASTST M M M MAX(MPH)
MISC ----> M M M M
================================================================================
NOTES:
# LAST OF SEVERAL OCCURRENCES
COLUMN 17 PEAK WIND IN M.P.H.
PRELIMINARY LOCAL CLIMATOLOGICAL DATA (WS FORM: F-6) , PAGE 2
STATION: SEATTLE WA WFO
MONTH: JULY
YEAR: 2022
LATITUDE: 47 41 N
LONGITUDE: 122 15 W
[TEMPERATURE DATA] [PRECIPITATION DATA] SYMBOLS USED IN COLUMN 16
AVERAGE MONTHLY: 69.2 TOTAL FOR MONTH: 0.19 1 = FOG OR MIST
DPTR FM NORMAL: 2.7 DPTR FM NORMAL: -0.59 2 = FOG REDUCING VISIBILITY
HIGHEST: 94 ON 26 GRTST 24HR 0.07 ON 3- 3 TO 1/4 MILE OR LESS
LOWEST: 51 ON 5 3 = THUNDER
SNOW, ICE PELLETS, HAIL 4 = ICE PELLETS
TOTAL MONTH: 0.0 INCH 5 = HAIL
GRTST 24HR 0.0 6 = FREEZING RAIN OR DRIZZLE
GRTST DEPTH: 0 7 = DUSTSTORM OR SANDSTORM:
VSBY 1/2 MILE OR LESS
8 = SMOKE OR HAZE
[NO. OF DAYS WITH] [WEATHER - DAYS WITH] 9 = BLOWING SNOW
X = TORNADO
MAX 32 OR BELOW: 0 0.01 INCH OR MORE: 5
MAX 90 OR ABOVE: 6 0.10 INCH OR MORE: 0
MIN 32 OR BELOW: 0 0.50 INCH OR MORE: 0
MIN 0 OR BELOW: 0 1.00 INCH OR MORE: 0
[HDD (BASE 65) ]
TOTAL THIS MO. 15 CLEAR (SCALE 0-3) 0
DPTR FM NORMAL -16 PTCLDY (SCALE 4-7) 0
TOTAL FM JUL 1 15 CLOUDY (SCALE 8-10) 31
DPTR FM NORMAL -18
[CDD (BASE 65) ]
TOTAL THIS MO. 154
DPTR FM NORMAL 76 [PRESSURE DATA]
TOTAL FM JAN 1 179 HIGHEST SLP M ON M
DPTR FM NORMAL 79 LOWEST SLP M ON M
[REMARKS]
#FINAL-07-22#