000
CXUS52 KMLB 121404
CF6SFB
PRELIMINARY LOCAL CLIMATOLOGICAL DATA (WS FORM: F-6)
STATION: SANFORD
MONTH: APRIL
YEAR: 2023
LATITUDE: 28 46 N
LONGITUDE: 81 15 W
TEMPERATURE IN F: :PCPN: SNOW: WIND :SUNSHINE: SKY :PK WND
================================================================================
1 2 3 4 5 6A 6B 7 8 9 10 11 12 13 14 15 16 17 18
12Z AVG MX 2MIN
DY MAX MIN AVG DEP HDD CDD WTR SNW DPTH SPD SPD DIR MIN PSBL S-S WX SPD DR
================================================================================
1 90 67 79 9 0 14 0.00 0.0 0 10.4 24 290 M M 1 32 290
2 91 69 80 10 0 15 0.00 0.0 0 7.2 15 350 M M 2 24 330
3 90 67 79 9 0 14 0.00 0.0 0 6.2 16 100 M M 2 21 280
4 90 66 78 8 0 13 0.00 0.0 0 6.5 16 90 M M 1 20 100
5 90 67 79 9 0 14 0.00 0.0 0 8.4 21 120 M M 2 12 32 120
6 90 67 79 8 0 14 0.00 0.0 0 8.9 18 100 M M 0 25 140
7 89 66 78 7 0 13 0.00 0.0 0 6.6 23 110 M M 4 1 30 110
8 89 66 78 7 0 13 0.00 0.0 0 5.6 16 240 M M 1 26 260
9 76 65 71 0 0 6 0.29 0.0 0 12.7 21 30 M M 9 1 29 40
10 78 62 70 -1 0 5 0.21 0.0 0 11.2 28 70 M M 9 1 37 60
11 78 60 69 -3 0 4 T 0.0 0 12.1 28 80 M M 3 36 80
12 80 65 73 1 0 8 T 0.0 0 12.9 25 100 M M 6 34 100
13 88 68 78 6 0 13 0.03 0.0 0 7.4 15 100 M M 7 13 22 220
14 86 68 77 5 0 12 0.04 0.0 0 5.9 23 280 M M 5 3 31 280
15 90 68 79 7 0 14 T 0.0 0 4.5 14 110 M M 4 3 18 110
16 90 67 79 7 0 14 T 0.0 0 7.5 16 130 M M 4 3 23 200
17 76 58 67 -6 0 2 0.99 0.0 0 6.4 17 20 M M 5 13 24 10
18 80 52 66 -7 0 1 0.00 0.0 0 6.9 16 80 M M 0 26 60
19 82 56 69 -4 0 4 0.00 0.0 0 7.6 18 90 M M 0 24 70
20 83 60 72 -1 0 7 0.00 0.0 0 7.9 20 80 M M 2 28 90
21 85 62 74 1 0 9 0.01 0.0 0 6.9 20 120 M M 2 27 120
22 88 68 78 4 0 13 T 0.0 0 5.1 14 190 M M 5 19 270
23 83 67 75 1 0 10 0.00 0.0 0 10.2 20 70 M M 3 27 60
24 84 66 75 1 0 10 0.72 0.0 0 7.4 26 140 M M 5 13 34 140
25 82 64 73 -1 0 8 T 0.0 0 6.2 18 80 M M 6 3 23 70
26 86 65 76 2 0 11 1.19 0.0 0 6.8 22 160 M M 2 135 31 170
27 87 66 77 3 0 12 0.94 0.0 0 8.1 35 290 M M 4 13 47 290
28 86 64 75 0 0 10 0.00 0.0 0 7.0 20 280 M M 1 28 180
29 89 70 80 5 0 15 0.42 0.0 0 9.1 22 160 M M 2 13 30 200
30 82 66 74 -1 0 9 0.01 0.0 0 17.3 35 270 M M 3 3 46 280
================================================================================
SM 2558 1942 0 307 4.85 0.0 246.9 M 100
================================================================================
AV 85.3 64.7 8.2 FASTST M M 3 MAX(MPH)
MISC ----> # 35 290 47 290
================================================================================
NOTES:
# LAST OF SEVERAL OCCURRENCES
COLUMN 17 PEAK WIND IN M.P.H.
PRELIMINARY LOCAL CLIMATOLOGICAL DATA (WS FORM: F-6) , PAGE 2
STATION: SANFORD
MONTH: APRIL
YEAR: 2023
LATITUDE: 28 46 N
LONGITUDE: 81 15 W
[TEMPERATURE DATA] [PRECIPITATION DATA] SYMBOLS USED IN COLUMN 16
AVERAGE MONTHLY: 75.0 TOTAL FOR MONTH: 4.85 1 = FOG OR MIST
DPTR FM NORMAL: 2.7 DPTR FM NORMAL: 2.50 2 = FOG REDUCING VISIBILITY
HIGHEST: 91 ON 2 GRTST 24HR 1.19 ON 26-26 TO 1/4 MILE OR LESS
LOWEST: 52 ON 18 3 = THUNDER
SNOW, ICE PELLETS, HAIL 4 = ICE PELLETS
TOTAL MONTH: 0.0 INCH 5 = HAIL
GRTST 24HR 0.0 6 = FREEZING RAIN OR DRIZZLE
GRTST DEPTH: 0 7 = DUSTSTORM OR SANDSTORM:
VSBY 1/2 MILE OR LESS
8 = SMOKE OR HAZE
[NO. OF DAYS WITH] [WEATHER - DAYS WITH] 9 = BLOWING SNOW
X = TORNADO
MAX 32 OR BELOW: 0 0.01 INCH OR MORE: 11
MAX 90 OR ABOVE: 8 0.10 INCH OR MORE: 7
MIN 32 OR BELOW: 0 0.50 INCH OR MORE: 4
MIN 0 OR BELOW: 0 1.00 INCH OR MORE: 1
[HDD (BASE 65) ]
TOTAL THIS MO. 0 CLEAR (SCALE 0-3) 16
DPTR FM NORMAL -11 PTCLDY (SCALE 4-7) 12
TOTAL FM JUL 1 344 CLOUDY (SCALE 8-10) 2
DPTR FM NORMAL -209
[CDD (BASE 65) ]
TOTAL THIS MO. 307
DPTR FM NORMAL 77 [PRESSURE DATA]
TOTAL FM JAN 1 772 HIGHEST SLP 30.22 ON 6
DPTR FM NORMAL 310 LOWEST SLP 29.55 ON 30
[REMARKS]
#FINAL-04-23#