816
CXUS54 KLZK 011131
CF6SGT
PRELIMINARY LOCAL CLIMATOLOGICAL DATA (WS FORM: F-6)
STATION: Stuttgart Airport
MONTH: AUGUST
YEAR: 2020
LATITUDE: 34 35 N
LONGITUDE: 91 34 W
TEMPERATURE IN F: :PCPN: SNOW: WIND :SUNSHINE: SKY :PK WND
================================================================================
1 2 3 4 5 6A 6B 7 8 9 10 11 12 13 14 15 16 17 18
12Z AVG MX 2MIN
DY MAX MIN AVG DEP HDD CDD WTR SNW DPTH SPD SPD DIR MIN PSBL S-S WX SPD DR
================================================================================
1 85 71 78 -4 0 13 0.01 M M 7.6 13 280 M M 6 1 M M
2 91 68 80 -1 0 15 T M M 5.2 9 200 M M 1 M M
3 89 68 79 -2 0 14 0.00 M M 4.9 15 330 M M 2 M M
4 85 68 77 -4 0 12 T M M 7.4 10 360 M M 4 M M
5 86 64 75 -6 0 10 0.00 M M 5.9 8 40 M M 2 M M
6 87 64 76 -5 0 11 0.00 M M 5.2 8 90 M M 0 M M
7 89 67 78 -3 0 13 T M M 3.2 8 110 M M 1 M M
8 94 68 81 0 0 16 0.00 M M 4.2 8 140 M M 0 M M
9 96 74 85 4 0 20 0.00 M M 7.0 12 200 M M 0 17 250
10 96 75 86 5 0 21 0.00 M M 7.6 14 210 M M 0 M M
11 97 72 85 4 0 20 0.09 M M 7.3 23 360 M M 2 3 38 10
12 88 72 80 -1 0 15 0.27 M M 5.5 9 150 M M 6 1 M M
13 92 73 83 2 0 18 0.00 M M 3.0 7 350 M M 3 M M
14 M M M M M M 0.06 M M M M M M M 0 1238 M M
15 M M M M M M 0.00 M M M M M M M 0 M M
16 M M M M M M 0.00 M M M M M M M 0 M M
17 M M M M M M T M M 3.4 7 220 M M 0 M M
18 89 68 79 -2 0 14 T M M 6.4 12 350 M M 2 M M
19 86 66 76 -5 0 11 0.00 M M 9.0 16 50 M M 1 18 40
20 87 66 77 -4 0 12 0.00 M M 7.7 14 50 M M 3 M M
21 89 67 78 -3 0 13 0.00 M M 5.3 15 90 M M 2 3 24 90
22 90 64 77 -3 0 12 0.00 M M 4.3 8 70 M M 0 1 M M
23 93 67 80 0 0 15 0.00 M M 3.0 9 80 M M 0 1 M M
24 93 68 81 1 0 16 0.00 M M 5.2 9 60 M M 0 M M
25 94 71 83 3 0 18 T M M 8.5 15 110 M M 3 21 60
26 95 74 85 5 0 20 0.32 M M 7.6 12 150 M M 5 13 M M
27 78 71 75 -5 0 10 3.25 M M 15.6 29 170 M M 6 13 44 70
28 93 72 83 4 0 18 0.33 M M 15.1 27 210 M M 4 1 36 210
29 M M M M M M 0.05 M M 7.5 15 230 M M 3 13 M M
30 89 74 82 3 0 17 0.06 M M 3.8 8 120 M M 3 3 M M
31 84 72 78 -1 0 13 0.22 M M 5.8 13 260 M M 4 3 M M
================================================================================
SM 2335 1804 0 387 4.66 M 182.2 M 63
================================================================================
AV 89.8 69.4 6.5 FASTST M M 2 MAX(MPH)
MISC ----> # 29 170 # 44 70
================================================================================
NOTES:
# LAST OF SEVERAL OCCURRENCES
COLUMN 17 PEAK WIND IN M.P.H.
PRELIMINARY LOCAL CLIMATOLOGICAL DATA (WS FORM: F-6) , PAGE 2
STATION: Stuttgart Airport
MONTH: AUGUST
YEAR: 2020
LATITUDE: 34 35 N
LONGITUDE: 91 34 W
[TEMPERATURE DATA] [PRECIPITATION DATA] SYMBOLS USED IN COLUMN 16
AVERAGE MONTHLY: 79.6 TOTAL FOR MONTH: 4.66 1 = FOG OR MIST
DPTR FM NORMAL: -1.0 DPTR FM NORMAL: 2.47 2 = FOG REDUCING VISIBILITY
HIGHEST: 97 ON 11 GRTST 24HR 3.25 ON 27-27 TO 1/4 MILE OR LESS
LOWEST: 64 ON 22, 6 3 = THUNDER
SNOW, ICE PELLETS, HAIL 4 = ICE PELLETS
TOTAL MONTH: M 5 = HAIL
GRTST 24HR M ON M 6 = FREEZING RAIN OR DRIZZLE
GRTST DEPTH: M ON M 7 = DUSTSTORM OR SANDSTORM:
VSBY 1/2 MILE OR LESS
8 = SMOKE OR HAZE
[NO. OF DAYS WITH] [WEATHER - DAYS WITH] 9 = BLOWING SNOW
X = TORNADO
MAX 32 OR BELOW: 0 0.01 INCH OR MORE: 10
MAX 90 OR ABOVE: 12 0.10 INCH OR MORE: 5
MIN 32 OR BELOW: 0 0.50 INCH OR MORE: 1
MIN 0 OR BELOW: 0 1.00 INCH OR MORE: 1
[HDD (BASE 65) ]
TOTAL THIS MO. 0 CLEAR (SCALE 0-3) 23
DPTR FM NORMAL 0 PTCLDY (SCALE 4-7) 8
TOTAL FM JUL 1 0 CLOUDY (SCALE 8-10) 0
DPTR FM NORMAL 0
[CDD (BASE 65) ]
TOTAL THIS MO. 387
DPTR FM NORMAL -94 [PRESSURE DATA]
TOTAL FM JAN 1 1613 HIGHEST SLP 30.17 ON 8
DPTR FM NORMAL -66 LOWEST SLP 29.52 ON 27
[REMARKS]
#FINAL-08-20#