000
CXUS55 KBYZ 011000
CF6SHR
PRELIMINARY LOCAL CLIMATOLOGICAL DATA (WS FORM: F-6)
STATION: SHERIDAN WY
MONTH: JUNE
YEAR: 2022
LATITUDE: 44 46 N
LONGITUDE: 106 58 W
TEMPERATURE IN F: :PCPN: SNOW: WIND :SUNSHINE: SKY :PK WND
================================================================================
1 2 3 4 5 6A 6B 7 8 9 10 11 12 13 14 15 16 17 18
12Z AVG MX 2MIN
DY MAX MIN AVG DEP HDD CDD WTR SNW DPTH SPD SPD DIR MIN PSBL S-S WX SPD DR
================================================================================
1 66 32 49 -9 16 0 0.00 M M 3.3 10 290 M M 2 13 350
2 67 42 55 -3 10 0 0.00 M M 2.8 9 100 M M 5 11 50
3 76 41 59 1 6 0 T M M 4.3 25 290 M M 4 31 290
4 76 44 60 2 5 0 0.00 M M 4.5 16 350 M M 3 3 18 350
5 75 50 63 4 2 0 0.27 M M 7.0 26 320 M M 5 13 33 310
6 68 46 57 -2 8 0 0.27 M M 6.3 25 330 M M 5 138 34 340
7 68 43 56 -3 9 0 0.11 M M 6.5 31 310 M M 5 13 39 310
8 74 40 57 -3 8 0 0.00 M M 4.5 13 110 M M 1 17 120
9 76 54 65 5 0 0 0.00 M M 4.6 15 310 M M 4 19 300
10 84 50 67 7 0 2 0.00 M M 4.4 15 310 M M 0 17 340
11 82 52 67 7 0 2 T M M 8.9 37 310 M M 1 47 300
12 72 49 61 0 4 0 0.04 M M 5.4 23 290 M M 5 13 28 290
13 76 54 65 4 0 0 T M M 11.1 30 250 M M 6 41 250
14 67 46 57 -4 8 0 T M M 11.7 30 260 M M 4 37 260
15 77 40 59 -3 6 0 0.00 M M 11.5 29 330 M M 1 35 320
16 84 40 62 0 3 0 0.00 M M 10.4 21 140 M M 0 27 140
17 93 49 71 9 0 6 0.00 M M 10.2 30 140 M M 0 8 42 140
18 92 65 79 17 0 14 0.00 M M 6.6 17 230 M M 0 24 230
19 82 56 69 6 0 4 T M M 9.9 29 320 M M 5 37 310
20 66 44 55 -8 10 0 0.50 M M 4.7 30 270 M M 5 3 37 250
21 74 41 58 -5 7 0 0.00 M M 3.2 22 330 M M 1 25 340
22 84 43 64 0 1 0 0.00 M M 2.5 10 50 M M 0 14 50
23 91 47 69 5 0 4 0.00 M M 4.6 21 320 M M 0 30 330
24 75 49 62 -2 3 0 0.29 M M 9.7 33 310 M M 6 1 44 310
25 67 43 55 -10 10 0 T M M 10.6 23 320 M M 5 1 31 310
26 76 39 58 -7 7 0 0.00 M M 5.4 16 110 M M 2 24 120
27 86 44 65 0 0 0 0.00 M M 3.5 10 300 M M 0 14 20
28 94 47 71 5 0 6 T M M 5.6 35 230 M M 0 3 44 240
29 94 53 74 8 0 9 0.00 M M 9.8 32 310 M M 1 40 320
30 81 51 66 0 0 1 0.00 M M 6.6 16 300 M M 0 21 290
================================================================================
SM 2343 1394 123 48 1.48 M 200.1 M 76
================================================================================
AV 78.1 46.5 6.7 FASTST M M 3 MAX(MPH)
MISC ----> 37 310 47 300
================================================================================
NOTES:
# LAST OF SEVERAL OCCURRENCES
COLUMN 17 PEAK WIND IN M.P.H.
PRELIMINARY LOCAL CLIMATOLOGICAL DATA (WS FORM: F-6) , PAGE 2
STATION: SHERIDAN WY
MONTH: JUNE
YEAR: 2022
LATITUDE: 44 46 N
LONGITUDE: 106 58 W
[TEMPERATURE DATA] [PRECIPITATION DATA] SYMBOLS USED IN COLUMN 16
AVERAGE MONTHLY: 62.3 TOTAL FOR MONTH: 1.48 1 = FOG OR MIST
DPTR FM NORMAL: 0.5 DPTR FM NORMAL: -0.50 2 = FOG REDUCING VISIBILITY
HIGHEST: 94 ON 29,28 GRTST 24HR 0.54 ON 5- 6 TO 1/4 MILE OR LESS
LOWEST: 32 ON 1 3 = THUNDER
SNOW, ICE PELLETS, HAIL 4 = ICE PELLETS
TOTAL MONTH: M 5 = HAIL
GRTST 24HR M ON M 6 = FREEZING RAIN OR DRIZZLE
GRTST DEPTH: M ON M 7 = DUSTSTORM OR SANDSTORM:
VSBY 1/2 MILE OR LESS
8 = SMOKE OR HAZE
[NO. OF DAYS WITH] [WEATHER - DAYS WITH] 9 = BLOWING SNOW
X = TORNADO
MAX 32 OR BELOW: 0 0.01 INCH OR MORE: 6
MAX 90 OR ABOVE: 5 0.10 INCH OR MORE: 5
MIN 32 OR BELOW: 1 0.50 INCH OR MORE: 1
MIN 0 OR BELOW: 0 1.00 INCH OR MORE: 0
[HDD (BASE 65) ]
TOTAL THIS MO. 123 CLEAR (SCALE 0-3) 17
DPTR FM NORMAL -15 PTCLDY (SCALE 4-7) 13
TOTAL FM JUL 1 6975 CLOUDY (SCALE 8-10) 0
DPTR FM NORMAL -567
[CDD (BASE 65) ]
TOTAL THIS MO. 48
DPTR FM NORMAL 5 [PRESSURE DATA]
TOTAL FM JAN 1 48 HIGHEST SLP 30.47 ON 26
DPTR FM NORMAL 1 LOWEST SLP 29.50 ON 13
[REMARKS]
#FINAL-06-22#