000
CXUS54 KSHV 011400
CF6SHV
PRELIMINARY LOCAL CLIMATOLOGICAL DATA (WS FORM: F-6)
STATION: SHREVEPORT
MONTH: DECEMBER
YEAR: 2020
LATITUDE: 32 28 N
LONGITUDE: 93 49 W
TEMPERATURE IN F: :PCPN: SNOW: WIND :SUNSHINE: SKY :PK WND
================================================================================
1 2 3 4 5 6A 6B 7 8 9 10 11 12 13 14 15 16 17 18
12Z AVG MX 2MIN
DY MAX MIN AVG DEP HDD CDD WTR SNW DPTH SPD SPD DIR MIN PSBL S-S WX SPD DR
================================================================================
1 63 25 44 -7 21 0 0.00 0.0 0 5.8 15 160 M M 1 21 170
2 51 41 46 -5 19 0 0.69 0.0 0 8.0 21 280 M M 9 18 26 140
3 48 37 43 -7 22 0 0.08 0.0 0 6.2 14 290 M M 9 1 16 300
4 54 35 45 -5 20 0 0.00 0.0 0 4.6 9 300 M M 4 12 11 330
5 64 31 48 -2 17 0 0.00 0.0 0 2.4 8 250 M M 4 1 9 300
6 64 39 52 2 13 0 T 0.0 0 7.4 15 290 M M 4 17 300
7 63 36 50 0 15 0 0.00 0.0 0 6.1 13 330 M M 0 25 330
8 73 34 54 5 11 0 0.00 0.0 0 3.4 15 310 M M 0 19 310
9 77 35 56 7 9 0 0.00 0.0 0 2.3 14 270 M M 0 18 260
10 78 40 59 10 6 0 0.00 0.0 0 6.0 17 240 M M 0 22 240
11 72 52 62 13 3 0 1.03 0.0 0 7.9 21 180 M M 7 12 27 180
12 62 43 53 5 12 0 0.00 0.0 0 7.0 16 330 M M 3 1 20 330
13 48 42 45 -3 20 0 1.22 0.0 0 10.4 23 330 M M 8 138 31 340
14 50 36 43 -5 22 0 0.00 0.0 0 8.0 17 310 M M 5 20 310
15 42 34 38 -10 27 0 0.17 0.0 0 6.1 12 140 M M 9 18 22 50
16 41 38 40 -8 25 0 0.00 0.0 0 8.2 17 310 M M 10 1 21 310
17 56 28 42 -6 23 0 0.00 0.0 0 2.2 8 270 M M 1 1 12 270
18 62 30 46 -1 19 0 0.00 0.0 0 8.0 18 190 M M 5 18 22 160
19 54 49 52 5 13 0 0.70 0.0 0 5.8 16 320 M M 10 12 20 320
20 62 41 52 5 13 0 0.00 0.0 0 4.4 13 260 M M 5 18 17 260
21 71 36 54 7 11 0 0.00 0.0 0 2.9 12 260 M M 0 16 250
22 73 38 56 9 9 0 0.00 0.0 0 5.9 17 170 M M 4 1 22 160
23 74 48 61 14 4 0 T 0.0 0 13.7 31 320 M M 8 41 320
24 49 34 42 -5 23 0 0.00 0.0 0 13.9 26 320 M M 2 34 340
25 54 31 43 -4 22 0 0.00 0.0 0 5.8 15 320 M M 0 20 350
26 68 31 50 3 15 0 0.00 0.0 0 6.9 15 220 M M 0 21 220
27 71 41 56 9 9 0 0.00 0.0 0 10.6 24 200 M M 3 35 200
28 63 51 57 10 8 0 0.03 0.0 0 6.1 14 100 M M 9 18 19 90
29 73 50 62 16 3 0 0.00 0.0 0 9.1 20 160 M M 8 12 24 160
30 73 51 62 16 3 0 1.04 0.0 0 10.3 22 170 M M 10 18 28 30
31 54 45 50 4 15 0 3.75 0.0 0 11.2 22 50 M M 10 13 27 50
================================================================================
SM 1907 1202 452 0 8.71 0.0 216.6 M 148
================================================================================
AV 61.5 38.8 7.0 FASTST M M 5 MAX(MPH)
MISC ----> 31 320 41 320
================================================================================
NOTES:
# LAST OF SEVERAL OCCURRENCES
COLUMN 17 PEAK WIND IN M.P.H.
PRELIMINARY LOCAL CLIMATOLOGICAL DATA (WS FORM: F-6) , PAGE 2
STATION: SHREVEPORT
MONTH: DECEMBER
YEAR: 2020
LATITUDE: 32 28 N
LONGITUDE: 93 49 W
[TEMPERATURE DATA] [PRECIPITATION DATA] SYMBOLS USED IN COLUMN 16
AVERAGE MONTHLY: 50.1 TOTAL FOR MONTH: 8.71 1 = FOG OR MIST
DPTR FM NORMAL: 2.0 DPTR FM NORMAL: 3.94 2 = FOG REDUCING VISIBILITY
HIGHEST: 78 ON 10 GRTST 24HR 4.15 ON 30-31 TO 1/4 MILE OR LESS
LOWEST: 25 ON 1 3 = THUNDER
SNOW, ICE PELLETS, HAIL 4 = ICE PELLETS
TOTAL MONTH: 0.0 INCH 5 = HAIL
GRTST 24HR 0.0 6 = FREEZING RAIN OR DRIZZLE
GRTST DEPTH: 0 7 = DUSTSTORM OR SANDSTORM:
VSBY 1/2 MILE OR LESS
8 = SMOKE OR HAZE
[NO. OF DAYS WITH] [WEATHER - DAYS WITH] 9 = BLOWING SNOW
X = TORNADO
MAX 32 OR BELOW: 0 0.01 INCH OR MORE: 9
MAX 90 OR ABOVE: 0 0.10 INCH OR MORE: 7
MIN 32 OR BELOW: 6 0.50 INCH OR MORE: 6
MIN 0 OR BELOW: 0 1.00 INCH OR MORE: 4
[HDD (BASE 65) ]
TOTAL THIS MO. 452 CLEAR (SCALE 0-3) 11
DPTR FM NORMAL -79 PTCLDY (SCALE 4-7) 11
TOTAL FM JUL 1 688 CLOUDY (SCALE 8-10) 9
DPTR FM NORMAL -214
[CDD (BASE 65) ]
TOTAL THIS MO. 0
DPTR FM NORMAL -7 [PRESSURE DATA]
TOTAL FM JAN 1 2641 HIGHEST SLP 30.36 ON 18
DPTR FM NORMAL 160 LOWEST SLP 29.61 ON 31
[REMARKS]
#FINAL-12-20#