000
CXUS56 KMTR 010900
CF6SJC
PRELIMINARY LOCAL CLIMATOLOGICAL DATA (WS FORM: F-6)
STATION: SAN JOSE AIRPORT
MONTH: JUNE
YEAR: 2021
LATITUDE: 37 21 N
LONGITUDE: 121 55 W
TEMPERATURE IN F: :PCPN: SNOW: WIND :SUNSHINE: SKY :PK WND
================================================================================
1 2 3 4 5 6A 6B 7 8 9 10 11 12 13 14 15 16 17 18
12Z AVG MX 2MIN
DY MAX MIN AVG DEP HDD CDD WTR SNW DPTH SPD SPD DIR MIN PSBL S-S WX SPD DR
================================================================================
1 79 56 68 3 0 3 0.00 M M 7.1 16 320 M M 3 21 310
2 74 56 65 -1 0 0 0.00 M M 6.5 16 310 M M 5 20 330
3 81 53 67 1 0 2 0.00 M M 5.0 15 310 M M 1 18 310
4 75 56 66 0 0 1 0.00 M M 6.7 16 310 M M 3 20 320
5 81 52 67 1 0 2 0.00 M M 7.2 18 310 M M 4 22 310
6 78 53 66 0 0 1 0.00 M M 11.2 20 340 M M 1 24 360
7 70 52 61 -5 4 0 0.00 M M 9.7 24 340 M M 2 30 350
8 68 51 60 -6 5 0 0.00 M M 9.4 23 340 M M 3 28 340
9 68 50 59 -7 6 0 0.00 M M 9.7 24 340 M M 2 33 330
10 71 49 60 -7 5 0 0.00 M M 9.5 24 340 M M 2 30 330
11 74 50 62 -5 3 0 0.00 M M 8.1 21 340 M M 2 26 330
12 80 60 70 3 0 5 0.00 M M 9.3 23 350 M M 4 29 340
13 78 62 70 3 0 5 0.00 M M 9.4 22 350 M M 4 28 330
14 75 60 68 1 0 3 0.00 M M 9.4 22 350 M M 4 27 350
15 78 55 67 0 0 2 0.00 M M 9.3 21 340 M M 1 25 340
16 89 57 73 5 0 8 0.00 M M 5.3 22 310 M M 5 24 320
17 95 62 79 11 0 14 0.00 M M 5.6 18 330 M M 2 21 330
18 93 62 78 10 0 13 0.00 M M 6.4 16 310 M M 1 19 300
19 84 60 72 4 0 7 0.00 M M 7.4 16 320 M M 2 22 330
20 79 56 68 0 0 3 0.00 M M 6.4 14 310 M M 2 M M
21 78 57 68 0 0 3 0.00 M M 8.0 15 330 M M 2 M M
22 78 60 69 1 0 4 0.00 M M 8.3 15 330 M M 5 21 190
23 78 61 70 2 0 5 0.00 M M 9.3 20 330 M M 4 27 340
24 77 59 68 0 0 3 0.00 M M 8.3 23 330 M M 5 28 330
25 75 59 67 -1 0 2 0.00 M M 7.1 17 320 M M 5 21 330
26 77 59 68 -1 0 3 0.00 M M 7.9 15 330 M M 5 18 330
27 75 59 67 -2 0 2 0.00 M M 7.5 17 330 M M 5 20 330
28 76 59 68 -1 0 3 0.00 M M 8.7 18 310 M M 4 22 330
29 77 58 68 -1 0 3 0.00 M M 7.6 15 330 M M 2 20 330
30 75 59 67 -2 0 2 0.00 M M 7.7 18 330 M M 2 25 330
================================================================================
SM 2336 1702 23 99 0.00 M 239.0 M 92
================================================================================
AV 77.9 56.7 8.0 FASTST M M 3 MAX(MPH)
MISC ----> # 24 340 33 330
================================================================================
NOTES:
# LAST OF SEVERAL OCCURRENCES
COLUMN 17 PEAK WIND IN M.P.H.
PRELIMINARY LOCAL CLIMATOLOGICAL DATA (WS FORM: F-6) , PAGE 2
STATION: SAN JOSE AIRPORT
MONTH: JUNE
YEAR: 2021
LATITUDE: 37 21 N
LONGITUDE: 121 55 W
[TEMPERATURE DATA] [PRECIPITATION DATA] SYMBOLS USED IN COLUMN 16
AVERAGE MONTHLY: 67.3 TOTAL FOR MONTH: 0.00 1 = FOG OR MIST
DPTR FM NORMAL: 0.0 DPTR FM NORMAL: -0.18 2 = FOG REDUCING VISIBILITY
HIGHEST: 95 ON 17 GRTST 24HR 0.00 ON 1- 1 TO 1/4 MILE OR LESS
LOWEST: 49 ON 10 3 = THUNDER
SNOW, ICE PELLETS, HAIL 4 = ICE PELLETS
TOTAL MONTH: M 5 = HAIL
GRTST 24HR M ON M 6 = FREEZING RAIN OR DRIZZLE
GRTST DEPTH: M ON M 7 = DUSTSTORM OR SANDSTORM:
VSBY 1/2 MILE OR LESS
8 = SMOKE OR HAZE
[NO. OF DAYS WITH] [WEATHER - DAYS WITH] 9 = BLOWING SNOW
X = TORNADO
MAX 32 OR BELOW: 0 0.01 INCH OR MORE: 0
MAX 90 OR ABOVE: 2 0.10 INCH OR MORE: 0
MIN 32 OR BELOW: 0 0.50 INCH OR MORE: 0
MIN 0 OR BELOW: 0 1.00 INCH OR MORE: 0
[HDD (BASE 65) ]
TOTAL THIS MO. 23 CLEAR (SCALE 0-3) 17
DPTR FM NORMAL -1 PTCLDY (SCALE 4-7) 13
TOTAL FM JUL 1 2087 CLOUDY (SCALE 8-10) 0
DPTR FM NORMAL -96
[CDD (BASE 65) ]
TOTAL THIS MO. 99
DPTR FM NORMAL 6 [PRESSURE DATA]
TOTAL FM JAN 1 132 HIGHEST SLP M ON M
DPTR FM NORMAL -12 LOWEST SLP 29.66 ON 18
[REMARKS]
#FINAL-06-21#