000
CXUS56 KMTR 011814
CF6SJC
PRELIMINARY LOCAL CLIMATOLOGICAL DATA (WS FORM: F-6)
STATION: SAN JOSE AIRPORT
MONTH: JUNE
YEAR: 2020
LATITUDE: 37 21 N
LONGITUDE: 121 55 W
TEMPERATURE IN F: :PCPN: SNOW: WIND :SUNSHINE: SKY :PK WND
================================================================================
1 2 3 4 5 6A 6B 7 8 9 10 11 12 13 14 15 16 17 18
12Z AVG MX 2MIN
DY MAX MIN AVG DEP HDD CDD WTR SNW DPTH SPD SPD DIR MIN PSBL S-S WX SPD DR
================================================================================
1 79 60 70 4 0 5 0.00 M M 7.0 18 330 M M 7 22 350
2 92 60 76 10 0 11 0.00 M M 6.7 21 330 M M 4 26 10
3 97 64 81 15 0 16 0.00 M M 6.9 20 330 M M 1 24 330
4 92 61 77 11 0 12 0.00 M M 7.2 20 160 M M 1 23 150
5 73 57 65 -1 0 0 T M M 12.6 23 330 M M 3 28 330
6 74 56 65 -1 0 0 T M M 10.2 24 330 M M 3 29 330
7 70 54 62 -4 3 0 0.00 M M 14.2 24 320 M M 2 31 340
8 80 52 66 -1 0 1 0.00 M M 9.1 23 330 M M 2 27 320
9 90 54 72 5 0 7 0.00 M M 7.3 23 330 M M 1 28 330
10 88 59 74 7 0 9 0.00 M M 7.4 18 330 M M 4 22 330
11 86 58 72 5 0 7 0.00 M M 8.0 22 340 M M 6 28 340
12 72 57 65 -2 0 0 T M M 10.8 21 320 M M 5 26 310
13 73 55 64 -3 1 0 0.00 M M 9.6 18 350 M M 3 24 350
14 78 59 69 2 0 4 T M M 8.1 23 340 M M 7 30 360
15 78 59 69 1 0 4 0.00 M M 8.9 22 340 M M 5 29 20
16 75 57 66 -2 0 1 0.00 M M 10.1 21 340 M M 1 26 20
17 87 55 71 3 0 6 0.00 M M 7.3 20 330 M M 0 25 310
18 93 59 76 8 0 11 0.00 M M 6.9 21 330 M M 3 25 330
19 84 58 71 3 0 6 0.00 M M 8.0 16 300 M M 3 19 310
20 80 56 68 0 0 3 0.00 M M 7.5 20 320 M M 3 23 310
21 82 58 70 2 0 5 0.00 M M 8.1 21 340 M M 4 26 330
22 87 57 72 4 0 7 0.00 M M 7.9 17 310 M M 1 21 300
23 86 58 72 4 0 7 0.00 M M 8.5 17 310 M M 1 21 330
24 85 59 72 3 0 7 0.00 M M 7.4 15 310 M M 2 19 320
25 84 58 71 2 0 6 0.00 M M 8.7 17 150 M M 1 24 160
26 83 59 71 2 0 6 0.00 M M 8.2 15 320 M M 1 20 350
27 86 60 73 4 0 8 T M M 7.4 20 310 M M 3 23 310
28 79 57 68 -1 0 3 0.00 M M 11.2 20 340 M M 3 25 330
29 83 55 69 0 0 4 T M M 9.7 22 330 M M 0 26 340
30 89 58 74 5 0 9 0.00 M M 8.5 22 330 M M 0 27 320
================================================================================
SM 2485 1729 4 165 T M 259.4 M 80
================================================================================
AV 82.8 57.6 8.6 FASTST M M 3 MAX(MPH)
MISC ----> # 24 330 31 340
================================================================================
NOTES:
# LAST OF SEVERAL OCCURRENCES
COLUMN 17 PEAK WIND IN M.P.H.
PRELIMINARY LOCAL CLIMATOLOGICAL DATA (WS FORM: F-6) , PAGE 2
STATION: SAN JOSE AIRPORT
MONTH: JUNE
YEAR: 2020
LATITUDE: 37 21 N
LONGITUDE: 121 55 W
[TEMPERATURE DATA] [PRECIPITATION DATA] SYMBOLS USED IN COLUMN 16
AVERAGE MONTHLY: 70.2 TOTAL FOR MONTH: T 1 = FOG OR MIST
DPTR FM NORMAL: 2.7 DPTR FM NORMAL: -0.09 2 = FOG REDUCING VISIBILITY
HIGHEST: 97 ON 3 GRTST 24HR T ON 5- 5 TO 1/4 MILE OR LESS
LOWEST: 52 ON 8 3 = THUNDER
SNOW, ICE PELLETS, HAIL 4 = ICE PELLETS
TOTAL MONTH: M 5 = HAIL
GRTST 24HR M ON M 6 = FREEZING RAIN OR DRIZZLE
GRTST DEPTH: M ON M 7 = DUSTSTORM OR SANDSTORM:
VSBY 1/2 MILE OR LESS
8 = SMOKE OR HAZE
[NO. OF DAYS WITH] [WEATHER - DAYS WITH] 9 = BLOWING SNOW
X = TORNADO
MAX 32 OR BELOW: 0 0.01 INCH OR MORE: 0
MAX 90 OR ABOVE: 5 0.10 INCH OR MORE: 0
MIN 32 OR BELOW: 0 0.50 INCH OR MORE: 0
MIN 0 OR BELOW: 0 1.00 INCH OR MORE: 0
[HDD (BASE 65) ]
TOTAL THIS MO. 4 CLEAR (SCALE 0-3) 19
DPTR FM NORMAL -20 PTCLDY (SCALE 4-7) 11
TOTAL FM JUL 1 1905 CLOUDY (SCALE 8-10) 0
DPTR FM NORMAL -354
[CDD (BASE 65) ]
TOTAL THIS MO. 165
DPTR FM NORMAL 64 [PRESSURE DATA]
TOTAL FM JAN 1 263 HIGHEST SLP 30.19 ON 8
DPTR FM NORMAL 99 LOWEST SLP 29.68 ON 4
[REMARKS]
#FINAL-06-20#