000
CXUS54 KSJT 011000
CF6SJT
PRELIMINARY LOCAL CLIMATOLOGICAL DATA (WS FORM: F-6)
STATION: SAN ANGELO
MONTH: JUNE
YEAR: 2021
LATITUDE: 31 21 N
LONGITUDE: 100 30 W
TEMPERATURE IN F: :PCPN: SNOW: WIND :SUNSHINE: SKY :PK WND
================================================================================
1 2 3 4 5 6A 6B 7 8 9 10 11 12 13 14 15 16 17 18
12Z AVG MX 2MIN
DY MAX MIN AVG DEP HDD CDD WTR SNW DPTH SPD SPD DIR MIN PSBL S-S WX SPD DR
================================================================================
1 84 57 71 -9 0 6 0.00 0.0 0 5.3 13 50 M M 4 17 80
2 90 63 77 -3 0 12 0.13 0.0 0 6.0 36 320 M M 3 3 48 320
3 81 61 71 -9 0 6 1.70 0.0 0 9.4 25 290 M M 7 13 32 290
4 78 59 69 -12 0 4 T 0.0 0 4.3 17 100 M M 4 3 24 100
5 88 60 74 -7 0 9 0.00 0.0 0 4.9 13 90 M M 3 12 19 170
6 92 70 81 0 0 16 0.02 0.0 0 11.3 22 170 M M 1 3 33 150
7 98 73 86 5 0 21 0.00 0.0 0 6.3 17 180 M M 2 1 24 140
8 96 70 83 2 0 18 0.00 0.0 0 9.8 23 60 M M 2 32 70
9 95 76 86 4 0 21 0.00 0.0 0 9.8 16 190 M M 3 21 170
10 99 76 88 6 0 23 T 0.0 0 11.0 17 180 M M 2 30 160
11 102 76 89 7 0 24 0.00 0.0 0 12.7 21 170 M M 0 31 180
12 102 71 87 5 0 22 0.00 0.0 0 7.9 18 180 M M 0 28 180
13 100 71 86 4 0 21 0.00 0.0 0 6.0 13 150 M M 0 20 180
14 91 70 81 -1 0 16 T 0.0 0 7.0 29 360 M M 1 3 36 360
15 98 65 82 0 0 17 0.00 0.0 0 6.0 17 20 M M 1 3 24 30
16 99 64 82 0 0 17 0.00 0.0 0 5.7 17 120 M M 0 25 130
17 98 64 81 -2 0 16 0.00 0.0 0 5.5 14 140 M M 1 21 110
18 98 69 84 1 0 19 0.00 0.0 0 7.9 16 130 M M 1 26 160
19 98 70 84 1 0 19 0.00 0.0 0 9.2 17 190 M M 1 24 200
20 103 74 89 6 0 24 0.00 0.0 0 12.5 20 180 M M 0 29 190
21 99 71 85 2 0 20 0.00 0.0 0 11.7 35 20 M M 3 44 30
22 94 68 81 -2 0 16 0.00 0.0 0 8.4 20 180 M M 6 31 190
23 98 71 85 2 0 20 0.00 0.0 0 11.8 20 200 M M 1 32 200
24 96 76 86 3 0 21 0.00 0.0 0 13.1 23 150 M M 1 33 200
25 98 77 88 5 0 23 0.00 0.0 0 15.2 22 150 M M 3 33 180
26 101 77 89 6 0 24 0.00 0.0 0 14.0 24 180 M M 2 34 170
27 92 73 83 0 0 18 0.01 0.0 0 8.2 22 20 M M 4 3 30 10
28 90 70 80 -4 0 15 2.58 0.0 0 8.6 22 360 M M 6 138 27 360
29 90 69 80 -4 0 15 0.44 0.0 0 5.0 15 190 M M 3 1 23 180
30 91 71 81 -3 0 16 T M M 6.3 14 80 M M 4 19 110
================================================================================
SM 2839 2082 0 519 4.88 0.0 260.8 M 69
================================================================================
AV 94.6 69.4 8.7 FASTST M M 2 MAX(MPH)
MISC ----> 36 320 48 320
================================================================================
NOTES:
# LAST OF SEVERAL OCCURRENCES
COLUMN 17 PEAK WIND IN M.P.H.
PRELIMINARY LOCAL CLIMATOLOGICAL DATA (WS FORM: F-6) , PAGE 2
STATION: SAN ANGELO
MONTH: JUNE
YEAR: 2021
LATITUDE: 31 21 N
LONGITUDE: 100 30 W
[TEMPERATURE DATA] [PRECIPITATION DATA] SYMBOLS USED IN COLUMN 16
AVERAGE MONTHLY: 82.0 TOTAL FOR MONTH: 4.88 1 = FOG OR MIST
DPTR FM NORMAL: -0.2 DPTR FM NORMAL: 2.57 2 = FOG REDUCING VISIBILITY
HIGHEST: 103 ON 20 GRTST 24HR 2.78 ON 28-29 TO 1/4 MILE OR LESS
LOWEST: 57 ON 1 3 = THUNDER
SNOW, ICE PELLETS, HAIL 4 = ICE PELLETS
TOTAL MONTH: 0.0 INCH 5 = HAIL
GRTST 24HR 0.0 6 = FREEZING RAIN OR DRIZZLE
GRTST DEPTH: 0 7 = DUSTSTORM OR SANDSTORM:
VSBY 1/2 MILE OR LESS
8 = SMOKE OR HAZE
[NO. OF DAYS WITH] [WEATHER - DAYS WITH] 9 = BLOWING SNOW
X = TORNADO
MAX 32 OR BELOW: 0 0.01 INCH OR MORE: 6
MAX 90 OR ABOVE: 26 0.10 INCH OR MORE: 4
MIN 32 OR BELOW: 0 0.50 INCH OR MORE: 2
MIN 0 OR BELOW: 0 1.00 INCH OR MORE: 2
[HDD (BASE 65) ]
TOTAL THIS MO. 0 CLEAR (SCALE 0-3) 20
DPTR FM NORMAL 0 PTCLDY (SCALE 4-7) 10
TOTAL FM JUL 1 2366 CLOUDY (SCALE 8-10) 0
DPTR FM NORMAL 235
[CDD (BASE 65) ]
TOTAL THIS MO. 519
DPTR FM NORMAL 3 [PRESSURE DATA]
TOTAL FM JAN 1 922 HIGHEST SLP 30.14 ON 1
DPTR FM NORMAL -124 LOWEST SLP 29.59 ON 20
[REMARKS]
#FINAL-06-21#