000
CXUS56 KPQR 011301
CF6SLE
PRELIMINARY LOCAL CLIMATOLOGICAL DATA (WS FORM: F-6)
STATION: SALEM OR
MONTH: NOVEMBER
YEAR: 2023
LATITUDE: 44 55 N
LONGITUDE: 123 0 W
TEMPERATURE IN F: :PCPN: SNOW: WIND :SUNSHINE: SKY :PK WND
================================================================================
1 2 3 4 5 6A 6B 7 8 9 10 11 12 13 14 15 16 17 18
12Z AVG MX 2MIN
DY MAX MIN AVG DEP HDD CDD WTR SNW DPTH SPD SPD DIR MIN PSBL S-S WX SPD DR
================================================================================
1 53 42 48 -2 17 0 0.53 M M 2.0 9 150 M M 9 18 12 140
2 66 53 60 11 5 0 0.10 M M 7.7 21 180 M M 9 18 28 180
3 62 52 57 8 8 0 0.34 M M 4.0 18 170 M M 10 1 25 170
4 63 49 56 7 9 0 1.34 M M 10.2 24 190 M M 8 138 36 190
5 62 48 55 6 10 0 0.58 M M 6.9 16 140 M M 7 18 20 140
6 55 51 53 5 12 0 0.51 M M 14.7 25 180 M M 9 18 35 180
7 57 42 50 2 15 0 0.15 M M 7.5 18 190 M M 8 23 200
8 49 35 42 -6 23 0 0.00 M M 2.0 9 310 M M 6 12 11 10
9 50 42 46 -2 19 0 0.11 M M 5.8 13 200 M M 9 1 17 170
10 52 46 49 1 16 0 T M M 9.7 17 180 M M 9 25 170
11 55 46 51 4 14 0 0.23 M M 12.8 28 180 M M 7 1 38 180
12 58 46 52 5 13 0 0.32 M M 6.2 17 170 M M 7 1 22 150
13 55 43 49 2 16 0 0.03 M M 5.3 14 20 M M 5 1 17 20
14 51 36 44 -3 21 0 T M M 2.3 13 360 M M 3 1 16 20
15 55 46 51 5 14 0 0.03 M M 3.1 10 10 M M 9 18 14 40
16 48 41 45 -1 20 0 0.00 M M 4.4 10 30 M M 9 1 14 30
17 55 37 46 0 19 0 0.00 M M 1.3 8 350 M M 3 12 10 10
18 50 37 44 -2 21 0 0.31 M M 2.3 17 270 M M 7 1 24 270
19 53 34 44 -2 21 0 0.02 M M 6.0 17 270 M M 7 1 22 270
20 43 33 38 -7 27 0 T M M 2.7 8 150 M M 7 12 10 360
21 52 33 43 -2 22 0 0.04 M M 4.8 12 130 M M 3 1 13 130
22 51 38 45 0 20 0 0.30 M M 5.5 14 170 M M 9 1 18 180
23 48 34 41 -4 24 0 0.00 M M 6.4 14 360 M M 6 17 360
24 51 29 40 -4 25 0 0.00 M M 5.2 14 360 M M 0 1 18 350
25 50 24 37 -7 28 0 0.00 M M 2.8 12 350 M M 0 14 350
26 51 25 38 -6 27 0 0.00 M 0 1.8 8 20 M M 0 10 20
27 48 24 36 -8 29 0 0.00 M M 1.8 9 360 M M 0 1 12 350
28 44 23 34 -10 31 0 0.00 M M 1.4 7 350 M M 0 1 8 350
29 41 24 33 -10 32 0 0.00 M M 0.8 8 250 M M 9 1 9 250
30 44 34 39 -4 26 0 0.28 M M 3.6 15 180 M M 9 1 19 180
================================================================================
SM 1572 1147 584 0 5.22 M 151.0 M 184
================================================================================
AV 52.4 38.2 5.0 FASTST M M 6 MAX(MPH)
MISC ----> 28 180 38 180
================================================================================
NOTES:
# LAST OF SEVERAL OCCURRENCES
COLUMN 17 PEAK WIND IN M.P.H.
PRELIMINARY LOCAL CLIMATOLOGICAL DATA (WS FORM: F-6) , PAGE 2
STATION: SALEM OR
MONTH: NOVEMBER
YEAR: 2023
LATITUDE: 44 55 N
LONGITUDE: 123 0 W
[TEMPERATURE DATA] [PRECIPITATION DATA] SYMBOLS USED IN COLUMN 16
AVERAGE MONTHLY: 45.3 TOTAL FOR MONTH: 5.22 1 = FOG OR MIST
DPTR FM NORMAL: -1.0 DPTR FM NORMAL: -0.73 2 = FOG REDUCING VISIBILITY
HIGHEST: 66 ON 2 GRTST 24HR 1.68 ON 3- 4 TO 1/4 MILE OR LESS
LOWEST: 23 ON 28 3 = THUNDER
SNOW, ICE PELLETS, HAIL 4 = ICE PELLETS
TOTAL MONTH: M 5 = HAIL
GRTST 24HR M ON M 6 = FREEZING RAIN OR DRIZZLE
GRTST DEPTH: 0 7 = DUSTSTORM OR SANDSTORM:
VSBY 1/2 MILE OR LESS
8 = SMOKE OR HAZE
[NO. OF DAYS WITH] [WEATHER - DAYS WITH] 9 = BLOWING SNOW
X = TORNADO
MAX 32 OR BELOW: 0 0.01 INCH OR MORE: 17
MAX 90 OR ABOVE: 0 0.10 INCH OR MORE: 13
MIN 32 OR BELOW: 6 0.50 INCH OR MORE: 4
MIN 0 OR BELOW: 0 1.00 INCH OR MORE: 1
[HDD (BASE 65) ]
TOTAL THIS MO. 584 CLEAR (SCALE 0-3) 8
DPTR FM NORMAL 23 PTCLDY (SCALE 4-7) 11
TOTAL FM JUL 1 960 CLOUDY (SCALE 8-10) 11
DPTR FM NORMAL -48
[CDD (BASE 65) ]
TOTAL THIS MO. 0
DPTR FM NORMAL 0 [PRESSURE DATA]
TOTAL FM JAN 1 636 HIGHEST SLP 30.55 ON 19
DPTR FM NORMAL 235 LOWEST SLP 29.54 ON 6
[REMARKS]
#FINAL-11-23#