000
CXUS53 KICT 230510
CF6SLN
PRELIMINARY LOCAL CLIMATOLOGICAL DATA (WS FORM: F-6)
STATION: SALINA KS
MONTH: JANUARY
YEAR: 2023
LATITUDE: 38 47 N
LONGITUDE: 97 39 W
TEMPERATURE IN F: :PCPN: SNOW: WIND :SUNSHINE: SKY :PK WND
================================================================================
1 2 3 4 5 6A 6B 7 8 9 10 11 12 13 14 15 16 17 18
12Z AVG MX 2MIN
DY MAX MIN AVG DEP HDD CDD WTR SNW DPTH SPD SPD DIR MIN PSBL S-S WX SPD DR
================================================================================
1 54 26 40 10 25 0 0.00 M M 6.7 15 60 M M 0 1 24 60
2 43 35 39 9 26 0 0.34 M M 8.0 17 320 M M 8 123 23 80
3 39 32 36 6 29 0 0.01 M M 15.3 29 290 M M 10 1 36 280
4 45 27 36 6 29 0 0.00 M M 10.8 16 290 M M 1 27 260
5 48 25 37 7 28 0 0.00 M M 11.1 21 300 M M 0 26 300
6 50 24 37 7 28 0 0.00 M M 8.3 22 130 M M 0 29 110
7 41 24 33 3 32 0 0.00 M M 7.5 16 360 M M 5 19 10
8 54 21 38 8 27 0 0.00 M M 5.0 12 160 M M 0 1 13 230
9 58 30 44 14 21 0 0.00 M M 6.2 13 290 M M 0 16 170
10 59 26 43 13 22 0 0.00 M M 4.3 15 130 M M 0 18 140
11 46 28 37 7 28 0 0.07 M M 10.2 33 360 M M 2 1 43 360
12 40 24 32 2 33 0 0.01 M M 15.4 32 340 M M 6 18 42 350
13 30 19 25 -5 40 0 0.00 M M 5.2 10 170 M M 4 1 13 160
14 53 26 40 10 25 0 0.00 M M 13.1 23 170 M M 0 32 160
15 60 39 50 20 15 0 0.00 M M 16.7 29 170 M M 1 41 160
16 61 34 48 17 17 0 0.00 M M 14.2 31 230 M M 0 40 220
17 38 26 32 1 33 0 0.00 M M 5.1 12 60 M M 4 12 16 40
18 39 32 36 5 29 0 0.54 M M 11.5 28 90 M M 10 1 39 90
19 41 25 33 2 32 0 0.00 M M 15.7 29 310 M M 5 36 300
20 45 20 33 2 32 0 0.00 M M 2.7 9 320 M M 0 11 320
21 33 28 31 0 34 0 0.24 M M 6.8 12 330 M M 10 12 15 340
22 33 13 23 -8 42 0 0.00 M M 6.0 14 310 M M 4 12 15 310
23 36 9 23 -8 42 0 0.00 M M 4.3 12 210 M M 0 1 14 210
24 35 16 26 -5 39 0 0.00 M M 4.5 15 320 M M 7 18 18 330
25 34 19 27 -4 38 0 0.00 M M 12.2 30 330 M M 4 35 330
26 36 21 29 -2 36 0 0.00 M M 5.0 17 220 M M 7 24 220
27 52 32 42 11 23 0 0.00 M M 10.0 21 240 M M 2 28 240
28 47 16 32 1 33 0 0.00 M M 14.8 28 350 M M 4 34 20
29 16 9 13 -19 52 0 0.00 M M 18.3 25 360 M M 10 33 10
30 21 11 16 -16 49 0 T M M 11.9 20 10 M M 8 26 10
31 29 7 18 -14 47 0 0.00 M M 4.5 10 200 M M 2 15 320
================================================================================
SM 1316 724 986 0 1.21 M 291.3 M 114
================================================================================
AV 42.5 23.4 9.4 FASTST M M 4 MAX(MPH)
MISC ----> 33 360 43 360
================================================================================
NOTES:
# LAST OF SEVERAL OCCURRENCES
COLUMN 17 PEAK WIND IN M.P.H.
PRELIMINARY LOCAL CLIMATOLOGICAL DATA (WS FORM: F-6) , PAGE 2
STATION: SALINA KS
MONTH: JANUARY
YEAR: 2023
LATITUDE: 38 47 N
LONGITUDE: 97 39 W
[TEMPERATURE DATA] [PRECIPITATION DATA] SYMBOLS USED IN COLUMN 16
AVERAGE MONTHLY: 32.9 TOTAL FOR MONTH: 1.21 1 = FOG OR MIST
DPTR FM NORMAL: 2.1 DPTR FM NORMAL: 0.50 2 = FOG REDUCING VISIBILITY
HIGHEST: 61 ON 16 GRTST 24HR 0.54 ON 18-18 TO 1/4 MILE OR LESS
LOWEST: 7 ON 31 3 = THUNDER
SNOW, ICE PELLETS, HAIL 4 = ICE PELLETS
TOTAL MONTH: M 5 = HAIL
GRTST 24HR M ON M 6 = FREEZING RAIN OR DRIZZLE
GRTST DEPTH: M ON M 7 = DUSTSTORM OR SANDSTORM:
VSBY 1/2 MILE OR LESS
8 = SMOKE OR HAZE
[NO. OF DAYS WITH] [WEATHER - DAYS WITH] 9 = BLOWING SNOW
X = TORNADO
MAX 32 OR BELOW: 4 0.01 INCH OR MORE: 6
MAX 90 OR ABOVE: 0 0.10 INCH OR MORE: 3
MIN 32 OR BELOW: 28 0.50 INCH OR MORE: 1
MIN 0 OR BELOW: 0 1.00 INCH OR MORE: 0
[HDD (BASE 65) ]
TOTAL THIS MO. 986 CLEAR (SCALE 0-3) 15
DPTR FM NORMAL -76 PTCLDY (SCALE 4-7) 12
TOTAL FM JUL 1 2971 CLOUDY (SCALE 8-10) 4
DPTR FM NORMAL -62
[CDD (BASE 65) ]
TOTAL THIS MO. 0
DPTR FM NORMAL 0 [PRESSURE DATA]
TOTAL FM JAN 1 0 HIGHEST SLP 30.59 ON 30
DPTR FM NORMAL 0 LOWEST SLP 29.28 ON 16
[REMARKS]
#FINAL-01-23#