000
CXUS54 KMAF 011110
CF6SNK
PRELIMINARY LOCAL CLIMATOLOGICAL DATA (WS FORM: F-6)
STATION: SNYDER WINSTON FIELD
MONTH: AUGUST
YEAR: 2022
LATITUDE: 32 41 N
LONGITUDE: 100 57 W
TEMPERATURE IN F: :PCPN: SNOW: WIND :SUNSHINE: SKY :PK WND
================================================================================
1 2 3 4 5 6A 6B 7 8 9 10 11 12 13 14 15 16 17 18
12Z AVG MX 2MIN
DY MAX MIN AVG DEP HDD CDD WTR SNW DPTH SPD SPD DIR MIN PSBL S-S WX SPD DR
================================================================================
1 99 76 88 M 0 23 M M M 10.7 18 130 M M 0 22 200
2 100 81 91 M 0 26 M M M 12.1 16 170 M M 0 22 200
3 102 78 90 M 0 25 M M M 10.6 17 190 M M 0 30 160
4 102 79 91 M 0 26 M M M 7.2 15 320 M M 1 21 320
5 101 80 91 M 0 26 M M M 7.6 16 140 M M 0 21 140
6 98 77 88 M 0 23 M M M 8.9 16 140 M M 2 22 140
7 96 75 86 M 0 21 M M M 8.8 14 190 M M 2 28 160
8 95 76 86 M 0 21 M M M 5.8 15 40 M M 1 30 0
9 97 74 86 M 0 21 0.06 M M 6.4 14 50 M M 1 3 23 150
10 87 75 81 M 0 16 M M M 3.7 14 20 M M 2 20 330
11 96 71 84 M 0 19 M M M 5.7 16 70 M M 1 21 70
12 95 72 84 M 0 19 M M M 7.3 17 70 M M 1 22 80
13 96 75 86 M 0 21 M M M 3.4 8 110 M M 2 M M
14 97 75 86 M 0 21 M M M 6.4 14 110 M M 1 20 140
15 93 73 83 M 0 18 M M M 10.2 16 150 M M 0 22 170
16 94 73 84 M 0 19 M M M 4.7 14 140 M M 0 16 150
17 94 73 84 M 0 19 M M M 6.2 15 70 M M 1 20 70
18 84 71 78 M 0 13 M M M 9.3 15 40 M M 3 22 10
19 92 72 82 M 0 17 M M M 4.2 14 190 M M 3 20 190
20 91 70 81 M 0 16 0.35 M M 8.8 16 30 M M 6 28 10
21 82 68 75 M 0 10 0.56 M M 8.8 13 140 M M 8 13 20 140
22 74 68 71 M 0 6 1.62 M M 10.4 15 20 M M 10 13 22 20
23 83 70 77 M 0 12 M M M 7.5 15 350 M M 6 18 30
24 85 67 76 M 0 11 M M M 5.8 9 60 M M 2 16 60
25 90 69 80 M 0 15 M M M 5.6 10 80 M M 2 M M
26 91 71 81 M 0 16 M M M 5.8 9 90 M M 2 M M
27 94 72 83 M 0 18 M M M 7.7 14 180 M M 2 22 180
28 97 69 83 M 0 18 1.08 M M 10.4 16 330 M M 2 3 31 330
29 89 66 78 M 0 13 0.68 M M 10.6 25 340 M M 3 38 0
30 79 68 74 M 0 9 0.12 M M 6.5 15 90 M M 6 18 90
31 76 68 72 M 0 7 0.21 M M 5.6 13 200 M M 5 3 M M
================================================================================
SM 2849 2252 0 545 4.68 M 232.8 M 75
================================================================================
AV 91.9 72.6 7.5 FASTST M M 2 MAX(MPH)
MISC ----> 25 340 38 0
================================================================================
NOTES:
# LAST OF SEVERAL OCCURRENCES
COLUMN 17 PEAK WIND IN M.P.H.
PRELIMINARY LOCAL CLIMATOLOGICAL DATA (WS FORM: F-6) , PAGE 2
STATION: SNYDER WINSTON FIELD
MONTH: AUGUST
YEAR: 2022
LATITUDE: 32 41 N
LONGITUDE: 100 57 W
[TEMPERATURE DATA] [PRECIPITATION DATA] SYMBOLS USED IN COLUMN 16
AVERAGE MONTHLY: 82.3 TOTAL FOR MONTH: 4.68 1 = FOG OR MIST
DPTR FM NORMAL: 0.0 DPTR FM NORMAL: M 2 = FOG REDUCING VISIBILITY
HIGHEST: 102 ON 4, 3 GRTST 24HR 1.62 ON 22-22 TO 1/4 MILE OR LESS
LOWEST: 66 ON 29 3 = THUNDER
SNOW, ICE PELLETS, HAIL 4 = ICE PELLETS
TOTAL MONTH: M 5 = HAIL
GRTST 24HR M ON M 6 = FREEZING RAIN OR DRIZZLE
GRTST DEPTH: M ON M 7 = DUSTSTORM OR SANDSTORM:
VSBY 1/2 MILE OR LESS
8 = SMOKE OR HAZE
[NO. OF DAYS WITH] [WEATHER - DAYS WITH] 9 = BLOWING SNOW
X = TORNADO
MAX 32 OR BELOW: 0 0.01 INCH OR MORE: 8
MAX 90 OR ABOVE: 22 0.10 INCH OR MORE: 7
MIN 32 OR BELOW: 0 0.50 INCH OR MORE: 4
MIN 0 OR BELOW: 0 1.00 INCH OR MORE: 2
[HDD (BASE 65) ]
TOTAL THIS MO. 0 CLEAR (SCALE 0-3) 24
DPTR FM NORMAL M PTCLDY (SCALE 4-7) 6
TOTAL FM JUL 1 0 CLOUDY (SCALE 8-10) 1
DPTR FM NORMAL M
[CDD (BASE 65) ]
TOTAL THIS MO. 545
DPTR FM NORMAL M [PRESSURE DATA]
TOTAL FM JAN 1 2420 HIGHEST SLP M ON M
DPTR FM NORMAL M LOWEST SLP M ON M
[REMARKS]
#FINAL-08-22#