000
CXUS54 KMAF 011210
CF6SNK
PRELIMINARY LOCAL CLIMATOLOGICAL DATA (WS FORM: F-6)
STATION: SNYDER WINSTON FIELD
MONTH: DECEMBER
YEAR: 2023
LATITUDE: 32 41 N
LONGITUDE: 100 57 W
TEMPERATURE IN F: :PCPN: SNOW: WIND :SUNSHINE: SKY :PK WND
================================================================================
1 2 3 4 5 6A 6B 7 8 9 10 11 12 13 14 15 16 17 18
12Z AVG MX 2MIN
DY MAX MIN AVG DEP HDD CDD WTR SNW DPTH SPD SPD DIR MIN PSBL S-S WX SPD DR
================================================================================
1 63 33 48 M 17 0 M M M 4.0 10 340 M M 0 M M
2 64 41 53 M 12 0 M M M 11.7 28 260 M M 3 33 270
3 70 32 51 M 14 0 M M M 12.1 24 250 M M 0 30 250
4 63 34 49 M 16 0 M M M 5.8 12 200 M M 0 M M
5 64 38 51 M 14 0 M M M 5.6 8 50 M M 0 M M
6 69 39 54 M 11 0 M M M 7.4 14 180 M M 0 21 200
7 74 47 61 M 4 0 M M M 12.5 18 200 M M 0 24 200
8 74 47 61 M 4 0 M M M 8.7 18 240 M M 0 1 17 220
9 56 35 46 M 19 0 M M M 11.3 18 350 M M 1 28 360
10 54 23 39 M 26 0 M M M 9.0 20 230 M M 0 25 230
11 62 31 47 M 18 0 M M M 5.3 9 210 M M 0 M M
12 57 39 48 M 17 0 M M M 10.5 20 160 M M 5 29 160
13 54 44 49 M 16 0 0.10 M M 13.1 20 120 M M 8 1 28 130
14 51 42 47 M 18 0 0.38 M M 8.1 15 360 M M 7 13 26 360
15 53 37 45 M 20 0 0.14 M M 7.1 13 310 M M 5 12 M M
16 61 35 48 M 17 0 M M M 6.2 9 190 M M 0 M M
17 63 35 49 M 16 0 M M M 5.4 9 360 M M 0 M M
18 57 38 48 M 17 0 M M M 9.4 15 70 M M 0 21 70
19 64 40 52 M 13 0 M M M 10.6 22 210 M M 0 26 200
20 62 44 53 M 12 0 M M M 10.4 20 200 M M 3 25 200
21 61 50 56 M 9 0 M M M 5.5 12 180 M M 6 1 M M
22 62 42 52 M 13 0 M M M 7.0 12 150 M M 5 128 M M
23 63 50 57 M 8 0 0.50 M M 11.0 20 170 M M 8 13 25 200
24 56 38 47 M 18 0 0.02 M M 10.1 21 340 M M 3 1 28 340
25 44 30 37 M 28 0 M M M 7.0 16 360 M M 0 22 10
26 48 27 38 M 27 0 M M M 7.0 13 280 M M 0 18 280
27 53 31 42 M 23 0 M M M 6.9 13 350 M M 1 21 360
28 54 33 44 M 21 0 M M M 8.3 15 40 M M 1 25 40
29 59 28 44 M 21 0 M M M 6.9 13 290 M M 0 21 310
30 65 28 47 M 18 0 M M M 6.6 15 250 M M 0 17 220
31 58 37 48 M 17 0 M M M 7.3 16 40 M M 0 21 40
================================================================================
SM 1858 1148 504 0 1.14 M 257.7 M 56
================================================================================
AV 59.9 37.0 8.3 FASTST M M 2 MAX(MPH)
MISC ----> 28 260 33 270
================================================================================
NOTES:
# LAST OF SEVERAL OCCURRENCES
COLUMN 17 PEAK WIND IN M.P.H.
PRELIMINARY LOCAL CLIMATOLOGICAL DATA (WS FORM: F-6) , PAGE 2
STATION: SNYDER WINSTON FIELD
MONTH: DECEMBER
YEAR: 2023
LATITUDE: 32 41 N
LONGITUDE: 100 57 W
[TEMPERATURE DATA] [PRECIPITATION DATA] SYMBOLS USED IN COLUMN 16
AVERAGE MONTHLY: 48.5 TOTAL FOR MONTH: 1.14 1 = FOG OR MIST
DPTR FM NORMAL: 0.0 DPTR FM NORMAL: M 2 = FOG REDUCING VISIBILITY
HIGHEST: 74 ON 8, 7 GRTST 24HR 0.50 ON 23-23 TO 1/4 MILE OR LESS
LOWEST: 23 ON 10 3 = THUNDER
SNOW, ICE PELLETS, HAIL 4 = ICE PELLETS
TOTAL MONTH: M 5 = HAIL
GRTST 24HR M ON M 6 = FREEZING RAIN OR DRIZZLE
GRTST DEPTH: M ON M 7 = DUSTSTORM OR SANDSTORM:
VSBY 1/2 MILE OR LESS
8 = SMOKE OR HAZE
[NO. OF DAYS WITH] [WEATHER - DAYS WITH] 9 = BLOWING SNOW
X = TORNADO
MAX 32 OR BELOW: 0 0.01 INCH OR MORE: 5
MAX 90 OR ABOVE: 0 0.10 INCH OR MORE: 3
MIN 32 OR BELOW: 8 0.50 INCH OR MORE: 1
MIN 0 OR BELOW: 0 1.00 INCH OR MORE: 0
[HDD (BASE 65) ]
TOTAL THIS MO. 504 CLEAR (SCALE 0-3) 24
DPTR FM NORMAL M PTCLDY (SCALE 4-7) 6
TOTAL FM JUL 1 968 CLOUDY (SCALE 8-10) 1
DPTR FM NORMAL M
[CDD (BASE 65) ]
TOTAL THIS MO. 0
DPTR FM NORMAL M [PRESSURE DATA]
TOTAL FM JAN 1 2782 HIGHEST SLP M ON M
DPTR FM NORMAL M LOWEST SLP M ON M
[REMARKS]
#FINAL-12-23#