000
CXUS55 KCYS 011031
CF6SNY
PRELIMINARY LOCAL CLIMATOLOGICAL DATA (WS FORM: F-6) ...CORRECTED...
STATION: SIDNEY NEBRASKA AIRPORT
MONTH: OCTOBER
YEAR: 2020
LATITUDE: 41 5 N
LONGITUDE: 102 59 W
TEMPERATURE IN F: :PCPN: SNOW: WIND :SUNSHINE: SKY :PK WND
================================================================================
1 2 3 4 5 6A 6B 7 8 9 10 11 12 13 14 15 16 17 18
12Z AVG MX 2MIN
DY MAX MIN AVG DEP HDD CDD WTR SNW DPTH SPD SPD DIR MIN PSBL S-S WX SPD DR
================================================================================
1 65 36 51 -5 14 0 0.00 M M 8.1 16 330 M M 1 23 330
2 77 30 54 -2 11 0 0.00 M M 10.1 33 30 M M 0 8 46 20
3 M M M M M M 0.00 M M 10.4 18 350 M M 0 38 340
4 81 31 56 1 9 0 0.00 M M 9.5 14 220 M M 0 18 170
5 81 M M M M M 0.00 M M 15.4 29 320 M M 0 8 41 320
6 M M M M M M 0.00 M M M 15 290 0 0 0 M M
7 83 41 62 9 3 0 0.00 M M 10.8 17 90 M M 0 8 22 50
8 84 35 60 7 5 0 0.00 M M 6.9 16 180 M M 0 8 21 170
9 86 40 63 10 2 0 0.00 M M 11.3 24 340 M M 0 8 33 360
10 80 35 58 6 7 0 0.00 M M 14.4 25 150 M M 0 8 35 160
11 76 30 53 1 12 0 0.00 M M 13.7 41 320 M M 2 8 55 320
12 75 26 51 -1 14 0 0.00 M M 16.8 38 290 M M 0 51 300
13 70 27 49 -2 16 0 0.00 M M 13.8 31 180 M M 0 39 170
14 66 36 51 0 14 0 0.00 M M 17.1 35 10 M M 2 42 10
15 49 31 40 -10 25 0 T M M 11.2 29 350 M M 6 35 360
16 64 18 41 -9 24 0 0.00 M M 13.6 25 200 M M 1 33 200
17 68 31 50 0 15 0 0.00 M M 13.0 25 50 M M 3 1 33 50
18 35 29 32 -17 33 0 T M M 12.4 21 170 M M 9 16 25 170
19 60 25 43 -6 22 0 0.00 M M 8.2 16 160 M M 0 22 170
20 62 32 47 -2 18 0 0.00 M M 11.9 25 360 M M 0 33 360
21 64 38 51 3 14 0 0.00 M M 16.9 38 190 M M 1 12 50 190
22 44 24 34 -14 31 0 T M M 18.0 29 360 M M 10 126 37 10
23 31 19 25 -23 40 0 T M M 10.9 25 170 M M 7 1 36 170
24 33 20 27 -20 38 0 0.00 M M 14.4 26 170 M M 7 33 170
25 21 6 14 -33 51 0 0.06 M M 14.8 23 30 M M 10 128 29 20
26 15 -5 5 -42 60 0 0.00 M M 9.5 18 230 M M 1 22 230
27 33 -9 12 -34 53 0 0.00 M M 10.8 20 310 M M 0 23 300
28 47 20 34 -12 31 0 0.00 M M 12.8 29 340 M M 1 38 340
29 63 30 47 1 18 0 0.00 M M 11.4 23 240 M M 2 28 280
30 66 28 47 2 18 0 0.00 M M 10.2 21 190 M M 0 26 200
31 57 24 41 -4 24 0 0.00 M M 13.9 30 340 M M 1 39 340
================================================================================
SM 1736 728 622 0 0.06 M 372.2 0 64
================================================================================
AV 59.9 26.0 12.4 FASTST 0 0 2 MAX(MPH)
MISC ----> # 41 320 # 55 320
================================================================================
NOTES:
# LAST OF SEVERAL OCCURRENCES
COLUMN 17 PEAK WIND IN M.P.H.
PRELIMINARY LOCAL CLIMATOLOGICAL DATA (WS FORM: F-6) , PAGE 2
STATION: SIDNEY NEBRASKA AIRPORT
MONTH: OCTOBER
YEAR: 2020
LATITUDE: 41 5 N
LONGITUDE: 102 59 W
[TEMPERATURE DATA] [PRECIPITATION DATA] SYMBOLS USED IN COLUMN 16
AVERAGE MONTHLY: 42.9 TOTAL FOR MONTH: 0.06 1 = FOG OR MIST
DPTR FM NORMAL: -7.3 DPTR FM NORMAL: -0.96 2 = FOG REDUCING VISIBILITY
HIGHEST: 86 ON 9 GRTST 24HR 0.06 ON 25-25 TO 1/4 MILE OR LESS
LOWEST: -9 ON 27 3 = THUNDER
SNOW, ICE PELLETS, HAIL 4 = ICE PELLETS
TOTAL MONTH: M 5 = HAIL
GRTST 24HR M ON M 6 = FREEZING RAIN OR DRIZZLE
GRTST DEPTH: M ON M 7 = DUSTSTORM OR SANDSTORM:
VSBY 1/2 MILE OR LESS
8 = SMOKE OR HAZE
[NO. OF DAYS WITH] [WEATHER - DAYS WITH] 9 = BLOWING SNOW
X = TORNADO
MAX 32 OR BELOW: 3 0.01 INCH OR MORE: 1
MAX 90 OR ABOVE: 0 0.10 INCH OR MORE: 0
MIN 32 OR BELOW: 21 0.50 INCH OR MORE: 0
MIN 0 OR BELOW: 2 1.00 INCH OR MORE: 0
[HDD (BASE 65) ]
TOTAL THIS MO. 622 CLEAR (SCALE 0-3) 25
DPTR FM NORMAL 159 PTCLDY (SCALE 4-7) 3
TOTAL FM JUL 1 754 CLOUDY (SCALE 8-10) 3
DPTR FM NORMAL 151
[CDD (BASE 65) ]
TOTAL THIS MO. 0
DPTR FM NORMAL -4 [PRESSURE DATA]
TOTAL FM JAN 1 616 HIGHEST SLP 30.59 ON 26
DPTR FM NORMAL -214 LOWEST SLP 29.48 ON 11
[REMARKS]
OCTOBER 3RD...MISSING MAX/MIN TEMPERATURES.
OCTOBER 5TH...MISSING MIN TEMPERATURE.
OCTOBER 6TH...MISSING MAX/MIN TEMPERATURES, AVERAGE AND PEAK WINDS.
OCTOBER 25TH...RECORD LOW 6 DEGREES (PREVIOUS 8 DEGREES IN 1997).
OCTOBER 26TH...RECORD LOW -5 DEGREES (PREVIOUS 1 DEGREE IN 1997).
OCTOBER 26TH...RECORD LOW HIGH 15 DEGREES (PREVIOUS 34 DEGREES IN
1954).
OCTOBER 27TH...RECORD LOW -9* DEGREES (PREVIOUS 9 DEGREES IN 2017).
MEAN TEMPERATURE 42.9 DEGREES WAS 5TH COLDEST FOR OCTOBER.
MONTHLY PRECIPITATION 0.06 INCH TIED 1977 FOR 3RD DRIEST OCTOBER.
*ALL TIME LOWEST LOW FOR OCTOBER.
#FINAL-10-20#