000
CXUS55 KCYS 011026
CF6SNY
PRELIMINARY LOCAL CLIMATOLOGICAL DATA (WS FORM: F-6) ...CORRECTED...
STATION: SIDNEY NEBRASKA AIRPORT
MONTH: JULY
YEAR: 2020
LATITUDE: 41 5 N
LONGITUDE: 102 59 W
TEMPERATURE IN F: :PCPN: SNOW: WIND :SUNSHINE: SKY :PK WND
================================================================================
1 2 3 4 5 6A 6B 7 8 9 10 11 12 13 14 15 16 17 18
12Z AVG MX 2MIN
DY MAX MIN AVG DEP HDD CDD WTR SNW DPTH SPD SPD DIR MIN PSBL S-S WX SPD DR
================================================================================
1 88 48 68 -5 0 3 0.00 M M 13.3 23 160 M M 1 33 160
2 92 63 78 5 0 13 0.02 M M 13.2 30 150 M M 3 13 41 140
3 94 52 73 -1 0 8 T M M 13.1 29 290 M M 0 3 41 300
4 93 60 77 3 0 12 0.00 M M 13.4 24 180 M M 0 36 140
5 93 54 74 0 0 9 0.00 M M 9.5 20 140 M M 0 28 130
6 97 58 78 4 0 13 0.01 M M 12.3 30 260 M M 0 3 52 250
7 101 63 82 7 0 17 0.00 M M 22.2 44 190 M M 0 8 62 160
8 95 55 75 0 0 10 T M M 8.9 60 330 M M 0 38 94 340
9 90 51 71 -4 0 6 T M M 10.2 25 110 M M 0 3 36 150
10 M M M M M M M M M M M M M M M M M
11 M M M M M M 0.00 M M M M M M M M M M
12 M M M M M M M M M M M M M M M M M
13 M M M M M M M M M M M M M M M M M
14 M M M M M M M M M M M M M M 0 M M
15 M M M M M M M M M M M M M M M M M
16 M M M M M M M M M M M M M M M M M
17 M M M M M M M M M M M M M M 0 M M
18 M M M M M M M M M M M M M M 0 M M
19 M M M M M M M M M M M M M M 0 M M
20 M M M M M M 0.00 M M 7.7 16 70 M M 1 22 70
21 M M M M M M 0.20 M M 10.3 23 310 M M 2 13 44 310
22 93 58 76 0 0 11 0.00 M M 10.7 22 120 M M 1 28 120
23 97 64 81 5 0 16 0.00 M M 12.6 32 140 M M 0 43 140
24 94 61 78 2 0 13 T M M 9.1 18 320 M M 2 26 170
25 97 62 80 4 0 15 T M M 8.2 26 200 M M 3 3 34 210
26 75 57 66 -10 0 1 T M M 9.4 21 40 M M 6 12 27 30
27 88 61 75 -1 0 10 0.00 M M 5.9 18 150 M M 5 12 23 140
28 89 56 73 -3 0 8 T M M 10.7 23 180 M M 2 1 36 160
29 92 52 72 -4 0 7 0.00 M M 10.3 25 350 0 0 0 45 360
30 75 56 66 -10 0 1 0.07 M M 9.5 23 100 M M 6 1 31 90
31 89 52 71 -4 0 6 0.00 M M 7.9 21 70 M M 1 28 20
================================================================================
SM 1732 1083 0 179 0.30 M 228.4 0 33
================================================================================
AV 91.2 57.0 10.9 FASTST 0 0 1 MAX(MPH)
MISC ----> # 60 330 # 94 340
================================================================================
NOTES:
# LAST OF SEVERAL OCCURRENCES
COLUMN 17 PEAK WIND IN M.P.H.
PRELIMINARY LOCAL CLIMATOLOGICAL DATA (WS FORM: F-6) , PAGE 2
STATION: SIDNEY NEBRASKA AIRPORT
MONTH: JULY
YEAR: 2020
LATITUDE: 41 5 N
LONGITUDE: 102 59 W
[TEMPERATURE DATA] [PRECIPITATION DATA] SYMBOLS USED IN COLUMN 16
AVERAGE MONTHLY: 74.1 TOTAL FOR MONTH: 0.30 1 = FOG OR MIST
DPTR FM NORMAL: -1.1 DPTR FM NORMAL: -2.66 2 = FOG REDUCING VISIBILITY
HIGHEST: 101 ON 7 GRTST 24HR 0.20 ON 21-21 TO 1/4 MILE OR LESS
LOWEST: 48 ON 1 3 = THUNDER
SNOW, ICE PELLETS, HAIL 4 = ICE PELLETS
TOTAL MONTH: M 5 = HAIL
GRTST 24HR M ON M 6 = FREEZING RAIN OR DRIZZLE
GRTST DEPTH: M ON M 7 = DUSTSTORM OR SANDSTORM:
VSBY 1/2 MILE OR LESS
8 = SMOKE OR HAZE
[NO. OF DAYS WITH] [WEATHER - DAYS WITH] 9 = BLOWING SNOW
X = TORNADO
MAX 32 OR BELOW: 0 0.01 INCH OR MORE: 4
MAX 90 OR ABOVE: 13 0.10 INCH OR MORE: 1
MIN 32 OR BELOW: 0 0.50 INCH OR MORE: 0
MIN 0 OR BELOW: 0 1.00 INCH OR MORE: 0
[HDD (BASE 65) ]
TOTAL THIS MO. 0 CLEAR (SCALE 0-3) 22
DPTR FM NORMAL -3 PTCLDY (SCALE 4-7) 3
TOTAL FM JUL 1 0 CLOUDY (SCALE 8-10) 0
DPTR FM NORMAL -3
[CDD (BASE 65) ]
TOTAL THIS MO. 179
DPTR FM NORMAL -140 [PRESSURE DATA]
TOTAL FM JAN 1 367 HIGHEST SLP 30.16 ON 30
DPTR FM NORMAL -111 LOWEST SLP 29.58 ON 7
[REMARKS]
JULY 10TH-21ST...MISSING DATA DUE TO COMMS AND POWER FAILURES.
#FINAL-07-20#