000
CXUS55 KCYS 011530
CLMSNY
CLIMATE REPORT
NATIONAL WEATHER SERVICE CHEYENNE WY
930 AM MDT FRI SEP 01 2023
...................................
...THE SIDNEY NEBRASKA AIRPORT CLIMATE SUMMARY FOR THE MONTH OF AUGUST 2023...
CLIMATE NORMAL PERIOD 1991 TO 2020
CLIMATE RECORD PERIOD 1948 TO 2023
WEATHER OBSERVED NORMAL DEPART LAST YEAR`S
VALUE DATE(S) VALUE FROM VALUE DATE(S)
NORMAL
................................................................
TEMPERATURE (F)
RECORD
HIGH 104 08/08/1969
LOW 35 08/23/2015
HIGHEST 103 08/21 MM MM 102
LOWEST 44 08/15 MM MM 47
AVG. MAXIMUM 88.2 87.8 0.4 92.7
AVG. MINIMUM 56.0 55.4 0.6 57.6
MEAN 72.1 71.6 0.5 75.1
DAYS MAX >= 90 13 13.8 -0.8 22
DAYS MAX <= 32 0 0.0 0.0 0
DAYS MIN <= 32 0 0.0 0.0 0
DAYS MIN <= 0 0 0.0 0.0 0
PRECIPITATION (INCHES)
RECORD
MAXIMUM 7.15 1968
TOTALS 3.00 2.03 0.97 0.10
DAYS >= .01 2 9.1 -7.1 3
DAYS >= .10 2 4.1 -2.1 0
DAYS >= .50 1 1.0 0.0 0
DAYS >= 1.00 1 0.3 0.7 0
GREATEST
24 HR. TOTAL 2.66 08/25 TO 08/25 0.08 08/31 TO 08/31
DEGREE DAYS
HEATING TOTAL 9 16 -7 0
SINCE 7/1 31
COOLING TOTAL 237 220 17 321
SINCE 1/1 530
................................................................
WIND (MPH)
AVERAGE WIND SPEED 9.9
HIGHEST WIND SPEED/DIRECTION 48/290 DATE 08/10
HIGHEST GUST SPEED/DIRECTION 67/290 DATE 08/10
SKY COVER
POSSIBLE SUNSHINE (PERCENT) MM
AVERAGE SKY COVER 0.11
NUMBER OF DAYS FAIR 29
NUMBER OF DAYS PC 2
NUMBER OF DAYS CLOUDY 0
AVERAGE RH (PERCENT) 58
WEATHER CONDITIONS. NUMBER OF DAYS WITH
THUNDERSTORM 14 MIXED PRECIP 0
HEAVY RAIN 7 RAIN 3
LIGHT RAIN 12 FREEZING RAIN 0
LT FREEZING RAIN 0 HAIL 0
HEAVY SNOW 0 SNOW 0
LIGHT SNOW 0 SLEET 0
FOG 11 FOG W/VIS <= 1/4 MILE 1
HAZE 4
- INDICATES NEGATIVE NUMBERS.
R INDICATES RECORD WAS SET OR TIED.
MM INDICATES DATA IS MISSING.
T INDICATES TRACE AMOUNT.
$$