000
CXUS52 KTBW 040230
CF6SPG
PRELIMINARY LOCAL CLIMATOLOGICAL DATA (WS FORM: F-6)
STATION: SAINT PETERSBURG
MONTH: FEBRUARY
YEAR: 2024
LATITUDE: 27 46 N
LONGITUDE: 82 38 W
TEMPERATURE IN F: :PCPN: SNOW: WIND :SUNSHINE: SKY :PK WND
================================================================================
1 2 3 4 5 6A 6B 7 8 9 10 11 12 13 14 15 16 17 18
12Z AVG MX 2MIN
DY MAX MIN AVG DEP HDD CDD WTR SNW DPTH SPD SPD DIR MIN PSBL S-S WX SPD DR
================================================================================
1 66 53 60 -3 5 0 0.00 0.0 0 7.9 17 40 M M 0 21 60
2 65 54 60 -3 5 0 0.00 0.0 0 6.0 12 330 M M 0 15 320
3 71 54 63 0 2 0 0.00 0.0 0 3.8 15 260 M M 1 1 18 250
4 70 57 64 1 1 0 0.32 0.0 0 12.5 25 140 M M 5 1 33 140
5 65 57 61 -3 4 0 0.29 0.0 0 9.7 30 110 M M 5 1 36 120
6 64 53 59 -5 6 0 T 0.0 0 15.0 23 340 M M 3 33 340
7 70 51 61 -3 4 0 0.00 0.0 0 11.4 22 60 M M 0 28 30
8 73 53 63 -1 2 0 0.00 0.0 0 7.8 20 50 M M 0 22 50
9 75 58 67 3 0 2 0.00 0.0 0 5.0 14 230 M M 0 22 240
10 78 61 70 6 0 5 0.00 0.0 0 6.0 15 190 M M 3 21 190
11 78 63 71 7 0 6 0.00 0.0 0 8.5 24 200 M M 3 32 200
12 76 64 70 6 0 5 0.16 0.0 0 12.4 25 200 M M 6 13 36 190
13 69 56 63 -2 2 0 0.00 0.0 0 10.3 20 340 M M 3 28 340
14 71 55 63 -2 2 0 0.00 0.0 0 8.2 16 40 M M 0 19 20
15 74 59 67 2 0 2 0.00 0.0 0 7.0 16 70 M M 1 19 80
16 73 60 67 2 0 2 0.00 0.0 0 3.0 10 340 M M 5 14 210
17 66 59 63 -2 2 0 1.35 0.0 0 12.2 28 50 M M 9 1 33 30
18 60 55 58 -7 7 0 0.83 0.0 0 15.1 22 70 M M 10 1 28 40
19 65 53 59 -7 6 0 0.04 0.0 0 9.5 17 10 M M 4 1 24 330
20 66 50 58 -8 7 0 0.00 0.0 0 6.9 15 310 M M 0 21 320
21 67 52 60 -6 5 0 0.00 0.0 0 7.0 13 250 M M 0 17 40
22 70 55 63 -3 2 0 0.00 0.0 0 5.9 13 80 M M 0 15 220
23 72 57 65 -1 0 0 T 0.0 0 11.0 24 200 M M 5 36 200
24 69 61 65 -1 0 0 0.00 0.0 0 9.1 18 340 M M 1 26 350
25 72 59 66 0 0 1 0.00 0.0 0 6.1 13 170 M M 0 18 210
26 72 59 66 0 0 1 0.00 0.0 0 4.9 10 250 M M 0 14 230
27 75 59 67 0 0 2 0.00 0.0 0 8.7 18 210 M M 0 27 200
28 77 62 70 3 0 5 0.00 0.0 0 10.2 21 190 M M 0 29 190
29 77 64 71 4 0 6 0.00 0.0 0 7.9 25 60 M M 3 1 29 60
================================================================================
SM 2046 1653 62 37 2.99 0.0 249.0 M 67
================================================================================
AV 70.6 57.0 8.6 FASTST M M 2 MAX(MPH)
MISC ----> 30 110 # 36 120
================================================================================
NOTES:
# LAST OF SEVERAL OCCURRENCES
COLUMN 17 PEAK WIND IN M.P.H.
PRELIMINARY LOCAL CLIMATOLOGICAL DATA (WS FORM: F-6) , PAGE 2
STATION: SAINT PETERSBURG
MONTH: FEBRUARY
YEAR: 2024
LATITUDE: 27 46 N
LONGITUDE: 82 38 W
[TEMPERATURE DATA] [PRECIPITATION DATA] SYMBOLS USED IN COLUMN 16
AVERAGE MONTHLY: 63.8 TOTAL FOR MONTH: 2.99 1 = FOG OR MIST
DPTR FM NORMAL: -1.1 DPTR FM NORMAL: 0.97 2 = FOG REDUCING VISIBILITY
HIGHEST: 78 ON 11,10 GRTST 24HR 1.90 ON 17-18 TO 1/4 MILE OR LESS
LOWEST: 50 ON 20 3 = THUNDER
SNOW, ICE PELLETS, HAIL 4 = ICE PELLETS
TOTAL MONTH: 0.0 INCH 5 = HAIL
GRTST 24HR 0.0 6 = FREEZING RAIN OR DRIZZLE
GRTST DEPTH: 0 7 = DUSTSTORM OR SANDSTORM:
VSBY 1/2 MILE OR LESS
8 = SMOKE OR HAZE
[NO. OF DAYS WITH] [WEATHER - DAYS WITH] 9 = BLOWING SNOW
X = TORNADO
MAX 32 OR BELOW: 0 0.01 INCH OR MORE: 6
MAX 90 OR ABOVE: 0 0.10 INCH OR MORE: 5
MIN 32 OR BELOW: 0 0.50 INCH OR MORE: 2
MIN 0 OR BELOW: 0 1.00 INCH OR MORE: 1
[HDD (BASE 65) ]
TOTAL THIS MO. 62 CLEAR (SCALE 0-3) 20
DPTR FM NORMAL -14 PTCLDY (SCALE 4-7) 7
TOTAL FM JUL 1 287 CLOUDY (SCALE 8-10) 2
DPTR FM NORMAL -38
[CDD (BASE 65) ]
TOTAL THIS MO. 37
DPTR FM NORMAL -37 [PRESSURE DATA]
TOTAL FM JAN 1 65 HIGHEST SLP 30.30 ON 21
DPTR FM NORMAL -59 LOWEST SLP 29.47 ON 5
[REMARKS]
#FINAL-02-24#