000
CXUS54 KOUN 010810
CF6SPS
PRELIMINARY LOCAL CLIMATOLOGICAL DATA (WS FORM: F-6)
STATION: WICHITA FALLS
MONTH: MARCH
YEAR: 2023
LATITUDE: 33 58 N
LONGITUDE: 98 29 W
TEMPERATURE IN F: :PCPN: SNOW: WIND :SUNSHINE: SKY :PK WND
================================================================================
1 2 3 4 5 6A 6B 7 8 9 10 11 12 13 14 15 16 17 18
12Z AVG MX 2MIN
DY MAX MIN AVG DEP HDD CDD WTR SNW DPTH SPD SPD DIR MIN PSBL S-S WX SPD DR
================================================================================
1 64 46 55 5 10 0 0.00 0.0 0 9.3 22 30 M M 3 26 30
2 61 43 52 2 13 0 0.75 T T 10.9 24 350 M M 6 135 29 350
3 64 41 53 2 12 0 0.00 0.0 0 11.7 24 320 M M 2 30 320
4 69 35 52 1 13 0 0.00 0.0 0 6.6 16 230 M M 0 20 210
5 83 42 63 12 2 0 0.00 0.0 0 14.8 30 210 M M 0 37 210
6 80 53 67 15 0 2 0.00 0.0 0 9.7 17 200 M M 4 23 200
7 64 44 54 2 11 0 0.39 0.0 0 12.1 21 20 M M 6 138 29 70
8 54 43 49 -3 16 0 0.85 0.0 0 9.8 22 10 M M 10 13 26 10
9 56 45 51 -2 14 0 0.19 0.0 0 7.4 21 20 M M 9 13 24 20
10 60 38 49 -4 16 0 0.00 0.0 0 7.8 16 140 M M 3 1 19 140
11 88 49 69 16 0 4 0.00 0.0 0 15.0 30 30 M M 1 1 35 30
12 64 39 52 -2 13 0 0.00 0.0 0 13.9 28 10 M M 2 33 40
13 49 37 43 -11 22 0 0.00 0.0 0 10.0 20 30 M M 6 23 40
14 59 32 46 -8 19 0 T 0.0 0 7.0 16 120 M M 5 19 130
15 71 37 54 0 11 0 0.00 0.0 0 16.8 32 170 M M 3 40 160
16 83 40 62 7 3 0 0.03 0.0 0 22.1 39 350 M M 7 13 46 330
17 54 31 43 -12 22 0 0.00 0.0 0 12.4 24 360 M M 0 29 360
18 52 31 42 -14 23 0 0.00 0.0 0 11.5 28 40 M M 0 33 40
19 56 24 40 -16 25 0 0.00 0.0 0 7.0 17 150 M M 0 21 160
20 60 39 50 -6 15 0 T 0.0 0 18.3 37 180 M M 5 45 180
21 80 52 66 10 0 1 T 0.0 0 16.2 28 210 M M 5 34 200
22 86 62 74 17 0 9 0.00 0.0 0 15.4 25 190 M M 4 30 200
23 80 54 67 10 0 2 0.50 0.0 0 15.6 30 310 M M 6 135 38 320
24 75 48 62 5 3 0 0.08 0.0 0 12.5 26 20 M M 5 13 32 260
25 73 38 56 -2 9 0 0.00 0.0 0 9.4 23 280 M M 1 12 28 290
26 67 40 54 -4 11 0 0.00 0.0 0 13.6 25 40 M M 0 28 40
27 65 34 50 -8 15 0 0.00 0.0 0 8.9 20 340 M M 3 24 340
28 60 37 49 -9 16 0 0.00 0.0 0 11.8 30 360 M M 1 38 360
29 69 41 55 -4 10 0 0.00 0.0 0 11.1 21 160 M M 5 28 160
30 71 53 62 3 3 0 T 0.0 0 16.3 30 170 M M 8 18 37 170
31 78 54 66 7 0 1 0.00 0.0 0 20.2 43 270 M M 3 52 270
================================================================================
SM 2095 1302 327 19 2.79 T 385.1 M 113
================================================================================
AV 67.6 42.0 12.4 FASTST M M 4 MAX(MPH)
MISC ----> 43 270 52 270
================================================================================
NOTES:
# LAST OF SEVERAL OCCURRENCES
COLUMN 17 PEAK WIND IN M.P.H.
PRELIMINARY LOCAL CLIMATOLOGICAL DATA (WS FORM: F-6) , PAGE 2
STATION: WICHITA FALLS
MONTH: MARCH
YEAR: 2023
LATITUDE: 33 58 N
LONGITUDE: 98 29 W
[TEMPERATURE DATA] [PRECIPITATION DATA] SYMBOLS USED IN COLUMN 16
AVERAGE MONTHLY: 54.8 TOTAL FOR MONTH: 2.79 1 = FOG OR MIST
DPTR FM NORMAL: 0.1 DPTR FM NORMAL: 0.77 2 = FOG REDUCING VISIBILITY
HIGHEST: 88 ON 11 GRTST 24HR 0.99 ON 7- 8 TO 1/4 MILE OR LESS
LOWEST: 24 ON 19 3 = THUNDER
SNOW, ICE PELLETS, HAIL 4 = ICE PELLETS
TOTAL MONTH: T 5 = HAIL
GRTST 24HR T ON 2- 2 6 = FREEZING RAIN OR DRIZZLE
GRTST DEPTH: T 7 = DUSTSTORM OR SANDSTORM:
VSBY 1/2 MILE OR LESS
8 = SMOKE OR HAZE
[NO. OF DAYS WITH] [WEATHER - DAYS WITH] 9 = BLOWING SNOW
X = TORNADO
MAX 32 OR BELOW: 0 0.01 INCH OR MORE: 7
MAX 90 OR ABOVE: 0 0.10 INCH OR MORE: 5
MIN 32 OR BELOW: 4 0.50 INCH OR MORE: 3
MIN 0 OR BELOW: 0 1.00 INCH OR MORE: 0
[HDD (BASE 65) ]
TOTAL THIS MO. 327 CLEAR (SCALE 0-3) 14
DPTR FM NORMAL -12 PTCLDY (SCALE 4-7) 15
TOTAL FM JUL 1 2452 CLOUDY (SCALE 8-10) 2
DPTR FM NORMAL -283
[CDD (BASE 65) ]
TOTAL THIS MO. 19
DPTR FM NORMAL -2 [PRESSURE DATA]
TOTAL FM JAN 1 24 HIGHEST SLP M ON M
DPTR FM NORMAL -1 LOWEST SLP 29.42 ON 2
[REMARKS]
#FINAL-03-23#