000
CXUS54 KOUN 010910
CF6SPS
PRELIMINARY LOCAL CLIMATOLOGICAL DATA (WS FORM: F-6)
STATION: WICHITA FALLS
MONTH: DECEMBER
YEAR: 2022
LATITUDE: 33 58 N
LONGITUDE: 98 29 W
TEMPERATURE IN F: :PCPN: SNOW: WIND :SUNSHINE: SKY :PK WND
================================================================================
1 2 3 4 5 6A 6B 7 8 9 10 11 12 13 14 15 16 17 18
12Z AVG MX 2MIN
DY MAX MIN AVG DEP HDD CDD WTR SNW DPTH SPD SPD DIR MIN PSBL S-S WX SPD DR
================================================================================
1 51 28 40 -7 25 0 0.00 0.0 0 11.5 21 170 M M 7 25 180
2 78 50 64 17 1 0 0.00 0.0 0 17.5 37 10 M M 6 18 45 10
3 56 35 46 0 19 0 0.00 0.0 0 14.0 37 10 M M 1 44 360
4 61 38 50 4 15 0 0.08 0.0 0 7.8 17 180 M M 4 20 180
5 81 53 67 21 0 2 0.00 0.0 0 14.5 25 230 M M 1 33 240
6 64 44 54 8 11 0 0.00 0.0 0 7.0 14 230 M M 5 12 16 230
7 54 45 50 5 15 0 0.65 0.0 0 7.2 16 300 M M 8 138 23 300
8 66 51 59 14 6 0 1.12 0.0 0 3.8 15 330 M M 8 123 19 330
9 61 48 55 10 10 0 0.03 0.0 0 8.8 16 30 M M 9 12 22 360
10 58 50 54 9 11 0 0.02 0.0 0 9.0 18 20 M M 10 1 23 10
11 56 47 52 8 13 0 0.00 0.0 0 6.1 14 360 M M 10 1 15 10
12 64 51 58 14 7 0 T 0.0 0 14.4 23 140 M M 10 1 28 130
13 67 44 56 12 9 0 0.15 0.0 0 15.1 36 170 M M 4 13 45 170
14 50 35 43 -1 22 0 0.00 0.0 0 9.9 18 320 M M 0 24 320
15 50 32 41 -3 24 0 0.00 0.0 0 8.1 18 340 M M 0 23 320
16 47 29 38 -5 27 0 0.00 0.0 0 8.8 18 10 M M 4 25 10
17 49 23 36 -7 29 0 0.00 0.0 0 5.1 14 310 M M 0 16 320
18 57 26 42 -1 23 0 0.00 0.0 0 10.3 20 150 M M 4 25 150
19 60 39 50 7 15 0 0.00 0.0 0 13.8 24 180 M M 5 30 190
20 45 28 37 -6 28 0 0.00 0.0 0 10.2 20 20 M M 10 1 22 20
21 44 27 36 -7 29 0 0.00 0.0 0 8.1 21 190 M M 8 1 23 180
22 38 9 24 -18 41 0 T T 0 23.7 46 360 M M 5 169 54 350
23 22 9 16 -26 49 0 0.00 0.0 0 13.1 25 340 M M 0 31 350
24 37 12 25 -17 40 0 0.00 0.0 0 5.3 13 220 M M 0 16 210
25 53 20 37 -5 28 0 0.00 0.0 0 9.3 18 190 M M 0 24 190
26 57 20 39 -3 26 0 0.00 0.0 0 11.6 29 360 M M 2 35 360
27 61 18 40 -2 25 0 0.00 0.0 0 13.0 26 180 M M 0 32 170
28 75 44 60 18 5 0 0.00 0.0 0 18.1 31 200 M M 0 38 200
29 68 42 55 13 10 0 0.00 0.0 0 11.5 17 240 M M 1 26 190
30 55 32 44 2 21 0 0.00 0.0 0 6.6 15 30 M M 0 18 30
31 71 37 54 12 11 0 0.00 0.0 0 10.7 23 220 M M 0 27 210
================================================================================
SM 1756 1066 595 2 2.05 T 333.9 M 122
================================================================================
AV 56.6 34.4 10.8 FASTST M M 4 MAX(MPH)
MISC ----> 46 360 54 350
================================================================================
NOTES:
# LAST OF SEVERAL OCCURRENCES
COLUMN 17 PEAK WIND IN M.P.H.
PRELIMINARY LOCAL CLIMATOLOGICAL DATA (WS FORM: F-6) , PAGE 2
STATION: WICHITA FALLS
MONTH: DECEMBER
YEAR: 2022
LATITUDE: 33 58 N
LONGITUDE: 98 29 W
[TEMPERATURE DATA] [PRECIPITATION DATA] SYMBOLS USED IN COLUMN 16
AVERAGE MONTHLY: 45.5 TOTAL FOR MONTH: 2.05 1 = FOG OR MIST
DPTR FM NORMAL: 1.8 DPTR FM NORMAL: 0.49 2 = FOG REDUCING VISIBILITY
HIGHEST: 81 ON 5 GRTST 24HR 1.77 ON 7- 8 TO 1/4 MILE OR LESS
LOWEST: 9 ON 23,22 3 = THUNDER
SNOW, ICE PELLETS, HAIL 4 = ICE PELLETS
TOTAL MONTH: T 5 = HAIL
GRTST 24HR T ON 22-22 6 = FREEZING RAIN OR DRIZZLE
GRTST DEPTH: 0 7 = DUSTSTORM OR SANDSTORM:
VSBY 1/2 MILE OR LESS
8 = SMOKE OR HAZE
[NO. OF DAYS WITH] [WEATHER - DAYS WITH] 9 = BLOWING SNOW
X = TORNADO
MAX 32 OR BELOW: 1 0.01 INCH OR MORE: 6
MAX 90 OR ABOVE: 0 0.10 INCH OR MORE: 3
MIN 32 OR BELOW: 14 0.50 INCH OR MORE: 2
MIN 0 OR BELOW: 0 1.00 INCH OR MORE: 1
[HDD (BASE 65) ]
TOTAL THIS MO. 595 CLEAR (SCALE 0-3) 14
DPTR FM NORMAL -64 PTCLDY (SCALE 4-7) 10
TOTAL FM JUL 1 1111 CLOUDY (SCALE 8-10) 7
DPTR FM NORMAL -55
[CDD (BASE 65) ]
TOTAL THIS MO. 2
DPTR FM NORMAL 1 [PRESSURE DATA]
TOTAL FM JAN 1 3103 HIGHEST SLP 30.83 ON 23
DPTR FM NORMAL 657 LOWEST SLP 29.50 ON 13
[REMARKS]
#FINAL-12-22#