000
CXUS54 KOUN 010910
CF6SPS
PRELIMINARY LOCAL CLIMATOLOGICAL DATA (WS FORM: F-6)
STATION: WICHITA FALLS
MONTH: JANUARY
YEAR: 2022
LATITUDE: 33 58 N
LONGITUDE: 98 29 W
TEMPERATURE IN F: :PCPN: SNOW: WIND :SUNSHINE: SKY :PK WND
================================================================================
1 2 3 4 5 6A 6B 7 8 9 10 11 12 13 14 15 16 17 18
12Z AVG MX 2MIN
DY MAX MIN AVG DEP HDD CDD WTR SNW DPTH SPD SPD DIR MIN PSBL S-S WX SPD DR
================================================================================
1 59 15 37 -5 28 0 0.35 0.5 0 16.2 29 300 M M 9 13 37 300
2 37 15 26 -16 39 0 0.00 0.0 1 10.5 20 340 M M 2 25 340
3 58 20 39 -3 26 0 0.00 0.0 0 8.6 16 210 M M 0 20 210
4 70 27 49 7 16 0 0.00 0.0 0 11.9 29 200 M M 2 33 190
5 53 30 42 0 23 0 0.00 0.0 0 11.8 23 40 M M 0 26 30
6 31 18 25 -17 40 0 0.00 0.0 0 17.3 30 10 M M 2 37 20
7 46 14 30 -12 35 0 0.00 0.0 0 8.8 18 180 M M 1 22 180
8 76 44 60 18 5 0 0.00 0.0 0 15.6 28 200 M M 5 1 34 200
9 54 28 41 -1 24 0 0.00 0.0 0 20.1 32 20 M M 4 39 10
10 55 21 38 -4 27 0 0.00 0.0 0 6.2 12 350 M M 0 13 340
11 62 23 43 1 22 0 0.00 0.0 0 12.6 22 200 M M 1 28 200
12 66 31 49 7 16 0 0.00 0.0 0 7.8 17 210 M M 0 20 210
13 75 37 56 14 9 0 0.00 0.0 0 7.0 14 310 M M 1 17 320
14 74 37 56 14 9 0 0.00 0.0 0 14.8 49 350 M M 4 60 340
15 42 28 35 -7 30 0 0.00 0.0 0 23.6 43 350 M M 6 51 350
16 54 19 37 -5 28 0 0.00 0.0 0 5.7 14 320 M M 0 16 310
17 65 23 44 2 21 0 0.00 0.0 0 7.8 18 180 M M 0 22 180
18 79 36 58 16 7 0 0.00 0.0 0 12.1 28 230 M M 1 35 210
19 48 24 36 -6 29 0 0.00 0.0 0 20.4 35 10 M M 6 41 10
20 31 15 23 -19 42 0 0.00 0.0 0 17.7 32 10 M M 8 37 30
21 42 11 27 -15 38 0 0.00 0.0 0 5.4 10 130 M M 0 14 110
22 52 18 35 -8 30 0 0.00 0.0 0 4.4 13 230 M M 0 17 190
23 62 29 46 3 19 0 0.00 0.0 0 9.1 17 260 M M 0 22 250
24 66 34 50 7 15 0 0.00 0.0 0 7.8 15 360 M M 1 17 220
25 55 28 42 -1 23 0 0.00 0.0 0 14.7 23 40 M M 0 28 60
26 42 22 32 -11 33 0 0.05 T 0 7.6 18 310 M M 8 1 21 320
27 45 27 36 -7 29 0 0.00 0.0 0 7.0 15 360 M M 6 19 230
28 54 27 41 -2 24 0 0.00 0.0 0 10.4 18 300 M M 0 22 290
29 68 23 46 3 19 0 0.00 0.0 0 11.5 21 230 M M 0 30 250
30 67 31 49 5 16 0 0.00 0.0 0 6.4 18 240 M M 1 23 240
31 72 36 54 10 11 0 0.00 0.0 0 9.9 24 170 M M 0 29 180
================================================================================
SM 1760 791 733 0 0.40 0.5 350.7 M 68
================================================================================
AV 56.8 25.5 11.3 FASTST M M 2 MAX(MPH)
MISC ----> 49 350 60 340
================================================================================
NOTES:
# LAST OF SEVERAL OCCURRENCES
COLUMN 17 PEAK WIND IN M.P.H.
PRELIMINARY LOCAL CLIMATOLOGICAL DATA (WS FORM: F-6) , PAGE 2
STATION: WICHITA FALLS
MONTH: JANUARY
YEAR: 2022
LATITUDE: 33 58 N
LONGITUDE: 98 29 W
[TEMPERATURE DATA] [PRECIPITATION DATA] SYMBOLS USED IN COLUMN 16
AVERAGE MONTHLY: 41.1 TOTAL FOR MONTH: 0.40 1 = FOG OR MIST
DPTR FM NORMAL: -1.3 DPTR FM NORMAL: -0.80 2 = FOG REDUCING VISIBILITY
HIGHEST: 79 ON 18 GRTST 24HR 0.37 ON 31- 1 TO 1/4 MILE OR LESS
LOWEST: 11 ON 21 3 = THUNDER
SNOW, ICE PELLETS, HAIL 4 = ICE PELLETS
TOTAL MONTH: 0.5 INCH 5 = HAIL
GRTST 24HR 0.5 ON 1- 1 6 = FREEZING RAIN OR DRIZZLE
GRTST DEPTH: 1 ON 2 7 = DUSTSTORM OR SANDSTORM:
VSBY 1/2 MILE OR LESS
8 = SMOKE OR HAZE
[NO. OF DAYS WITH] [WEATHER - DAYS WITH] 9 = BLOWING SNOW
X = TORNADO
MAX 32 OR BELOW: 2 0.01 INCH OR MORE: 2
MAX 90 OR ABOVE: 0 0.10 INCH OR MORE: 1
MIN 32 OR BELOW: 25 0.50 INCH OR MORE: 0
MIN 0 OR BELOW: 0 1.00 INCH OR MORE: 0
[HDD (BASE 65) ]
TOTAL THIS MO. 733 CLEAR (SCALE 0-3) 22
DPTR FM NORMAL 30 PTCLDY (SCALE 4-7) 8
TOTAL FM JUL 1 1374 CLOUDY (SCALE 8-10) 1
DPTR FM NORMAL -492
[CDD (BASE 65) ]
TOTAL THIS MO. 0
DPTR FM NORMAL -1 [PRESSURE DATA]
TOTAL FM JAN 1 0 HIGHEST SLP 30.77 ON 10
DPTR FM NORMAL -1 LOWEST SLP 29.50 ON 1
[REMARKS]
#FINAL-01-22#