000
CXUS54 KOUN 010910
CF6SPS
PRELIMINARY LOCAL CLIMATOLOGICAL DATA (WS FORM: F-6)
STATION: WICHITA FALLS
MONTH: FEBRUARY
YEAR: 2021
LATITUDE: 33 58 N
LONGITUDE: 98 29 W
TEMPERATURE IN F: :PCPN: SNOW: WIND :SUNSHINE: SKY :PK WND
================================================================================
1 2 3 4 5 6A 6B 7 8 9 10 11 12 13 14 15 16 17 18
12Z AVG MX 2MIN
DY MAX MIN AVG DEP HDD CDD WTR SNW DPTH SPD SPD DIR MIN PSBL S-S WX SPD DR
================================================================================
1 59 26 43 0 22 0 0.00 0.0 0 5.7 12 320 M M 1 12 320
2 67 36 52 9 13 0 0.00 0.0 0 10.5 23 160 M M 3 28 160
3 75 36 56 12 9 0 0.00 0.0 0 12.4 23 180 M M 3 29 180
4 63 35 49 5 16 0 0.00 0.0 0 16.3 31 10 M M 2 38 330
5 59 32 46 2 19 0 0.00 0.0 0 6.9 17 150 M M 3 22 140
6 55 31 43 -1 22 0 0.00 0.0 0 11.8 23 20 M M 5 27 20
7 56 32 44 0 21 0 0.00 0.0 0 10.7 21 150 M M 5 1 26 140
8 49 25 37 -7 28 0 T 0.0 0 12.4 21 340 M M 7 1 24 340
9 31 22 27 -17 38 0 0.01 T 0 12.1 20 10 M M 10 168 23 10
10 26 22 24 -21 41 0 T 0.0 0 14.0 21 20 M M 10 16 25 20
11 28 20 24 -21 41 0 0.01 T 0 16.3 22 360 M M 10 16 25 10
12 24 17 21 -24 44 0 0.00 0.0 0 17.7 25 10 M M 10 30 20
13 28 14 21 -24 44 0 0.00 0.0 0 17.3 23 20 M M 10 26 20
14 19 5 12 -34 53 0 0.13 4.0 T 21.3 30 10 M M 10 12 35 10
15 9 -6 2 -44 63 0 0.00 0.0 3 13.8 28 360 M M 2 32 350
16 14 -8 3 -43 62 0 0.38 6.6 3 7.9 16 70 M M 6 12 19 70
17 22 6 14 -32 51 0 0.06 0.2 10 9.9 16 350 M M 9 1 17 360
18 26 3 15 -31 50 0 0.00 0.0 6 9.7 18 360 M M 2 21 350
19 34 2 18 -29 47 0 0.00 0.0 5 5.8 15 170 M M 0 18 18 180
20 53 16 35 -12 30 0 0.00 0.0 5 10.6 24 170 M M 0 1 32 160
21 61 33 47 0 18 0 0.00 0.0 1 13.3 24 290 M M 0 29 300
22 70 30 50 2 15 0 0.00 0.0 0 10.9 24 250 M M 0 31 210
23 82 32 57 9 8 0 0.00 0.0 0 12.6 29 200 M M 0 38 210
24 65 40 53 5 12 0 0.00 0.0 0 17.0 26 360 M M 0 35 20
25 50 32 41 -7 24 0 0.17 0.0 0 10.0 21 10 M M 7 13 26 10
26 62 42 52 3 13 0 0.00 0.0 0 6.2 16 170 M M 7 20 190
27 64 41 53 4 12 0 0.00 0.0 0 9.6 21 170 M M 8 12 29 160
28 63 41 52 3 13 0 0.00 0.0 0 15.9 26 10 M M 1 1 32 10
================================================================================
SM 1314 657 829 0 0.76 10.8 338.6 M 131
================================================================================
AV 46.9 23.5 12.1 FASTST M M 5 MAX(MPH)
MISC ----> 31 10 # 38 330
================================================================================
NOTES:
# LAST OF SEVERAL OCCURRENCES
COLUMN 17 PEAK WIND IN M.P.H.
PRELIMINARY LOCAL CLIMATOLOGICAL DATA (WS FORM: F-6) , PAGE 2
STATION: WICHITA FALLS
MONTH: FEBRUARY
YEAR: 2021
LATITUDE: 33 58 N
LONGITUDE: 98 29 W
[TEMPERATURE DATA] [PRECIPITATION DATA] SYMBOLS USED IN COLUMN 16
AVERAGE MONTHLY: 35.2 TOTAL FOR MONTH: 0.76 1 = FOG OR MIST
DPTR FM NORMAL: -10.7 DPTR FM NORMAL: -0.99 2 = FOG REDUCING VISIBILITY
HIGHEST: 82 ON 23 GRTST 24HR 0.44 ON 16-17 TO 1/4 MILE OR LESS
LOWEST: -8 ON 16 3 = THUNDER
SNOW, ICE PELLETS, HAIL 4 = ICE PELLETS
TOTAL MONTH: 10.8 INCHES 5 = HAIL
GRTST 24HR 6.6 ON 16-16 6 = FREEZING RAIN OR DRIZZLE
GRTST DEPTH: 10 ON 17 7 = DUSTSTORM OR SANDSTORM:
VSBY 1/2 MILE OR LESS
8 = SMOKE OR HAZE
[NO. OF DAYS WITH] [WEATHER - DAYS WITH] 9 = BLOWING SNOW
X = TORNADO
MAX 32 OR BELOW: 10 0.01 INCH OR MORE: 6
MAX 90 OR ABOVE: 0 0.10 INCH OR MORE: 3
MIN 32 OR BELOW: 20 0.50 INCH OR MORE: 0
MIN 0 OR BELOW: 2 1.00 INCH OR MORE: 0
[HDD (BASE 65) ]
TOTAL THIS MO. 829 CLEAR (SCALE 0-3) 13
DPTR FM NORMAL 293 PTCLDY (SCALE 4-7) 8
TOTAL FM JUL 1 2565 CLOUDY (SCALE 8-10) 7
DPTR FM NORMAL 118
[CDD (BASE 65) ]
TOTAL THIS MO. 0
DPTR FM NORMAL -2 [PRESSURE DATA]
TOTAL FM JAN 1 0 HIGHEST SLP 30.57 ON 19
DPTR FM NORMAL -1 LOWEST SLP 29.54 ON 4
[REMARKS]
#FINAL-02-21#