000
CXUS54 KLZK 011330
CF6SRC
PRELIMINARY LOCAL CLIMATOLOGICAL DATA (WS FORM: F-6)
STATION: SEARCY AIRPORT
MONTH: DECEMBER
YEAR: 2022
LATITUDE: 35 12 N
LONGITUDE: 91 44 W
TEMPERATURE IN F: :PCPN: SNOW: WIND :SUNSHINE: SKY :PK WND
================================================================================
1 2 3 4 5 6A 6B 7 8 9 10 11 12 13 14 15 16 17 18
12Z AVG MX 2MIN
DY MAX MIN AVG DEP HDD CDD WTR SNW DPTH SPD SPD DIR MIN PSBL S-S WX SPD DR
================================================================================
1 50 24 37 -7 28 0 T M M 4.1 10 80 M M 2 M M
2 59 40 50 6 15 0 0.05 M M 4.6 12 180 M M 10 M M
3 61 35 48 5 17 0 T M M 7.3 16 360 M M 2 12 22 350
4 40 32 36 -7 29 0 T M M 3.5 7 100 M M 6 M M
5 49 39 44 1 21 0 0.08 M M 2.0 8 180 M M 10 1 M M
6 70 49 60 18 5 0 0.10 M M 2.4 8 200 M M 10 12 M M
7 65 56 61 19 4 0 0.94 M M 5.0 10 40 M M 10 12 M M
8 59 52 56 14 9 0 0.30 M M 5.4 9 70 M M 10 1 M M
9 67 47 57 15 8 0 T M M 2.0 7 99 M M 6 12 M M
10 53 46 50 9 15 0 0.87 M M 6.4 16 360 M M 10 123 23 360
11 50 46 48 7 17 0 0.02 M M 8.6 13 40 M M 10 1 M M
12 47 43 45 4 20 0 T M M 9.8 12 50 M M 10 1 M M
13 62 44 53 13 12 0 0.16 M M 5.8 15 120 M M 10 13 22 120
14 61 39 50 10 15 0 0.03 M M 5.8 14 270 M M 6 12 25 270
15 48 31 40 0 25 0 0.00 M M 7.4 15 260 M M 0 24 250
16 47 26 37 -3 28 0 0.00 M M 6.1 12 250 M M 3 21 220
17 46 24 35 -5 30 0 0.00 M M 5.6 14 280 M M 0 21 260
18 50 19 35 -4 30 0 0.00 M M 2.2 7 99 M M 0 M M
19 44 30 37 -2 28 0 0.00 M M 4.5 9 140 M M 7 M M
20 51 31 41 2 24 0 0.00 M M 6.1 10 10 M M 7 M M
21 49 30 40 1 25 0 0.00 M M 5.8 14 160 M M 3 M M
22 45 3 24 -15 41 0 0.01 M M 8.7 22 310 M M 8 1 32 300
23 17 1 9 -30 56 0 0.00 M M 8.7 14 280 M M 0 22 270
24 34 10 22 -17 43 0 0.00 M M 6.3 9 290 M M 2 M M
25 37 16 27 -11 38 0 0.00 M M 2.8 7 320 M M 3 M M
26 41 29 35 -3 30 0 T M M 5.8 13 330 M M 9 18 330
27 42 23 33 -5 32 0 0.00 M M 6.3 13 180 M M 4 M M
28 61 20 41 3 24 0 0.00 M M 7.8 17 170 M M 1 1 22 190
29 65 57 61 23 4 0 0.16 M M 11.4 14 170 M M 10 1 22 180
30 60 47 54 16 11 0 0.20 M M 4.3 12 160 M M 10 12 M M
31 56 43 50 12 15 0 T M M 2.6 8 180 M M 7 12 M M
================================================================================
SM 1586 1032 699 0 2.92 M 175.0 M 186
================================================================================
AV 51.2 33.3 5.6 FASTST M M 6 MAX(MPH)
MISC ----> 22 310 32 300
================================================================================
NOTES:
# LAST OF SEVERAL OCCURRENCES
COLUMN 17 PEAK WIND IN M.P.H.
PRELIMINARY LOCAL CLIMATOLOGICAL DATA (WS FORM: F-6) , PAGE 2
STATION: SEARCY AIRPORT
MONTH: DECEMBER
YEAR: 2022
LATITUDE: 35 12 N
LONGITUDE: 91 44 W
[TEMPERATURE DATA] [PRECIPITATION DATA] SYMBOLS USED IN COLUMN 16
AVERAGE MONTHLY: 42.2 TOTAL FOR MONTH: 2.92 1 = FOG OR MIST
DPTR FM NORMAL: 2.0 DPTR FM NORMAL: -2.12 2 = FOG REDUCING VISIBILITY
HIGHEST: 70 ON 6 GRTST 24HR 1.11 ON 7- 8 TO 1/4 MILE OR LESS
LOWEST: 1 ON 23 3 = THUNDER
SNOW, ICE PELLETS, HAIL 4 = ICE PELLETS
TOTAL MONTH: M 5 = HAIL
GRTST 24HR M ON M 6 = FREEZING RAIN OR DRIZZLE
GRTST DEPTH: M ON M 7 = DUSTSTORM OR SANDSTORM:
VSBY 1/2 MILE OR LESS
8 = SMOKE OR HAZE
[NO. OF DAYS WITH] [WEATHER - DAYS WITH] 9 = BLOWING SNOW
X = TORNADO
MAX 32 OR BELOW: 1 0.01 INCH OR MORE: 12
MAX 90 OR ABOVE: 0 0.10 INCH OR MORE: 7
MIN 32 OR BELOW: 16 0.50 INCH OR MORE: 2
MIN 0 OR BELOW: 0 1.00 INCH OR MORE: 0
[HDD (BASE 65) ]
TOTAL THIS MO. 699 CLEAR (SCALE 0-3) 10
DPTR FM NORMAL -69 PTCLDY (SCALE 4-7) 9
TOTAL FM JUL 1 1313 CLOUDY (SCALE 8-10) 12
DPTR FM NORMAL -97
[CDD (BASE 65) ]
TOTAL THIS MO. 0
DPTR FM NORMAL -1 [PRESSURE DATA]
TOTAL FM JAN 1 2108 HIGHEST SLP 30.62 ON 23
DPTR FM NORMAL 200 LOWEST SLP 29.85 ON 22
[REMARKS]
#FINAL-12-22#