000
CXUS52 KTBW 011129
CF6SRQ
PRELIMINARY LOCAL CLIMATOLOGICAL DATA (WS FORM: F-6)
STATION: SARASOTA BRADENTON
MONTH: APRIL
YEAR: 2023
LATITUDE: 27 23 N
LONGITUDE: 82 33 W
TEMPERATURE IN F: :PCPN: SNOW: WIND :SUNSHINE: SKY :PK WND
================================================================================
1 2 3 4 5 6A 6B 7 8 9 10 11 12 13 14 15 16 17 18
12Z AVG MX 2MIN
DY MAX MIN AVG DEP HDD CDD WTR SNW DPTH SPD SPD DIR MIN PSBL S-S WX SPD DR
================================================================================
1 83 65 74 4 0 9 0.00 0.0 0 8.5 16 220 M M 2 22 190
2 83 70 77 7 0 12 0.00 0.0 0 8.7 16 270 M M 3 25 270
3 84 67 76 6 0 11 0.00 0.0 0 6.3 15 210 M M 0 1 26 230
4 86 67 77 6 0 12 0.00 0.0 0 5.9 14 270 M M 2 1 21 260
5 91 71 81 10 0 16 0.00 0.0 0 8.0 20 130 M M 1 26 130
6 88 70 79 8 0 14 0.00 0.0 0 9.5 18 130 M M 1 24 110
7 85 70 78 7 0 13 T 0.0 0 8.4 15 240 M M 3 20 240
8 84 68 76 5 0 11 0.00 0.0 0 8.7 16 230 M M 2 21 210
9 82 68 75 4 0 10 0.53 0.0 0 9.3 16 50 M M 6 13 24 50
10 87 66 77 5 0 12 0.01 0.0 0 13.8 24 90 M M 7 37 110
11 85 64 75 3 0 10 0.00 0.0 0 15.2 26 80 M M 3 38 100
12 79 66 73 1 0 8 0.02 0.0 0 16.8 29 110 M M 7 40 110
13 84 67 76 4 0 11 0.00 0.0 0 10.9 21 190 M M 3 27 200
14 84 70 77 5 0 12 0.00 0.0 0 6.3 14 210 M M 3 128 18 210
15 85 71 78 6 0 13 0.00 0.0 0 7.7 14 230 M M 4 12 19 230
16 87 70 79 6 0 14 0.01 0.0 0 10.0 23 320 M M 2 3 29 300
17 80 67 74 1 0 9 2.47 0.0 0 10.0 22 330 M M 4 3 31 330
18 84 58 71 -2 0 6 0.00 0.0 0 7.9 16 60 M M 0 24 50
19 86 63 75 2 0 10 0.00 0.0 0 9.7 17 120 M M 1 25 30
20 88 63 76 3 0 11 0.00 0.0 0 9.7 16 70 M M 1 22 70
21 83 66 75 1 0 10 0.00 0.0 0 8.0 14 250 M M 1 19 270
22 83 67 75 1 0 10 0.00 0.0 0 6.7 14 250 M M 1 24 260
23 90 70 80 6 0 15 T 0.0 0 8.2 18 300 M M 2 3 23 300
24 85 70 78 4 0 13 0.00 0.0 0 9.7 15 110 M M 4 21 80
25 83 69 76 2 0 11 0.00 0.0 0 10.5 16 260 M M 3 26 270
26 86 67 77 3 0 12 0.00 0.0 0 7.4 15 250 M M 1 22 240
27 86 68 77 2 0 12 0.31 0.0 0 10.7 38 310 M M 2 1 53 340
28 86 69 78 3 0 13 T 0.0 0 10.8 25 250 M M 2 35 250
29 84 73 79 4 0 14 0.06 0.0 0 12.5 30 210 M M 3 13 40 220
30 79 72 76 1 0 11 0.22 0.0 0 21.0 31 290 M M 5 13 46 250
================================================================================
SM 2540 2032 0 345 3.63 0.0 296.8 M 79
================================================================================
AV 84.7 67.7 9.9 FASTST M M 3 MAX(MPH)
MISC ----> 38 310 53 340
================================================================================
NOTES:
# LAST OF SEVERAL OCCURRENCES
COLUMN 17 PEAK WIND IN M.P.H.
PRELIMINARY LOCAL CLIMATOLOGICAL DATA (WS FORM: F-6) , PAGE 2
STATION: SARASOTA BRADENTON
MONTH: APRIL
YEAR: 2023
LATITUDE: 27 23 N
LONGITUDE: 82 33 W
[TEMPERATURE DATA] [PRECIPITATION DATA] SYMBOLS USED IN COLUMN 16
AVERAGE MONTHLY: 76.2 TOTAL FOR MONTH: 3.63 1 = FOG OR MIST
DPTR FM NORMAL: 3.6 DPTR FM NORMAL: 1.17 2 = FOG REDUCING VISIBILITY
HIGHEST: 91 ON 5 GRTST 24HR 2.48 ON 16-17 TO 1/4 MILE OR LESS
LOWEST: 58 ON 18 3 = THUNDER
SNOW, ICE PELLETS, HAIL 4 = ICE PELLETS
TOTAL MONTH: 0.0 INCH 5 = HAIL
GRTST 24HR 0.0 6 = FREEZING RAIN OR DRIZZLE
GRTST DEPTH: 0 7 = DUSTSTORM OR SANDSTORM:
VSBY 1/2 MILE OR LESS
8 = SMOKE OR HAZE
[NO. OF DAYS WITH] [WEATHER - DAYS WITH] 9 = BLOWING SNOW
X = TORNADO
MAX 32 OR BELOW: 0 0.01 INCH OR MORE: 8
MAX 90 OR ABOVE: 2 0.10 INCH OR MORE: 4
MIN 32 OR BELOW: 0 0.50 INCH OR MORE: 2
MIN 0 OR BELOW: 0 1.00 INCH OR MORE: 1
[HDD (BASE 65) ]
TOTAL THIS MO. 0 CLEAR (SCALE 0-3) 20
DPTR FM NORMAL -6 PTCLDY (SCALE 4-7) 10
TOTAL FM JUL 1 242 CLOUDY (SCALE 8-10) 0
DPTR FM NORMAL -148
[CDD (BASE 65) ]
TOTAL THIS MO. 345
DPTR FM NORMAL 111 [PRESSURE DATA]
TOTAL FM JAN 1 808 HIGHEST SLP 30.17 ON 6
DPTR FM NORMAL 300 LOWEST SLP 29.62 ON 30
[REMARKS]
#FINAL-04-23#