000
CXUS53 KGRB 011828
CF6STE
PRELIMINARY LOCAL CLIMATOLOGICAL DATA (WS FORM: F-6)
STATION: STEVENS POINT WI
MONTH: OCTOBER
YEAR: 2021
LATITUDE: 44 32 N
LONGITUDE: 89 32 W
TEMPERATURE IN F: :PCPN: SNOW: WIND :SUNSHINE: SKY :PK WND
================================================================================
1 2 3 4 5 6A 6B 7 8 9 10 11 12 13 14 15 16 17 18
12Z AVG MX 2MIN
DY MAX MIN AVG DEP HDD CDD WTR SNW DPTH SPD SPD DIR MIN PSBL S-S WX SPD DR
================================================================================
1 82 49 66 M 0 1 M M M 2.0 8 170 M M 2 16 220
2 75 56 66 M 0 1 M M M 2.8 9 260 M M 6 1 M M
3 71 55 63 M 2 0 M M M 4.0 13 330 M M 9 12 M M
4 67 56 62 M 3 0 M M M 4.6 8 50 M M 10 M M
5 66 50 58 M 7 0 M M M 3.2 7 90 M M 8 18 M M
6 72 48 60 M 5 0 M M M 4.1 12 70 M M 5 16 100
7 62 50 56 M 9 0 0.10 M M 5.2 10 80 M M 10 1 M M
8 71 52 62 M 3 0 0.02 M M 1.0 6 170 M M 7 1 M M
9 64 50 57 M 8 0 M M M 4.7 10 110 M M 8 12 18 110
10 75 60 68 M 0 3 0.03 M M 10.6 22 190 M M 4 1 29 210
11 61 55 58 M 7 0 0.13 M M 3.2 7 10 M M 9 M M
12 62 55 59 M 6 0 0.15 M M 3.8 8 320 M M 10 1 M M
13 63 52 58 M 7 0 0.07 M M 7.9 14 130 M M 9 21 130
14 61 41 51 M 14 0 0.02 M M 8.5 16 230 M M 0 21 190
15 58 32 45 M 20 0 M M M 4.6 12 260 M M 3 20 260
16 55 39 47 M 18 0 M M M 7.1 14 290 M M 2 28 290
17 62 28 45 M 20 0 M M M 3.5 15 280 M M 0 24 280
18 70 29 50 M 15 0 M M M 2.0 7 190 M M 0 M M
19 71 36 54 M 11 0 M M M 3.3 14 190 M M 1 21 240
20 60 40 50 M 15 0 0.01 M M 6.6 16 90 M M 6 1 21 90
21 48 28 38 M 27 0 M M M 7.5 15 340 M M 5 26 340
22 43 24 34 M 31 0 M M M 1.2 6 270 M M 5 M M
23 49 27 38 M 27 0 M M M 1.3 6 270 M M 4 M M
24 46 22 34 M 31 0 M M M 7.9 17 50 M M 1 24 50
25 50 30 40 M 25 0 M M M 8.8 16 30 M M 1 25 30
26 49 23 36 M 29 0 M M M 4.2 10 80 M M 0 M M
27 54 26 40 M 25 0 M M M 7.7 15 130 M M 3 21 130
28 55 39 47 M 18 0 0.09 M M 6.4 10 40 M M 8 1 17 50
29 57 44 51 M 14 0 0.01 M M 8.3 16 20 M M 7 22 20
30 62 41 52 M 13 0 M M M 3.6 7 360 M M 2 M M
31 49 37 43 M 22 0 M M M 8.8 15 310 M M 5 25 310
================================================================================
SM 1890 1274 432 5 0.63 M 158.1 M 150
================================================================================
AV 61.0 41.1 5.1 FASTST M M 5 MAX(MPH)
MISC ----> 22 190 29 210
================================================================================
NOTES:
# LAST OF SEVERAL OCCURRENCES
COLUMN 17 PEAK WIND IN M.P.H.
PRELIMINARY LOCAL CLIMATOLOGICAL DATA (WS FORM: F-6) , PAGE 2
STATION: STEVENS POINT WI
MONTH: OCTOBER
YEAR: 2021
LATITUDE: 44 32 N
LONGITUDE: 89 32 W
[TEMPERATURE DATA] [PRECIPITATION DATA] SYMBOLS USED IN COLUMN 16
AVERAGE MONTHLY: 51.0 TOTAL FOR MONTH: 0.63 1 = FOG OR MIST
DPTR FM NORMAL: 4.7 DPTR FM NORMAL: M 2 = FOG REDUCING VISIBILITY
HIGHEST: 82 ON 1 GRTST 24HR 0.15 ON 12-12 TO 1/4 MILE OR LESS
LOWEST: 22 ON 24 3 = THUNDER
SNOW, ICE PELLETS, HAIL 4 = ICE PELLETS
TOTAL MONTH: M 5 = HAIL
GRTST 24HR M ON M 6 = FREEZING RAIN OR DRIZZLE
GRTST DEPTH: M ON M 7 = DUSTSTORM OR SANDSTORM:
VSBY 1/2 MILE OR LESS
8 = SMOKE OR HAZE
[NO. OF DAYS WITH] [WEATHER - DAYS WITH] 9 = BLOWING SNOW
X = TORNADO
MAX 32 OR BELOW: 0 0.01 INCH OR MORE: 10
MAX 90 OR ABOVE: 0 0.10 INCH OR MORE: 3
MIN 32 OR BELOW: 10 0.50 INCH OR MORE: 0
MIN 0 OR BELOW: 0 1.00 INCH OR MORE: 0
[HDD (BASE 65) ]
TOTAL THIS MO. 432 CLEAR (SCALE 0-3) 12
DPTR FM NORMAL -150 PTCLDY (SCALE 4-7) 12
TOTAL FM JUL 1 681 CLOUDY (SCALE 8-10) 7
DPTR FM NORMAL M
[CDD (BASE 65) ]
TOTAL THIS MO. 5
DPTR FM NORMAL 5 [PRESSURE DATA]
TOTAL FM JAN 1 362 HIGHEST SLP M ON M
DPTR FM NORMAL -65 LOWEST SLP M ON M
[REMARKS]
#FINAL-10-21#