000
CXUS53 KEAX 141212
CLSSTJ
CLIMATE REPORT
NATIONAL WEATHER SERVICE
709 AM CDT MON MAR 14 2022
...................................
...THE ST. JOSEPH MO CLIMATE SUMMARY FOR THE SEASON, FROM
12/1/2021 TO 2/28/2022...
CLIMATE NORMAL PERIOD: 1991 TO 2020
CLIMATE RECORD PERIOD: 1892 TO 2022
WEATHER OBSERVED NORMAL DEPART LAST YEAR`S
VALUE DATE(S) VALUE FROM VALUE DATE(S)
NORMAL
................................................................
TEMPERATURE (F)
RECORD
HIGH 83 02/24/1930
LOW -25 01/12/1974
HIGHEST 73 12/15 65 8 67 02/23
LOWEST -3 01/02 -3 0 -22 02/16
02/04
AVG. MAXIMUM 44.8 40.4 4.4 38.5
AVG. MINIMUM 17.9 19.8 -1.9 17.2
MEAN 31.4 30.1 1.3 27.9
DAYS MAX >= 90 0 0.0 0.0 0
DAYS MAX <= 32 20 25.1 -5.1 26
DAYS MIN <= 32 85 80.2 4.8 85
DAYS MIN <= 0 4 6.3 -2.3 11
PRECIPITATION (INCHES)
RECORD
MAXIMUM 7.30 1985
MINIMUM 0.24 2003
TOTALS 0.25 2.91 -2.66 3.16
DAILY AVG. 0.00 0.03 -0.03 0.03
DAYS >= .01 5 15.9 -10.9 13
DAYS >= .10 1 7.3 -6.3 5
DAYS >= .50 0 1.5 -1.5 2
DAYS >= 1.00 0 0.3 -0.3 1
GREATEST
24 HR. TOTAL 0.17
DEGREE DAYS
HEATING TOTAL 2982 3145 -163 3301
COOLING TOTAL 0 0 0 0
................................................................
WIND (MPH)
AVERAGE WIND SPEED 9.8
HIGHEST WIND SPEED/DIRECTION 47/190 DATE 12/16
HIGHEST GUST SPEED/DIRECTION 50/310 DATE 02/11
SKY COVER
POSSIBLE SUNSHINE (PERCENT) MM
AVERAGE SKY COVER 0.23
NUMBER OF DAYS FAIR 65
NUMBER OF DAYS PC 18
NUMBER OF DAYS CLOUDY 7
AVERAGE RH (PERCENT) 62
WEATHER CONDITIONS. NUMBER OF DAYS WITH
THUNDERSTORM 2 MIXED PRECIP 0
HEAVY RAIN 0 RAIN 1
LIGHT RAIN 7 FREEZING RAIN 0
LT FREEZING RAIN 0 HAIL 0
HEAVY SNOW 1 SNOW 3
LIGHT SNOW 8 SLEET 0
FOG 24 FOG W/VIS <= 1/4 MILE 6
HAZE 14
- INDICATES NEGATIVE NUMBERS.
R INDICATES RECORD WAS SET OR TIED.
MM INDICATES DATA IS MISSING.
T INDICATES TRACE AMOUNT.
$$