331
CXUS55 KSTO 051815
CF6STO
PRELIMINARY LOCAL CLIMATOLOGICAL DATA (WS FORM: F-6)
STATION: SACRAMENTO CITY
MONTH: SEPTEMBER
YEAR: 2020
LATITUDE: 38 36 N
LONGITUDE: 121 23 W
TEMPERATURE IN F: :PCPN: SNOW: WIND :SUNSHINE: SKY :PK WND
================================================================================
1 2 3 4 5 6A 6B 7 8 9 10 11 12 13 14 15 16 17 18
12Z AVG MX 2MIN
DY MAX MIN AVG DEP HDD CDD WTR SNW DPTH SPD SPD DIR MIN PSBL S-S WX SPD DR
================================================================================
1 91 61 76 1 0 11 0.00 0.0 M M M M M M M M M
2 88 60 74 -1 0 9 0.00 M M M M M M M M M M
3 95 59 77 2 0 12 0.00 M M M M M M M M M M
4 97 60 79 4 0 14 0.00 0.0 M M M M M M M M M
5 103 65 84 9 0 19 0.00 0.0 M M M M M M M M M
6 109 75 92 17 0 27 0.00 0.0 M M M M M M M M M
7 106 74 90 15 0 25 0.00 0.0 M M M M M M M M M
8 91 73 82 8 0 17 0.00 M M M M M M M M M M
9 83 64 74 0 0 9 0.00 M M M M M M M M M M
10 85 61 73 -1 0 8 0.00 M M M M M M M M M M
11 86 59 73 -1 0 8 0.00 0.0 M M M M M M M M M
12 90 59 75 1 0 10 0.00 0.0 M M M M M M M M M
13 90 60 75 1 0 10 0.00 M M M M M M M M M M
14 90 58 74 0 0 9 0.00 M M M M M M M M M M
15 92 59 76 2 0 11 0.00 0.0 M M M M M M M M M
16 93 61 77 4 0 12 0.00 0.0 M M M M M M M M M
17 92 61 77 4 0 12 0.00 0.0 M M M M M M M M M
18 86 63 75 2 0 10 0.00 M M M M M M M M M M
19 86 58 72 -1 0 7 0.00 0.0 M M M M M M M M M
20 90 60 75 2 0 10 0.00 0.0 M M M M M M M M M
21 93 62 78 6 0 13 0.00 0.0 M M M M M M M M M
22 91 62 77 5 0 12 0.00 0.0 M M M M M M M M M
23 92 59 76 4 0 11 0.00 0.0 M M M M M M M M M
24 91 60 76 4 0 11 0.00 M M M M M M M M M M
25 86 59 73 1 0 8 0.00 M M M M M M M M M M
26 88 60 74 3 0 9 0.00 M M M M M M M M M M
27 96 65 81 10 0 16 0.00 M M M M M M M M M M
28 99 66 83 12 0 18 0.00 0.0 M M M M M M M M M
29 98 65 82 12 0 17 0.00 M M M M M M M M M M
30 100 63 82 12 0 17 0.00 0.0 M M M M M M M M M
================================================================================
SM 2777 1871 0 382 0.00 0.0 M M M
================================================================================
AV 92.6 62.4 M FASTST M M 3 MAX(MPH)
MISC ----> M M M M
================================================================================
NOTES:
# LAST OF SEVERAL OCCURRENCES
COLUMN 17 PEAK WIND IN M.P.H.
PRELIMINARY LOCAL CLIMATOLOGICAL DATA (WS FORM: F-6) , PAGE 2
STATION: SACRAMENTO CITY
MONTH: SEPTEMBER
YEAR: 2020
LATITUDE: 38 36 N
LONGITUDE: 121 23 W
[TEMPERATURE DATA] [PRECIPITATION DATA] SYMBOLS USED IN COLUMN 16
AVERAGE MONTHLY: 77.5 TOTAL FOR MONTH: 0.00 1 = FOG OR MIST
DPTR FM NORMAL: 4.4 DPTR FM NORMAL: -0.35 2 = FOG REDUCING VISIBILITY
HIGHEST: 109 ON 6 GRTST 24HR 0.00 ON 30-30 TO 1/4 MILE OR LESS
LOWEST: 58 ON 19,14 3 = THUNDER
SNOW, ICE PELLETS, HAIL 4 = ICE PELLETS
TOTAL MONTH: 0.0 INCH 5 = HAIL
GRTST 24HR 0.0 6 = FREEZING RAIN OR DRIZZLE
GRTST DEPTH: M ON M 7 = DUSTSTORM OR SANDSTORM:
VSBY 1/2 MILE OR LESS
8 = SMOKE OR HAZE
[NO. OF DAYS WITH] [WEATHER - DAYS WITH] 9 = BLOWING SNOW
X = TORNADO
MAX 32 OR BELOW: 0 0.01 INCH OR MORE: 0
MAX 90 OR ABOVE: 22 0.10 INCH OR MORE: 0
MIN 32 OR BELOW: 0 0.50 INCH OR MORE: 0
MIN 0 OR BELOW: 0 1.00 INCH OR MORE: 0
[HDD (BASE 65) ]
TOTAL THIS MO. 0 CLEAR (SCALE 0-3) 0
DPTR FM NORMAL -6 PTCLDY (SCALE 4-7) 0
TOTAL FM JUL 1 0 CLOUDY (SCALE 8-10) 0
DPTR FM NORMAL -7
[CDD (BASE 65) ]
TOTAL THIS MO. 382
DPTR FM NORMAL 132 [PRESSURE DATA]
TOTAL FM JAN 1 1998 HIGHEST SLP M ON M
DPTR FM NORMAL 610 LOWEST SLP M ON M
[REMARKS]
#FINAL-09-20#