000
CXUS53 KGRB 300726
CF6SUE
PRELIMINARY LOCAL CLIMATOLOGICAL DATA (WS FORM: F-6)
STATION: STURGEON BAY WI
MONTH: SEPTEMBER
YEAR: 2019
LATITUDE: 44 55 N
LONGITUDE: 87 25 W
TEMPERATURE IN F: :PCPN: SNOW: WIND :SUNSHINE: SKY :PK WND
================================================================================
1 2 3 4 5 6A 6B 7 8 9 10 11 12 13 14 15 16 17 18
12Z AVG MX 2MIN
DY MAX MIN AVG DEP HDD CDD WTR SNW DPTH SPD SPD DIR MIN PSBL S-S WX SPD DR
================================================================================
1 71 50 61 M 4 0 T 0.0 0 6.3 10 200 M M 4 1 M M
2 69 59 64 M 1 0 0.00 0.0 0 6.8 12 100 M M 6 M M
3 79 59 69 M 0 4 0.70 0.0 0 12.3 20 190 M M 7 13 35 260
4 65 51 58 M 7 0 0.00 0.0 0 8.4 16 330 M M 4 22 330
5 66 50 58 M 7 0 T 0.0 0 5.1 8 170 M M 3 13 M M
6 64 50 57 M 8 0 M 0.0 0 8.6 18 10 M M 8 1 24 10
7 67 51 59 M 6 0 M 0.0 0 6.9 10 330 M M 6 1 M M
8 61 49 55 M 10 0 M M 0 5.8 12 90 M M 3 M M
9 64 48 56 M 9 0 M M 0 3.6 6 130 M M 7 3 M M
10 80 62 71 M 0 6 0.02 0.0 0 M M M M M 5 1 M M
11 68 57 63 M 2 0 0.00 0.0 0 M M M M M 9 13 M M
12 61 57 59 M 6 0 M 0.0 0 M M M M M 10 13 M M
13 74 57 66 M 0 1 0.01 0.0 0 24.7 25 250 M M 9 13 35 250
14 70 54 62 M 3 0 T 0.0 0 M M M M M 3 1 M M
15 72 59 66 M 0 1 T 0.0 0 M M M M M 7 123 M M
16 70 56 63 M 2 0 0.00 0.0 0 M M M M M 9 12 M M
17 74 53 64 M 1 0 0.01 0.0 0 M M M M M 5 128 M M
18 73 61 67 M 0 2 0.00 0.0 0 14.3 20 160 M M 2 1 30 170
19 73 62 68 M 0 3 0.67 0.0 0 6.0 13 190 M M 9 13 20 190
20 76 59 68 M 0 3 0.53 0.0 0 3.5 7 99 M M 6 12 M M
21 76 62 69 M 0 4 0.09 0.0 0 9.5 16 180 M M 5 1 22 180
22 70 62 66 M 0 1 0.52 0.0 0 7.8 13 360 M M 8 13 M M
23 69 55 62 M 3 0 0.21 0.0 0 7.5 15 310 M M 5 20 270
24 74 53 64 M 1 0 T 0.0 0 8.4 17 160 M M 1 23 160
25 72 58 65 M 0 0 0.06 0.0 0 11.5 22 250 M M 5 27 250
26 65 52 59 M 6 0 0.00 0.0 0 10.2 15 260 M M 2 23 280
27 63 54 59 M 6 0 0.74 0.0 0 8.8 18 180 M M 9 13 25 180
28 61 51 56 M 9 0 0.00 0.0 0 10.2 16 10 M M 3 23 10
29 M M M M M M 0.03 M 0 7.4 9 100 M M 8 1 16 110
================================================================================
SM 1947 1551 91 25 3.59 0.0 193.6 M 168
================================================================================
AV 69.5 55.4 8.8 FASTST M M 6 MAX(MPH)
MISC ----> # 25 250 # 35 260
================================================================================
NOTES:
# LAST OF SEVERAL OCCURRENCES
COLUMN 17 PEAK WIND IN M.P.H.
PRELIMINARY LOCAL CLIMATOLOGICAL DATA (WS FORM: F-6) , PAGE 2
STATION: STURGEON BAY WI
MONTH: SEPTEMBER
YEAR: 2019
LATITUDE: 44 55 N
LONGITUDE: 87 25 W
[TEMPERATURE DATA] [PRECIPITATION DATA] SYMBOLS USED IN COLUMN 16
AVERAGE MONTHLY: 62.5 TOTAL FOR MONTH: 3.59 1 = FOG OR MIST
DPTR FM NORMAL: M DPTR FM NORMAL: M 2 = FOG REDUCING VISIBILITY
HIGHEST: 80 ON 10 GRTST 24HR 0.74 ON 27-27 TO 1/4 MILE OR LESS
LOWEST: 48 ON 9 3 = THUNDER
SNOW, ICE PELLETS, HAIL 4 = ICE PELLETS
TOTAL MONTH: 0.0 INCH 5 = HAIL
GRTST 24HR 0.0 6 = FREEZING RAIN OR DRIZZLE
GRTST DEPTH: 0 7 = DUSTSTORM OR SANDSTORM:
VSBY 1/2 MILE OR LESS
8 = SMOKE OR HAZE
[NO. OF DAYS WITH] [WEATHER - DAYS WITH] 9 = BLOWING SNOW
X = TORNADO
MAX 32 OR BELOW: 0 0.01 INCH OR MORE: 12
MAX 90 OR ABOVE: 0 0.10 INCH OR MORE: 6
MIN 32 OR BELOW: 0 0.50 INCH OR MORE: 5
MIN 0 OR BELOW: 0 1.00 INCH OR MORE: 0
[HDD (BASE 65) ]
TOTAL THIS MO. 91 CLEAR (SCALE 0-3) 4
DPTR FM NORMAL M PTCLDY (SCALE 4-7) 18
TOTAL FM JUL 1 129 CLOUDY (SCALE 8-10) 7
DPTR FM NORMAL M
[CDD (BASE 65) ]
TOTAL THIS MO. 25
DPTR FM NORMAL M [PRESSURE DATA]
TOTAL FM JAN 1 324 HIGHEST SLP M ON M
DPTR FM NORMAL 324 LOWEST SLP M ON M
[REMARKS]