000
CXUS53 KGRB 152024
CF6SUE
PRELIMINARY LOCAL CLIMATOLOGICAL DATA (WS FORM: F-6)
STATION: STURGEON BAY WI
MONTH: SEPTEMBER
YEAR: 2023
LATITUDE: 44 55 N
LONGITUDE: 87 25 W
TEMPERATURE IN F: :PCPN: SNOW: WIND :SUNSHINE: SKY :PK WND
================================================================================
1 2 3 4 5 6A 6B 7 8 9 10 11 12 13 14 15 16 17 18
12Z AVG MX 2MIN
DY MAX MIN AVG DEP HDD CDD WTR SNW DPTH SPD SPD DIR MIN PSBL S-S WX SPD DR
================================================================================
1 75 59 67 M 0 2 M M M 11.0 17 180 M M 0 22 180
2 78 66 72 M 0 7 T M M 9.0 14 260 M M 0 3 20 250
3 92 73 83 M 0 18 M M M 11.0 16 250 M M 0 24 250
4 89 71 80 M 0 15 M M M 11.6 17 250 M M 0 23 190
5 81 71 76 M 0 11 T M M 11.8 21 190 M M 1 30 190
6 72 59 66 M 0 1 0.22 M M 10.5 23 360 M M 8 123 31 350
7 59 55 57 M 8 0 0.03 M M 12.9 18 360 M M 10 1 24 360
8 64 50 57 M 8 0 M M M 6.7 12 30 M M 5 M M
9 70 48 59 M 6 0 M M M 2.8 9 130 M M 1 1 M M
10 62 55 59 M 6 0 0.11 M M 3.5 8 30 M M 9 M M
11 61 57 59 M 6 0 0.04 M M 8.1 15 20 M M 10 1 20 20
12 60 53 57 M 8 0 M M M 12.2 17 20 M M 10 25 10
13 60 52 56 M 9 0 0.08 M M 4.9 14 30 M M 10 1 M M
14 67 48 58 M 7 0 M M M 5.5 12 180 M M 2 M M
15 74 55 65 M 0 0 M M M 11.7 15 190 M M 4 23 180
16 72 53 63 M 2 0 0.01 M M 4.3 10 60 M M 3 1 M M
17 63 52 58 M 7 0 T M M 8.5 15 10 M M 5 16 360
18 63 48 56 M 9 0 M M M 4.5 10 340 M M 7 M M
19 66 47 57 M 8 0 M M M 8.1 14 180 M M 8 18 160
20 73 60 67 M 0 2 M M M 7.1 10 180 M M 1 1 M M
21 80 59 70 M 0 5 M M M 3.7 9 160 M M 0 1 M M
22 77 58 68 M 0 3 M M M 4.8 12 210 M M 0 12 M M
23 72 61 67 M 0 2 T M M 7.6 12 140 M M 2 20 140
24 67 59 63 M 2 0 M M M 8.2 14 150 M M 0 18 130
25 73 60 67 M 0 2 M M M 7.4 12 70 M M 5 M M
26 69 61 65 M 0 0 0.11 M M 8.3 13 100 M M 10 1 18 100
27 65 59 62 M 3 0 0.32 M M 7.6 12 110 M M 10 1 17 120
28 68 52 60 M 5 0 T M M 5.2 10 100 M M 5 M M
29 69 51 60 M 5 0 0.01 M M 6.5 13 180 M M 5 12 21 160
30 69 61 65 M 0 0 0.03 M M 9.6 15 180 M M 3 1 17 190
================================================================================
SM 2110 1713 99 68 0.96 M 234.3 M 134
================================================================================
AV 70.3 57.1 7.8 FASTST M M 4 MAX(MPH)
MISC ----> 23 360 31 350
================================================================================
NOTES:
# LAST OF SEVERAL OCCURRENCES
COLUMN 17 PEAK WIND IN M.P.H.
PRELIMINARY LOCAL CLIMATOLOGICAL DATA (WS FORM: F-6) , PAGE 2
STATION: STURGEON BAY WI
MONTH: SEPTEMBER
YEAR: 2023
LATITUDE: 44 55 N
LONGITUDE: 87 25 W
[TEMPERATURE DATA] [PRECIPITATION DATA] SYMBOLS USED IN COLUMN 16
AVERAGE MONTHLY: 63.7 TOTAL FOR MONTH: 0.96 1 = FOG OR MIST
DPTR FM NORMAL: 0.0 DPTR FM NORMAL: M 2 = FOG REDUCING VISIBILITY
HIGHEST: 92 ON 3 GRTST 24HR 0.32 ON 27-27 TO 1/4 MILE OR LESS
LOWEST: 47 ON 19 3 = THUNDER
SNOW, ICE PELLETS, HAIL 4 = ICE PELLETS
TOTAL MONTH: M 5 = HAIL
GRTST 24HR M ON M 6 = FREEZING RAIN OR DRIZZLE
GRTST DEPTH: M ON M 7 = DUSTSTORM OR SANDSTORM:
VSBY 1/2 MILE OR LESS
8 = SMOKE OR HAZE
[NO. OF DAYS WITH] [WEATHER - DAYS WITH] 9 = BLOWING SNOW
X = TORNADO
MAX 32 OR BELOW: 0 0.01 INCH OR MORE: 10
MAX 90 OR ABOVE: 1 0.10 INCH OR MORE: 4
MIN 32 OR BELOW: 0 0.50 INCH OR MORE: 0
MIN 0 OR BELOW: 0 1.00 INCH OR MORE: 0
[HDD (BASE 65) ]
TOTAL THIS MO. 99 CLEAR (SCALE 0-3) 13
DPTR FM NORMAL M PTCLDY (SCALE 4-7) 9
TOTAL FM JUL 1 126 CLOUDY (SCALE 8-10) 8
DPTR FM NORMAL M
[CDD (BASE 65) ]
TOTAL THIS MO. 68
DPTR FM NORMAL M [PRESSURE DATA]
TOTAL FM JAN 1 385 HIGHEST SLP M ON M
DPTR FM NORMAL 385 LOWEST SLP M ON M
[REMARKS]
#FINAL-09-23#