000
CXUS53 KLSX 011400
CF6SUS
PRELIMINARY LOCAL CLIMATOLOGICAL DATA (WS FORM: F-6)
STATION: SPIRIT OF ST LOUIS MO
MONTH: MAY
YEAR: 2023
LATITUDE: 38 39 N
LONGITUDE: 90 38 W
TEMPERATURE IN F: :PCPN: SNOW: WIND :SUNSHINE: SKY :PK WND
================================================================================
1 2 3 4 5 6A 6B 7 8 9 10 11 12 13 14 15 16 17 18
12Z AVG MX 2MIN
DY MAX MIN AVG DEP HDD CDD WTR SNW DPTH SPD SPD DIR MIN PSBL S-S WX SPD DR
================================================================================
1 64 43 54 -7 11 0 0.00 0.0 0 15.4 30 270 M M 2 45 290
2 66 38 52 -10 13 0 0.00 0.0 0 13.2 32 310 M M 1 45 320
3 69 34 52 -10 13 0 0.00 0.0 0 6.0 15 340 M M 0 28 320
4 74 35 55 -7 10 0 0.00 0.0 0 2.8 12 200 M M 0 18 18 200
5 74 50 62 -1 3 0 0.00 0.0 0 6.4 17 190 M M 7 26 160
6 81 61 71 8 0 6 T 0.0 0 7.3 20 170 M M 6 3 30 180
7 91 68 80 17 0 15 0.00 0.0 0 9.2 18 60 M M 1 18 28 200
8 84 61 73 9 0 8 0.36 0.0 0 8.6 30 300 M M 5 13 39 290
9 76 59 68 4 0 3 0.00 0.0 0 6.5 16 50 M M 3 18 23 50
10 81 60 71 7 0 6 0.01 0.0 0 5.5 14 110 M M 2 20 100
11 78 62 70 6 0 5 0.20 0.0 0 5.2 15 110 M M 4 1 27 160
12 81 66 74 9 0 9 0.01 0.0 0 3.6 12 200 M M 5 1 16 200
13 84 63 74 9 0 9 0.17 0.0 0 3.4 16 350 M M 3 13 23 150
14 88 64 76 11 0 11 0.29 0.0 0 2.3 40 290 M M 5 1238 51 300
15 74 63 69 3 0 4 T 0.0 0 7.5 13 50 M M 9 1 16 60
16 67 56 62 -4 3 0 0.19 0.0 0 5.5 13 350 M M 8 1 19 340
17 81 53 67 1 0 2 0.00 0.0 0 2.1 8 10 M M 1 12 12 10
18 81 53 67 0 0 2 0.00 0.0 0 2.6 12 200 M M 1 12 14 250
19 80 56 68 1 0 3 0.03 0.0 0 5.5 16 350 M M 6 18 22 330
20 71 48 60 -7 5 0 0.00 0.0 0 5.2 14 350 M M 1 21 340
21 77 45 61 -7 4 0 0.00 0.0 0 2.6 12 130 M M 0 1 17 120
22 80 45 63 -5 2 0 0.00 0.0 0 3.3 13 100 M M 0 1 18 150
23 84 48 66 -2 0 1 0.00 0.0 0 2.7 15 50 M M 2 3 18 50
24 86 58 72 4 0 7 0.00 0.0 0 4.0 17 80 M M 2 18 24 70
25 80 50 65 -4 0 0 0.00 0.0 0 5.4 16 60 M M 2 22 60
26 76 43 60 -9 5 0 0.00 0.0 0 4.7 16 60 M M 0 23 50
27 81 45 63 -7 2 0 0.00 0.0 0 3.5 14 70 M M 0 26 80
28 81 50 66 -4 0 1 0.00 0.0 0 2.6 13 40 M M 2 19 80
29 84 49 67 -3 0 2 0.00 0.0 0 1.9 9 340 M M 0 13 20
30 88 52 70 0 0 5 0.00 0.0 0 2.5 12 100 M M 1 15 100
31 89 58 74 3 0 9 0.00 0.0 0 2.8 10 150 M M 2 18 17 200
================================================================================
SM 2451 1636 71 108 1.26 0.0 159.8 M 81
================================================================================
AV 79.1 52.8 5.2 FASTST M M 3 MAX(MPH)
MISC ----> 40 290 51 300
================================================================================
NOTES:
# LAST OF SEVERAL OCCURRENCES
COLUMN 17 PEAK WIND IN M.P.H.
PRELIMINARY LOCAL CLIMATOLOGICAL DATA (WS FORM: F-6) , PAGE 2
STATION: SPIRIT OF ST LOUIS MO
MONTH: MAY
YEAR: 2023
LATITUDE: 38 39 N
LONGITUDE: 90 38 W
[TEMPERATURE DATA] [PRECIPITATION DATA] SYMBOLS USED IN COLUMN 16
AVERAGE MONTHLY: 65.9 TOTAL FOR MONTH: 1.26 1 = FOG OR MIST
DPTR FM NORMAL: -0.1 DPTR FM NORMAL: -3.30 2 = FOG REDUCING VISIBILITY
HIGHEST: 91 ON 7 GRTST 24HR 0.36 ON 8- 8 TO 1/4 MILE OR LESS
LOWEST: 34 ON 3 3 = THUNDER
SNOW, ICE PELLETS, HAIL 4 = ICE PELLETS
TOTAL MONTH: 0.0 INCH 5 = HAIL
GRTST 24HR 0.0 6 = FREEZING RAIN OR DRIZZLE
GRTST DEPTH: 0 7 = DUSTSTORM OR SANDSTORM:
VSBY 1/2 MILE OR LESS
8 = SMOKE OR HAZE
[NO. OF DAYS WITH] [WEATHER - DAYS WITH] 9 = BLOWING SNOW
X = TORNADO
MAX 32 OR BELOW: 0 0.01 INCH OR MORE: 8
MAX 90 OR ABOVE: 1 0.10 INCH OR MORE: 5
MIN 32 OR BELOW: 0 0.50 INCH OR MORE: 0
MIN 0 OR BELOW: 0 1.00 INCH OR MORE: 0
[HDD (BASE 65) ]
TOTAL THIS MO. 71 CLEAR (SCALE 0-3) 21
DPTR FM NORMAL -17 PTCLDY (SCALE 4-7) 9
TOTAL FM JUL 1 4528 CLOUDY (SCALE 8-10) 1
DPTR FM NORMAL -116
[CDD (BASE 65) ]
TOTAL THIS MO. 108
DPTR FM NORMAL -12 [PRESSURE DATA]
TOTAL FM JAN 1 116 HIGHEST SLP 30.25 ON 26
DPTR FM NORMAL -38 LOWEST SLP 29.64 ON 1
[REMARKS]
#FINAL-05-23#