000
CXUS54 KEWX 011011
CF6T82
PRELIMINARY LOCAL CLIMATOLOGICAL DATA (WS FORM: F-6)
STATION: FREDERICKSBURG
MONTH: APRIL
YEAR: 2023
LATITUDE: 30 15 N
LONGITUDE: 98 55 W
TEMPERATURE IN F: :PCPN: SNOW: WIND :SUNSHINE: SKY :PK WND
================================================================================
1 2 3 4 5 6A 6B 7 8 9 10 11 12 13 14 15 16 17 18
12Z AVG MX 2MIN
DY MAX MIN AVG DEP HDD CDD WTR SNW DPTH SPD SPD DIR MIN PSBL S-S WX SPD DR
================================================================================
1 80 43 62 M 3 0 0.00 M M 4.2 12 50 M M 1 18 50
2 84 60 72 M 0 7 0.00 M M 7.7 13 210 M M 6 21 200
3 93 62 78 M 0 13 0.00 M M 7.8 17 190 M M 3 1 27 190
4 87 70 79 M 0 14 0.00 M M 8.0 15 210 M M 5 22 210
5 73 56 65 M 0 0 0.12 M M 11.0 21 360 M M 8 37 290
6 56 44 50 M 15 0 0.36 M M 10.0 16 40 M M 9 20 40
7 53 47 50 M 15 0 0.16 M M 8.7 13 20 M M 10 1 18 10
8 71 52 62 M 3 0 0.00 M M 3.1 7 320 M M 6 1 M M
9 72 53 63 M 2 0 0.00 M M 2.9 7 120 M M 10 12 M M
10 73 55 64 M 1 0 0.00 M M 2.3 9 90 M M 6 M M
11 76 50 63 M 2 0 0.00 M M 3.1 10 100 M M 3 1 M M
12 77 44 61 M 4 0 0.00 M M 2.0 7 60 M M 1 M M
13 80 46 63 M 2 0 0.00 M M 7.9 14 160 M M 0 20 190
14 83 60 72 M 0 7 0.00 M M 9.2 15 190 M M 5 1 25 200
15 90 54 72 M 0 7 0.00 M M 9.3 28 210 M M 2 36 210
16 74 52 63 M 2 0 0.00 M M 7.9 15 40 M M 1 22 50
17 77 43 60 M 5 0 0.00 M M 7.2 15 140 M M 0 21 170
18 79 60 70 M 0 5 0.00 M M 10.4 15 150 M M 9 1 24 190
19 79 66 73 M 0 8 0.00 M M 11.2 16 160 M M 10 21 160
20 88 63 76 M 0 11 0.78 M M 8.7 15 180 M M 8 3 28 140
21 79 55 67 M 0 2 0.00 M M 6.1 14 40 M M 4 1 21 360
22 78 50 64 M 1 0 0.26 M M 7.7 15 150 M M 5 3 22 150
23 62 47 55 M 10 0 0.00 M M 10.4 15 30 M M 10 1 23 30
24 68 49 59 M 6 0 0.00 M M 5.4 8 150 M M 10 1 16 150
25 73 59 66 M 0 1 0.00 M M 5.6 12 150 M M 9 1 18 140
26 83 64 74 M 0 9 0.00 M M 10.1 18 330 M M 7 31 330
27 80 57 69 M 0 4 0.00 M M 8.4 18 360 M M 3 8 22 360
28 88 52 70 M 0 5 0.01 M M 12.5 25 340 M M 1 1 33 350
29 75 49 62 M 3 0 0.00 M M 13.0 27 330 M M 0 35 330
30 89 44 67 M 0 2 0.00 M M 6.0 14 200 M M 0 23 260
================================================================================
SM 2320 1606 74 95 1.69 M 227.6 M 152
================================================================================
AV 77.3 53.5 7.6 FASTST M M 5 MAX(MPH)
MISC ----> 28 210 37 290
================================================================================
NOTES:
# LAST OF SEVERAL OCCURRENCES
COLUMN 17 PEAK WIND IN M.P.H.
PRELIMINARY LOCAL CLIMATOLOGICAL DATA (WS FORM: F-6) , PAGE 2
STATION: FREDERICKSBURG
MONTH: APRIL
YEAR: 2023
LATITUDE: 30 15 N
LONGITUDE: 98 55 W
[TEMPERATURE DATA] [PRECIPITATION DATA] SYMBOLS USED IN COLUMN 16
AVERAGE MONTHLY: 65.4 TOTAL FOR MONTH: 1.69 1 = FOG OR MIST
DPTR FM NORMAL: 0.0 DPTR FM NORMAL: M 2 = FOG REDUCING VISIBILITY
HIGHEST: 93 ON 3 GRTST 24HR 0.78 ON 20-20 TO 1/4 MILE OR LESS
LOWEST: 43 ON 17, 1 3 = THUNDER
SNOW, ICE PELLETS, HAIL 4 = ICE PELLETS
TOTAL MONTH: M 5 = HAIL
GRTST 24HR M ON M 6 = FREEZING RAIN OR DRIZZLE
GRTST DEPTH: M ON M 7 = DUSTSTORM OR SANDSTORM:
VSBY 1/2 MILE OR LESS
8 = SMOKE OR HAZE
[NO. OF DAYS WITH] [WEATHER - DAYS WITH] 9 = BLOWING SNOW
X = TORNADO
MAX 32 OR BELOW: 0 0.01 INCH OR MORE: 6
MAX 90 OR ABOVE: 2 0.10 INCH OR MORE: 5
MIN 32 OR BELOW: 0 0.50 INCH OR MORE: 1
MIN 0 OR BELOW: 0 1.00 INCH OR MORE: 0
[HDD (BASE 65) ]
TOTAL THIS MO. 74 CLEAR (SCALE 0-3) 12
DPTR FM NORMAL M PTCLDY (SCALE 4-7) 9
TOTAL FM JUL 1 1813 CLOUDY (SCALE 8-10) 9
DPTR FM NORMAL M
[CDD (BASE 65) ]
TOTAL THIS MO. 95
DPTR FM NORMAL M [PRESSURE DATA]
TOTAL FM JAN 1 162 HIGHEST SLP M ON M
DPTR FM NORMAL M LOWEST SLP M ON M
[REMARKS]
#FINAL-04-23#