000
CXUS52 KTBW 041654
CF6TBW
PRELIMINARY LOCAL CLIMATOLOGICAL DATA (WS FORM: F-6)
STATION: RUSKIN WFO
MONTH: JUNE
YEAR: 2022
LATITUDE: 27 42 N
LONGITUDE: 82 24 W
TEMPERATURE IN F: :PCPN: SNOW: WIND :SUNSHINE: SKY :PK WND
================================================================================
1 2 3 4 5 6A 6B 7 8 9 10 11 12 13 14 15 16 17 18
12Z AVG MX 2MIN
DY MAX MIN AVG DEP HDD CDD WTR SNW DPTH SPD SPD DIR MIN PSBL S-S WX SPD DR
================================================================================
1 89 70 80 0 0 15 0.12 0.0 0 M M M M M M 3 M M
2 92 71 82 2 0 17 2.02 0.0 0 M M M M M M 123 M M
3 80 71 76 -4 0 11 0.02 0.0 0 M M M M M M M M
4 86 72 79 -1 0 14 0.23 0.0 0 M M M M M M M M
5 89 70 80 0 0 15 0.00 0.0 0 M M M M M M M M
6 89 73 81 1 0 16 0.00 0.0 0 M M M M M M M M
7 92 72 82 2 0 17 0.03 0.0 0 M M M M M M 3 M M
8 92 75 84 4 0 19 0.00 0.0 0 M M M M M M M M
9 87 76 82 2 0 17 0.05 0.0 0 M M M M M M 3 M M
10 88 74 81 0 0 16 0.80 0.0 0 M M M M M M 13 M M
11 88 71 80 -1 0 15 1.02 0.0 0 M M M M M M 13 M M
12 89 73 81 0 0 16 0.00 0.0 0 M M M M M M M M
13 91 74 83 2 0 18 0.00 0.0 0 M M M M M M M M
14 95 75 85 4 0 20 0.00 0.0 0 M M M M M M M M
15 96 76 86 5 0 21 0.75 0.0 0 M M M M M M 13 M M
16 96 76 86 5 0 21 0.09 0.0 0 M M M M M M 3 M M
17 95 76 86 5 0 21 T 0.0 0 M M M M M M 3 M M
18 95 75 85 4 0 20 0.00 0.0 0 M M M M M M M M
19 92 74 83 2 0 18 0.22 0.0 0 M M M M M M 13 M M
20 95 73 84 2 0 19 1.90 0.0 0 M M M M M M 123 M M
21 92 74 83 1 0 18 0.00 0.0 0 M M M M M M M M
22 91 70 81 -1 0 16 0.00 0.0 0 M M M M M M M M
23 90 71 81 -1 0 16 0.00 0.0 0 M M M M M M M M
24 92 75 84 2 0 19 0.02 0.0 0 M M M M M M 13 M M
25 90 74 82 0 0 17 0.00 0.0 0 M M M M M M M M
26 93 74 84 2 0 19 0.14 0.0 0 M M M M M M 3 M M
27 93 73 83 1 0 18 T 0.0 0 M M M M M M 3 M M
28 94 74 84 2 0 19 0.00 0.0 0 M M M M M M 3 M M
29 95 74 85 3 0 20 T 0.0 0 M M M M M M 3 M M
30 93 75 84 2 0 19 0.00 0.0 0 M M M M M M 3 M M
================================================================================
SM 2739 2201 0 527 7.41 0.0 M M M
================================================================================
AV 91.3 73.4 M FASTST M M M MAX(MPH)
MISC ----> M M M M
================================================================================
NOTES:
# LAST OF SEVERAL OCCURRENCES
COLUMN 17 PEAK WIND IN M.P.H.
PRELIMINARY LOCAL CLIMATOLOGICAL DATA (WS FORM: F-6) , PAGE 2
STATION: RUSKIN WFO
MONTH: JUNE
YEAR: 2022
LATITUDE: 27 42 N
LONGITUDE: 82 24 W
[TEMPERATURE DATA] [PRECIPITATION DATA] SYMBOLS USED IN COLUMN 16
AVERAGE MONTHLY: 82.3 TOTAL FOR MONTH: 7.41 1 = FOG OR MIST
DPTR FM NORMAL: 1.3 DPTR FM NORMAL: -0.51 2 = FOG REDUCING VISIBILITY
HIGHEST: 96 ON 15,16 GRTST 24HR 2.02 ON 2- 2 TO 1/4 MILE OR LESS
LOWEST: 70 ON 22, 1 3 = THUNDER
SNOW, ICE PELLETS, HAIL 4 = ICE PELLETS
TOTAL MONTH: 0.0 INCH 5 = HAIL
GRTST 24HR 0.0 6 = FREEZING RAIN OR DRIZZLE
GRTST DEPTH: 0 7 = DUSTSTORM OR SANDSTORM:
VSBY 1/2 MILE OR LESS
8 = SMOKE OR HAZE
[NO. OF DAYS WITH] [WEATHER - DAYS WITH] 9 = BLOWING SNOW
X = TORNADO
MAX 32 OR BELOW: 0 0.01 INCH OR MORE: 14
MAX 90 OR ABOVE: 21 0.10 INCH OR MORE: 9
MIN 32 OR BELOW: 0 0.50 INCH OR MORE: 5
MIN 0 OR BELOW: 0 1.00 INCH OR MORE: 3
[HDD (BASE 65) ]
TOTAL THIS MO. 0 CLEAR (SCALE 0-3) 0
DPTR FM NORMAL 0 PTCLDY (SCALE 4-7) 0
TOTAL FM JUL 1 300 CLOUDY (SCALE 8-10) 30
DPTR FM NORMAL -200
[CDD (BASE 65) ]
TOTAL THIS MO. 527
DPTR FM NORMAL 47 [PRESSURE DATA]
TOTAL FM JAN 1 1637 HIGHEST SLP M ON M
DPTR FM NORMAL 298 LOWEST SLP M ON M
[REMARKS]
#FINAL-06-22#