000
CXUS54 KFWD 010731
CF6TKI
PRELIMINARY LOCAL CLIMATOLOGICAL DATA (WS FORM: F-6)
STATION: MCKINNEY
MONTH: MAY
YEAR: 2020
LATITUDE: 33 10 N
LONGITUDE: 96 35 W
TEMPERATURE IN F: :PCPN: SNOW: WIND :SUNSHINE: SKY :PK WND
================================================================================
1 2 3 4 5 6A 6B 7 8 9 10 11 12 13 14 15 16 17 18
12Z AVG MX 2MIN
DY MAX MIN AVG DEP HDD CDD WTR SNW DPTH SPD SPD DIR MIN PSBL S-S WX SPD DR
================================================================================
1 86 56 71 3 0 6 0.00 0.0 0 15.4 26 170 M M 0 34 160
2 87 65 76 8 0 11 0.00 0.0 0 18.1 29 170 M M 0 35 170
3 89 69 79 11 0 14 0.00 0.0 0 13.6 23 180 M M 1 30 200
4 91 70 81 12 0 16 0.00 0.0 0 14.1 26 170 M M 2 36 170
5 79 56 68 -1 0 3 0.02 0.0 0 12.4 29 350 M M 3 3 40 10
6 79 49 64 -5 1 0 0.00 0.0 0 5.2 14 20 M M 0 19 30
7 83 51 67 -3 0 2 T 0.0 0 15.1 47 180 M M 2 3 60 180
8 74 54 64 -6 1 0 0.31 0.0 0 15.0 32 180 M M 6 13 47 180
9 73 48 61 -9 4 0 0.00 0.0 0 6.0 14 110 M M 0 19 130
10 77 49 63 -8 2 0 0.00 0.0 0 4.1 12 110 M M 0 17 50
11 79 53 66 -5 0 1 0.00 0.0 0 8.6 17 170 M M 0 25 130
12 76 65 71 0 0 6 0.33 0.0 0 10.2 21 160 M M 8 13 29 170
13 83 66 75 3 0 10 0.00 0.0 0 13.3 21 180 M M 6 18 27 170
14 87 65 76 4 0 11 0.04 0.0 0 12.7 24 170 M M 3 31 170
15 85 65 75 3 0 10 0.05 0.0 0 12.7 35 50 M M 6 3 49 40
16 69 64 67 -5 0 2 0.64 0.0 0 10.6 22 340 M M 9 13 32 340
17 84 63 74 1 0 9 0.06 0.0 0 10.0 22 310 M M 2 29 340
18 86 60 73 0 0 8 0.00 0.0 0 3.3 9 140 M M 0 13 150
19 87 68 78 5 0 13 0.00 0.0 0 6.8 15 50 M M 0 20 80
20 76 68 72 -2 0 7 0.00 0.0 0 8.5 17 140 M M 10 24 150
21 85 68 77 3 0 12 0.01 0.0 0 8.1 18 160 M M 9 138 25 170
22 90 72 81 7 0 16 T 0.0 0 12.1 29 160 M M 5 3 40 160
23 89 65 77 3 0 12 1.27 0.0 0 13.9 29 180 M M 4 13 40 320
24 86 65 76 1 0 11 0.02 0.0 0 9.8 24 180 M M 3 3 35 180
25 69 64 67 -8 0 2 M 0.0 0 8.9 20 320 M M 8 13 28 310
26 72 61 67 -8 0 2 T 0.0 0 6.2 14 300 M M 6 1 18 300
27 86 58 72 -3 0 7 0.00 0.0 0 2.6 12 310 M M 2 16 310
28 84 67 76 0 0 11 T 0.0 0 7.6 20 360 M M 5 30 340
29 87 62 75 -1 0 10 0.00 0.0 0 8.1 17 50 M M 0 24 60
30 86 62 74 -2 0 9 0.00 0.0 0 4.3 12 110 M M 0 20 140
31 86 59 73 -3 0 8 0.00 0.0 0 4.7 13 70 M M 1 8 19 150
================================================================================
SM 2550 1907 8 229 2.75 0.0 302.0 M 101
================================================================================
AV 82.3 61.5 9.7 FASTST M M 3 MAX(MPH)
MISC ----> # 47 180 # 60 180
================================================================================
NOTES:
# LAST OF SEVERAL OCCURRENCES
COLUMN 17 PEAK WIND IN M.P.H.
PRELIMINARY LOCAL CLIMATOLOGICAL DATA (WS FORM: F-6) , PAGE 2
STATION: MCKINNEY
MONTH: MAY
YEAR: 2020
LATITUDE: 33 10 N
LONGITUDE: 96 35 W
[TEMPERATURE DATA] [PRECIPITATION DATA] SYMBOLS USED IN COLUMN 16
AVERAGE MONTHLY: 71.9 TOTAL FOR MONTH: 2.75 1 = FOG OR MIST
DPTR FM NORMAL: -0.4 DPTR FM NORMAL: -2.59 2 = FOG REDUCING VISIBILITY
HIGHEST: 91 ON 4 GRTST 24HR 1.27 ON 23-23 TO 1/4 MILE OR LESS
LOWEST: 48 ON 9 3 = THUNDER
SNOW, ICE PELLETS, HAIL 4 = ICE PELLETS
TOTAL MONTH: 0.0 INCH 5 = HAIL
GRTST 24HR 0.0 6 = FREEZING RAIN OR DRIZZLE
GRTST DEPTH: 0 7 = DUSTSTORM OR SANDSTORM:
VSBY 1/2 MILE OR LESS
8 = SMOKE OR HAZE
[NO. OF DAYS WITH] [WEATHER - DAYS WITH] 9 = BLOWING SNOW
X = TORNADO
MAX 32 OR BELOW: 0 0.01 INCH OR MORE: 10
MAX 90 OR ABOVE: 2 0.10 INCH OR MORE: 4
MIN 32 OR BELOW: 0 0.50 INCH OR MORE: 2
MIN 0 OR BELOW: 0 1.00 INCH OR MORE: 1
[HDD (BASE 65) ]
TOTAL THIS MO. 8 CLEAR (SCALE 0-3) 18
DPTR FM NORMAL -4 PTCLDY (SCALE 4-7) 9
TOTAL FM JUL 1 2350 CLOUDY (SCALE 8-10) 4
DPTR FM NORMAL -291
[CDD (BASE 65) ]
TOTAL THIS MO. 229
DPTR FM NORMAL -8 [PRESSURE DATA]
TOTAL FM JAN 1 376 HIGHEST SLP M ON M
DPTR FM NORMAL 52 LOWEST SLP 29.63 ON M
[REMARKS]
#FINAL-05-20#