000
CXUS52 KTAE 010900
CF6TLH
PRELIMINARY LOCAL CLIMATOLOGICAL DATA (WS FORM: F-6)
STATION: TALLAHASSEE
MONTH: FEBRUARY
YEAR: 2024
LATITUDE: 30 22 N
LONGITUDE: 84 22 W
TEMPERATURE IN F: :PCPN: SNOW: WIND :SUNSHINE: SKY :PK WND
================================================================================
1 2 3 4 5 6A 6B 7 8 9 10 11 12 13 14 15 16 17 18
12Z AVG MX 2MIN
DY MAX MIN AVG DEP HDD CDD WTR SNW DPTH SPD SPD DIR MIN PSBL S-S WX SPD DR
================================================================================
1 66 31 49 -4 16 0 0.00 0.0 0 2.5 10 160 M M 4 14 170
2 71 39 55 2 10 0 0.00 0.0 0 2.0 10 310 M M 2 17 270
3 75 35 55 1 10 0 0.00 0.0 0 4.8 16 80 M M 4 1 25 90
4 67 50 59 5 6 0 1.49 M M 13.2 33 140 M M 7 1238 46 160
5 65 47 56 2 9 0 T M M 7.5 20 360 M M 8 1 28 10
6 69 41 55 1 10 0 0.00 0.0 0 7.5 18 360 M M 1 25 340
7 68 33 51 -3 14 0 0.00 0.0 M 5.1 14 60 M M 0 21 60
8 71 35 53 -1 12 0 0.00 0.0 M 4.7 17 150 M M 4 24 140
9 74 46 60 6 5 0 0.00 0.0 M 4.6 15 210 M M 2 23 170
10 76 49 63 8 2 0 0.00 0.0 M 5.8 21 180 M M 5 12 29 170
11 77 58 68 13 0 3 0.02 0.0 M 7.2 16 180 M M 10 12 23 170
12 73 59 66 11 0 1 0.41 0.0 0 9.1 20 240 M M 7 13 28 260
13 64 40 52 -3 13 0 0.00 0.0 M 8.3 25 280 M M 2 31 280
14 70 33 52 -4 13 0 0.00 0.0 M 2.5 10 40 M M 1 14 360
15 70 44 57 1 8 0 0.00 0.0 0 2.5 12 180 M M 2 17 200
16 68 47 58 2 7 0 T 0.0 0 2.3 8 190 M M 7 12 12 260
17 64 50 57 1 8 0 0.32 0.0 0 4.2 16 360 M M 10 1 23 350
18 52 38 45 -11 20 0 T 0.0 0 7.2 14 10 M M 9 21 20
19 66 33 50 -6 15 0 0.00 0.0 0 3.2 13 330 M M 1 19 290
20 70 29 50 -7 15 0 0.00 0.0 0 2.2 12 180 M M 0 16 180
21 71 32 52 -5 13 0 0.00 0.0 0 1.6 12 110 M M 0 14 100
22 71 35 53 -4 12 0 0.00 0.0 0 6.1 17 210 M M 1 26 210
23 80 51 66 9 0 1 0.01 0.0 0 9.7 25 280 M M 5 34 260
24 76 39 58 0 7 0 0.00 0.0 0 9.3 26 270 M M 0 36 290
25 73 36 55 -3 10 0 0.00 0.0 0 2.2 10 170 M M 0 14 180
26 74 34 54 -4 11 0 0.00 0.0 0 3.9 16 170 M M 2 12 22 170
27 77 51 64 6 1 0 0.00 0.0 0 8.1 20 170 M M 6 12 32 200
28 80 61 71 13 0 6 0.00 0.0 0 8.6 24 200 M M 7 8 35 200
29 71 53 62 4 3 0 0.00 0.0 0 9.5 15 110 M M 6 24 110
================================================================================
SM 2049 1229 250 11 2.25 0.0 165.4 M 113
================================================================================
AV 70.7 42.4 5.7 FASTST M M 4 MAX(MPH)
MISC ----> 33 140 46 160
================================================================================
NOTES:
# LAST OF SEVERAL OCCURRENCES
COLUMN 17 PEAK WIND IN M.P.H.
PRELIMINARY LOCAL CLIMATOLOGICAL DATA (WS FORM: F-6) , PAGE 2
STATION: TALLAHASSEE
MONTH: FEBRUARY
YEAR: 2024
LATITUDE: 30 22 N
LONGITUDE: 84 22 W
[TEMPERATURE DATA] [PRECIPITATION DATA] SYMBOLS USED IN COLUMN 16
AVERAGE MONTHLY: 56.5 TOTAL FOR MONTH: 2.25 1 = FOG OR MIST
DPTR FM NORMAL: 0.9 DPTR FM NORMAL: -2.03 2 = FOG REDUCING VISIBILITY
HIGHEST: 80 ON 28,23 GRTST 24HR 1.49 ON 4- 4 TO 1/4 MILE OR LESS
LOWEST: 29 ON 20 3 = THUNDER
SNOW, ICE PELLETS, HAIL 4 = ICE PELLETS
TOTAL MONTH: 0.0 INCH 5 = HAIL
GRTST 24HR 0.0 6 = FREEZING RAIN OR DRIZZLE
GRTST DEPTH: 0 7 = DUSTSTORM OR SANDSTORM:
VSBY 1/2 MILE OR LESS
8 = SMOKE OR HAZE
[NO. OF DAYS WITH] [WEATHER - DAYS WITH] 9 = BLOWING SNOW
X = TORNADO
MAX 32 OR BELOW: 0 0.01 INCH OR MORE: 5
MAX 90 OR ABOVE: 0 0.10 INCH OR MORE: 3
MIN 32 OR BELOW: 3 0.50 INCH OR MORE: 1
MIN 0 OR BELOW: 0 1.00 INCH OR MORE: 1
[HDD (BASE 65) ]
TOTAL THIS MO. 250 CLEAR (SCALE 0-3) 14
DPTR FM NORMAL -25 PTCLDY (SCALE 4-7) 12
TOTAL FM JUL 1 1069 CLOUDY (SCALE 8-10) 3
DPTR FM NORMAL -199
[CDD (BASE 65) ]
TOTAL THIS MO. 11
DPTR FM NORMAL -3 [PRESSURE DATA]
TOTAL FM JAN 1 32 HIGHEST SLP 30.34 ON 21
DPTR FM NORMAL 10 LOWEST SLP 29.35 ON 4
[REMARKS]
#FINAL-02-24#