000
CXUS53 KTOP 020355
CF6TOP
PRELIMINARY LOCAL CLIMATOLOGICAL DATA (WS FORM: F-6)
STATION: TOPEKA KS
MONTH: MARCH
YEAR: 2021
LATITUDE: 39 4 N
LONGITUDE: 95 38 W
TEMPERATURE IN F: :PCPN: SNOW: WIND :SUNSHINE: SKY :PK WND
================================================================================
1 2 3 4 5 6A 6B 7 8 9 10 11 12 13 14 15 16 17 18
12Z AVG MX 2MIN
DY MAX MIN AVG DEP HDD CDD WTR SNW DPTH SPD SPD DIR MIN PSBL S-S WX SPD DR
================================================================================
1 56 22 39 0 26 0 0.00 0.0 0 3.7 14 270 M M 0 18 25 10
2 64 22 43 3 22 0 0.00 0.0 0 6.4 20 220 M M 0 28 240
3 72 27 50 10 15 0 0.00 0.0 0 2.6 13 180 M M 0 8 16 180
4 73 29 51 11 14 0 0.00 0.0 0 5.7 20 130 M M 0 8 26 120
5 60 39 50 9 15 0 0.00 0.0 0 8.1 16 100 M M 2 23 170
6 68 30 49 8 16 0 0.00 0.0 0 5.2 15 220 M M 0 12 23 220
7 69 43 56 14 9 0 0.00 0.0 0 10.7 25 180 M M 0 38 230
8 72 45 59 17 6 0 0.00 0.0 0 10.1 23 170 M M 0 31 190
9 75 54 65 23 0 0 0.00 0.0 0 17.4 31 160 M M 1 45 180
10 80 44 62 19 3 0 T 0.0 0 17.8 36 210 M M 6 50 210
11 61 32 47 4 18 0 0.00 0.0 0 6.7 15 10 M M 2 21 360
12 47 38 43 -1 22 0 0.37 0.0 0 9.3 20 70 M M 7 1 26 70
13 53 42 48 4 17 0 0.26 0.0 0 13.4 24 80 M M 10 18 32 80
14 53 44 49 5 16 0 1.06 0.0 0 15.8 24 80 M M 10 1 33 90
15 55 44 50 5 15 0 0.02 0.0 0 8.7 18 80 M M 9 1 25 80
16 59 42 51 6 14 0 T 0.0 0 9.4 18 80 M M 8 1238 25 50
17 45 37 41 -4 24 0 1.41 T 0 16.9 31 10 M M 10 1358 45 10
18 53 35 44 -2 21 0 T 0.0 0 15.2 28 350 M M 9 18 44 340
19 57 31 44 -2 21 0 0.00 0.0 0 4.7 12 70 M M 0 16 80
20 63 28 46 0 19 0 0.00 0.0 0 9.7 23 150 M M 0 30 140
21 68 45 57 10 8 0 0.00 0.0 0 14.5 28 180 M M 1 38 180
22 64 51 58 11 7 0 0.17 0.0 0 10.1 21 150 M M 8 29 140
23 55 50 53 6 12 0 0.25 0.0 0 10.4 20 130 M M 10 13 27 150
24 50 43 47 -1 18 0 0.03 0.0 0 9.7 18 290 M M 10 1 27 280
25 47 39 43 -5 22 0 0.10 0.0 0 4.7 13 10 M M 9 1 18 20
26 66 32 49 1 16 0 0.12 0.0 0 8.3 22 340 M M 6 123 28 350
27 61 44 53 4 12 0 0.09 0.0 0 10.4 23 310 M M 4 1 32 320
28 63 35 49 0 16 0 0.00 0.0 0 6.9 18 340 M M 0 28 320
29 77 50 64 15 1 0 0.00 0.0 0 21.5 31 180 M M 0 53 190
30 64 39 52 2 13 0 0.00 0.0 0 14.7 33 10 M M 5 45 360
31 54 27 41 -9 24 0 0.00 0.0 0 8.4 23 300 M M 2 32 300
================================================================================
SM 1904 1183 462 0 3.88 T 317.1 M 129
================================================================================
AV 61.4 38.2 10.2 FASTST M M 4 MAX(MPH)
MISC ----> 36 210 53 190
================================================================================
NOTES:
# LAST OF SEVERAL OCCURRENCES
COLUMN 17 PEAK WIND IN M.P.H.
PRELIMINARY LOCAL CLIMATOLOGICAL DATA (WS FORM: F-6) , PAGE 2
STATION: TOPEKA KS
MONTH: MARCH
YEAR: 2021
LATITUDE: 39 4 N
LONGITUDE: 95 38 W
[TEMPERATURE DATA] [PRECIPITATION DATA] SYMBOLS USED IN COLUMN 16
AVERAGE MONTHLY: 49.8 TOTAL FOR MONTH: 3.88 1 = FOG OR MIST
DPTR FM NORMAL: 5.0 DPTR FM NORMAL: 1.39 2 = FOG REDUCING VISIBILITY
HIGHEST: 80 ON 10 GRTST 24HR 1.41 ON 17-17 TO 1/4 MILE OR LESS
LOWEST: 22 ON 2, 1 3 = THUNDER
SNOW, ICE PELLETS, HAIL 4 = ICE PELLETS
TOTAL MONTH: T 5 = HAIL
GRTST 24HR T ON 17-17 6 = FREEZING RAIN OR DRIZZLE
GRTST DEPTH: 0 7 = DUSTSTORM OR SANDSTORM:
VSBY 1/2 MILE OR LESS
8 = SMOKE OR HAZE
[NO. OF DAYS WITH] [WEATHER - DAYS WITH] 9 = BLOWING SNOW
X = TORNADO
MAX 32 OR BELOW: 0 0.01 INCH OR MORE: 11
MAX 90 OR ABOVE: 0 0.10 INCH OR MORE: 8
MIN 32 OR BELOW: 10 0.50 INCH OR MORE: 2
MIN 0 OR BELOW: 0 1.00 INCH OR MORE: 2
[HDD (BASE 65) ]
TOTAL THIS MO. 462 CLEAR (SCALE 0-3) 16
DPTR FM NORMAL -166 PTCLDY (SCALE 4-7) 6
TOTAL FM JUL 1 4361 CLOUDY (SCALE 8-10) 9
DPTR FM NORMAL -234
[CDD (BASE 65) ]
TOTAL THIS MO. 0
DPTR FM NORMAL -3 [PRESSURE DATA]
TOTAL FM JAN 1 0 HIGHEST SLP 30.54 ON 31
DPTR FM NORMAL -3 LOWEST SLP 29.44 ON 23
[REMARKS]
#FINAL-03-21#