000
CXUS53 KTOP 010810
CF6TOP
PRELIMINARY LOCAL CLIMATOLOGICAL DATA (WS FORM: F-6)
STATION: TOPEKA KS
MONTH: JULY
YEAR: 2023
LATITUDE: 39 4 N
LONGITUDE: 95 38 W
TEMPERATURE IN F: :PCPN: SNOW: WIND :SUNSHINE: SKY :PK WND
================================================================================
1 2 3 4 5 6A 6B 7 8 9 10 11 12 13 14 15 16 17 18
12Z AVG MX 2MIN
DY MAX MIN AVG DEP HDD CDD WTR SNW DPTH SPD SPD DIR MIN PSBL S-S WX SPD DR
================================================================================
1 89 71 80 1 0 15 T 0.0 0 7.1 21 10 M M 5 3 27 360
2 91 67 79 0 0 14 0.00 0.0 0 5.4 14 300 M M 3 20 310
3 94 64 79 0 0 14 0.00 0.0 0 3.0 9 60 M M 0 18 13 200
4 99 66 83 4 0 18 0.32 0.0 0 6.8 36 310 M M 1 13 50 300
5 84 68 76 -3 0 11 0.37 0.0 0 5.3 14 20 M M 3 13 18 30
6 81 65 73 -6 0 8 0.00 0.0 0 4.6 10 40 M M 1 15 20
7 86 65 76 -3 0 11 T 0.0 0 5.0 17 30 M M 3 25 30
8 79 66 73 -6 0 8 0.00 0.0 0 6.8 17 10 M M 6 22 350
9 85 61 73 -7 0 8 0.00 0.0 0 2.3 13 50 M M 1 17 30
10 91 59 75 -5 0 10 0.00 0.0 0 4.7 14 200 M M 0 1 19 210
11 96 71 84 4 0 19 0.00 0.0 0 6.2 13 150 M M 1 19 200
12 96 74 85 5 0 20 0.00 0.0 0 8.5 20 40 M M 4 28 50
13 95 73 84 4 0 19 0.00 0.0 0 4.0 14 20 M M 1 20 20
14 96 67 82 2 0 17 2.56 0.0 0 4.7 49 320 M M 3 123 72 320
15 90 66 78 -2 0 13 0.00 0.0 0 3.5 13 280 M M 0 1 17 280
16 87 67 77 -3 0 12 0.13 0.0 0 4.0 24 360 M M 2 123 33 350
17 92 68 80 0 0 15 0.00 0.0 0 5.1 21 10 M M 3 12 26 20
18 84 71 78 -2 0 13 0.12 0.0 0 8.2 25 360 M M 4 138 38 350
19 85 73 79 -1 0 14 T 0.0 0 5.0 12 60 M M 6 17 10
20 90 71 81 1 0 16 T 0.0 0 6.3 15 30 M M 2 21 40
21 83 66 75 -5 0 10 T 0.0 0 4.3 13 10 M M 3 1 18 10
22 89 62 76 -4 0 11 0.00 0.0 0 3.0 12 240 M M 1 1 16 240
23 95 63 79 -1 0 14 0.00 0.0 0 2.8 13 290 M M 0 1 18 290
24 93 73 83 3 0 18 T 0.0 0 7.9 28 350 M M 1 3 46 340
25 102 74 88 8 0 23 0.00 0.0 0 8.6 17 190 M M 0 28 180
26 103 82 93 13 0 28 T 0.0 0 7.4 18 200 M M 0 3 29 230
27 99 77 88 8 0 23 0.00 0.0 0 8.6 21 190 M M 0 28 170
28 104 81 93 13 0 28 T 0.0 0 9.4 26 260 M M 0 41 270
29 91 71 81 1 0 16 T 0.0 0 5.1 31 310 M M 0 3 45 310
30 94 67 81 1 0 16 0.69 0.0 0 7.4 30 360 M M 2 123 42 350
31 88 71 80 0 0 15 0.28 0.0 0 8.4 16 120 M M 3 13 23 10
================================================================================
SM 2831 2140 0 477 4.47 0.0 179.4 M 59
================================================================================
AV 91.3 69.0 5.8 FASTST M M 2 MAX(MPH)
MISC ----> 49 320 72 320
================================================================================
NOTES:
# LAST OF SEVERAL OCCURRENCES
COLUMN 17 PEAK WIND IN M.P.H.
PRELIMINARY LOCAL CLIMATOLOGICAL DATA (WS FORM: F-6) , PAGE 2
STATION: TOPEKA KS
MONTH: JULY
YEAR: 2023
LATITUDE: 39 4 N
LONGITUDE: 95 38 W
[TEMPERATURE DATA] [PRECIPITATION DATA] SYMBOLS USED IN COLUMN 16
AVERAGE MONTHLY: 80.2 TOTAL FOR MONTH: 4.47 1 = FOG OR MIST
DPTR FM NORMAL: 0.4 DPTR FM NORMAL: 0.48 2 = FOG REDUCING VISIBILITY
HIGHEST: 104 ON 28 GRTST 24HR 2.56 ON 14-14 TO 1/4 MILE OR LESS
LOWEST: 59 ON 10 3 = THUNDER
SNOW, ICE PELLETS, HAIL 4 = ICE PELLETS
TOTAL MONTH: 0.0 INCH 5 = HAIL
GRTST 24HR 0.0 6 = FREEZING RAIN OR DRIZZLE
GRTST DEPTH: 0 7 = DUSTSTORM OR SANDSTORM:
VSBY 1/2 MILE OR LESS
8 = SMOKE OR HAZE
[NO. OF DAYS WITH] [WEATHER - DAYS WITH] 9 = BLOWING SNOW
X = TORNADO
MAX 32 OR BELOW: 0 0.01 INCH OR MORE: 7
MAX 90 OR ABOVE: 19 0.10 INCH OR MORE: 7
MIN 32 OR BELOW: 0 0.50 INCH OR MORE: 2
MIN 0 OR BELOW: 0 1.00 INCH OR MORE: 1
[HDD (BASE 65) ]
TOTAL THIS MO. 0 CLEAR (SCALE 0-3) 25
DPTR FM NORMAL 0 PTCLDY (SCALE 4-7) 6
TOTAL FM JUL 1 0 CLOUDY (SCALE 8-10) 0
DPTR FM NORMAL 0
[CDD (BASE 65) ]
TOTAL THIS MO. 477
DPTR FM NORMAL 20 [PRESSURE DATA]
TOTAL FM JAN 1 1041 HIGHEST SLP M ON M
DPTR FM NORMAL 120 LOWEST SLP 29.71 ON 14
[REMARKS]
#FINAL-07-23#