000
CXUS55 KCYS 171339
CF6TOR
PRELIMINARY LOCAL CLIMATOLOGICAL DATA (WS FORM: F-6)
STATION: TORRINGTON WY AIRPORT
MONTH: AUGUST
YEAR: 2021
LATITUDE: 42 3 N
LONGITUDE: 104 9 W
TEMPERATURE IN F: :PCPN: SNOW: WIND :SUNSHINE: SKY :PK WND
================================================================================
1 2 3 4 5 6A 6B 7 8 9 10 11 12 13 14 15 16 17 18
12Z AVG MX 2MIN
DY MAX MIN AVG DEP HDD CDD WTR SNW DPTH SPD SPD DIR MIN PSBL S-S WX SPD DR
================================================================================
1 88 56 72 -2 0 7 0.00 M M 4.9 13 160 M M 0 18 17 140
2 92 54 73 -1 0 8 0.00 M M 5.9 15 130 M M 0 8 19 130
3 94 58 76 2 0 11 T M M 9.0 25 320 M M 1 38 330
4 89 63 76 2 0 11 0.05 M M 8.0 21 350 M M 3 18 30 350
5 97 51 74 0 0 9 T M M 7.0 33 10 M M 0 3 47 360
6 92 53 73 -1 0 8 T M M 9.1 25 30 M M 1 3 36 300
7 86 57 72 -2 0 7 0.00 M M 7.7 21 330 M M 0 8 29 340
8 98 51 75 1 0 10 0.00 M M 4.6 14 260 M M 0 8 20 250
9 92 57 75 2 0 10 T M M 7.1 16 90 M M 0 8 21 320
10 97 53 75 2 0 10 0.00 M M 8.5 24 270 M M 0 38 260
11 98 53 76 3 0 11 0.00 M M 6.9 18 360 M M 0 8 22 360
12 88 61 75 2 0 10 0.00 M M 9.8 18 140 M M 0 26 140
13 86 54 70 -3 0 5 0.00 M M 10.2 18 110 M M 1 27 140
14 95 62 79 7 0 14 0.00 M M 8.7 17 110 M M 0 18 25 120
15 95 60 78 6 0 13 0.00 M M 5.9 13 260 M M 0 20 130
16 98 55 77 5 0 12 0.00 M M 6.9 16 160 M M 0 24 150
17 100 57 79 7 0 14 0.00 M M 8.8 30 210 M M 0 39 210
18 96 61 79 7 0 14 0.98 M M 8.6 48 150 M M 2 138 65 160
19 79 58 69 -2 0 4 0.73 M M 8.9 28 280 M M 7 138 40 290
20 76 52 64 -7 1 0 0.07 M M 13.0 31 280 M M 2 1 42 280
21 85 46 66 -5 0 1 0.00 M M 11.3 29 190 M M 0 37 190
22 88 58 73 2 0 8 0.01 M M 14.3 31 290 M M 1 46 270
23 95 50 73 3 0 8 T M M 3.5 25 300 M M 0 38 38 290
24 94 54 74 4 0 9 0.00 M M 6.9 24 50 M M 0 35 30
25 83 55 69 -1 0 4 0.00 M M 11.2 22 110 M M 1 33 120
26 88 61 75 5 0 10 T M M 9.6 28 330 M M 1 13 42 340
27 92 51 72 3 0 7 0.00 M M 5.8 18 130 M M 0 24 130
28 83 55 69 0 0 4 0.00 M M 10.6 23 360 M M 3 30 360
29 83 48 66 -3 0 1 0.00 M M 11.1 26 160 M M 2 42 150
30 90 56 73 4 0 8 0.00 M M 5.8 14 130 M M 2 12 19 130
31 87 51 69 1 0 4 0.00 M M 7.0 15 120 M M 1 1 23 120
================================================================================
SM 2804 1711 1 252 1.84 M 256.6 M 28
================================================================================
AV 90.5 55.2 8.3 FASTST M M 1 MAX(MPH)
MISC ----> 48 150 65 160
================================================================================
NOTES:
# LAST OF SEVERAL OCCURRENCES
COLUMN 17 PEAK WIND IN M.P.H.
PRELIMINARY LOCAL CLIMATOLOGICAL DATA (WS FORM: F-6) , PAGE 2
STATION: TORRINGTON WY AIRPORT
MONTH: AUGUST
YEAR: 2021
LATITUDE: 42 3 N
LONGITUDE: 104 9 W
[TEMPERATURE DATA] [PRECIPITATION DATA] SYMBOLS USED IN COLUMN 16
AVERAGE MONTHLY: 72.8 TOTAL FOR MONTH: 1.84 1 = FOG OR MIST
DPTR FM NORMAL: 1.0 DPTR FM NORMAL: 0.87 2 = FOG REDUCING VISIBILITY
HIGHEST: 100 ON 17 GRTST 24HR 1.21 ON 18-19 TO 1/4 MILE OR LESS
LOWEST: 46 ON 21 3 = THUNDER
SNOW, ICE PELLETS, HAIL 4 = ICE PELLETS
TOTAL MONTH: M 5 = HAIL
GRTST 24HR M ON M 6 = FREEZING RAIN OR DRIZZLE
GRTST DEPTH: M ON M 7 = DUSTSTORM OR SANDSTORM:
VSBY 1/2 MILE OR LESS
8 = SMOKE OR HAZE
[NO. OF DAYS WITH] [WEATHER - DAYS WITH] 9 = BLOWING SNOW
X = TORNADO
MAX 32 OR BELOW: 0 0.01 INCH OR MORE: 5
MAX 90 OR ABOVE: 17 0.10 INCH OR MORE: 2
MIN 32 OR BELOW: 0 0.50 INCH OR MORE: 2
MIN 0 OR BELOW: 0 1.00 INCH OR MORE: 0
[HDD (BASE 65) ]
TOTAL THIS MO. 1 CLEAR (SCALE 0-3) 29
DPTR FM NORMAL -14 PTCLDY (SCALE 4-7) 2
TOTAL FM JUL 1 1 CLOUDY (SCALE 8-10) 0
DPTR FM NORMAL -14
[CDD (BASE 65) ]
TOTAL THIS MO. 252
DPTR FM NORMAL 27 [PRESSURE DATA]
TOTAL FM JAN 1 843 HIGHEST SLP 30.26 ON 1
DPTR FM NORMAL 179 LOWEST SLP 29.55 ON 17
[REMARKS]
#FINAL-08-21#