005
CXUS54 KFWD 110129
CF6TRL
PRELIMINARY LOCAL CLIMATOLOGICAL DATA (WS FORM: F-6)
STATION: TERRELL
MONTH: JUNE
YEAR: 2020
LATITUDE: 32 42 N
LONGITUDE: 96 16 W
TEMPERATURE IN F: :PCPN: SNOW: WIND :SUNSHINE: SKY :PK WND
================================================================================
1 2 3 4 5 6A 6B 7 8 9 10 11 12 13 14 15 16 17 18
12Z AVG MX 2MIN
DY MAX MIN AVG DEP HDD CDD WTR SNW DPTH SPD SPD DIR MIN PSBL S-S WX SPD DR
================================================================================
1 86 66 76 -2 0 11 0.00 0.0 0 5.6 14 120 M M 1 19 170
2 90 67 79 1 0 14 0.00 0.0 0 4.6 13 180 M M 1 20 170
3 92 72 82 4 0 17 0.00 0.0 0 6.9 14 180 M M 1 17 170
4 94 73 84 6 0 19 0.00 0.0 0 9.1 17 180 M M 2 26 160
5 94 76 85 7 0 20 0.00 0.0 0 7.3 15 180 M M 1 23 180
6 97 72 85 6 0 20 T 0.0 0 4.3 20 60 M M 0 3 26 60
7 94 73 84 5 0 19 0.00 0.0 0 6.8 16 70 M M 0 24 60
8 96 75 86 7 0 21 0.00 0.0 0 5.3 10 280 M M 1 15 290
9 99 75 87 8 0 22 0.00 0.0 0 13.3 26 320 M M 1 39 300
10 89 64 77 -3 0 12 0.00 0.0 0 9.9 21 320 M M 0 32 320
11 91 58 75 -5 0 10 0.00 0.0 0 3.8 14 80 M M 0 21 70
12 91 61 76 -4 0 11 0.00 0.0 0 4.6 12 60 M M 0 18 50
13 93 65 79 -1 0 14 0.00 0.0 0 3.6 13 30 M M 0 19 140
14 93 66 80 0 0 15 0.00 0.0 0 5.9 16 120 M M 0 23 110
15 95 69 82 2 0 17 0.00 0.0 0 6.0 13 70 M M 2 8 20 70
16 92 73 83 2 0 18 0.00 0.0 0 6.9 15 160 M M 0 21 170
17 93 71 82 1 0 17 0.00 0.0 0 8.2 20 170 M M 0 28 170
18 93 73 83 2 0 18 0.00 0.0 0 10.4 20 160 M M 0 28 180
19 94 71 83 2 0 18 0.07 0.0 0 10.9 20 350 M M 2 30 160
20 88 67 78 -3 0 13 1.40 0.0 0 6.9 22 260 M M 5 13 29 250
21 90 74 82 0 0 17 T 0.0 0 9.8 24 170 M M 3 30 170
22 90 69 80 -2 0 15 0.12 0.0 0 8.6 23 10 M M 2 13 35 20
23 86 72 79 -3 0 14 0.01 0.0 0 8.2 21 120 M M 6 13 29 130
24 90 71 81 -1 0 16 0.00 0.0 0 6.3 13 60 M M 3 20 80
25 89 71 80 -2 0 15 T 0.0 0 5.9 17 160 M M 5 13 24 160
26 88 75 82 0 0 17 0.26 0.0 0 12.6 25 220 M M 6 138 37 220
27 91 75 83 1 0 18 0.00 0.0 0 12.0 24 180 M M 5 8 32 180
28 90 77 84 2 0 19 0.01 0.0 0 13.7 28 170 M M 3 3 36 170
29 92 80 86 4 0 21 0.00 0.0 0 16.2 25 180 M M 5 38 180
30 92 80 86 4 0 21 0.00 0.0 0 14.3 24 180 M M 4 33 180
================================================================================
SM 2752 2131 0 499 1.87 0.0 247.9 M 59
================================================================================
AV 91.7 71.0 8.3 FASTST M M 2 MAX(MPH)
MISC ----> # 28 170 # 39 300
================================================================================
NOTES:
# LAST OF SEVERAL OCCURRENCES
COLUMN 17 PEAK WIND IN M.P.H.
PRELIMINARY LOCAL CLIMATOLOGICAL DATA (WS FORM: F-6) , PAGE 2
STATION: TERRELL
MONTH: JUNE
YEAR: 2020
LATITUDE: 32 42 N
LONGITUDE: 96 16 W
[TEMPERATURE DATA] [PRECIPITATION DATA] SYMBOLS USED IN COLUMN 16
AVERAGE MONTHLY: 81.4 TOTAL FOR MONTH: 1.87 1 = FOG OR MIST
DPTR FM NORMAL: 1.0 DPTR FM NORMAL: -2.27 2 = FOG REDUCING VISIBILITY
HIGHEST: 99 ON 9 GRTST 24HR 1.40 ON 20-20 TO 1/4 MILE OR LESS
LOWEST: 58 ON 11 3 = THUNDER
SNOW, ICE PELLETS, HAIL 4 = ICE PELLETS
TOTAL MONTH: 0.0 INCH 5 = HAIL
GRTST 24HR 0.0 6 = FREEZING RAIN OR DRIZZLE
GRTST DEPTH: 0 7 = DUSTSTORM OR SANDSTORM:
VSBY 1/2 MILE OR LESS
8 = SMOKE OR HAZE
[NO. OF DAYS WITH] [WEATHER - DAYS WITH] 9 = BLOWING SNOW
X = TORNADO
MAX 32 OR BELOW: 0 0.01 INCH OR MORE: 6
MAX 90 OR ABOVE: 24 0.10 INCH OR MORE: 3
MIN 32 OR BELOW: 0 0.50 INCH OR MORE: 1
MIN 0 OR BELOW: 0 1.00 INCH OR MORE: 1
[HDD (BASE 65) ]
TOTAL THIS MO. 0 CLEAR (SCALE 0-3) 22
DPTR FM NORMAL 0 PTCLDY (SCALE 4-7) 8
TOTAL FM JUL 1 2008 CLOUDY (SCALE 8-10) 0
DPTR FM NORMAL -347
[CDD (BASE 65) ]
TOTAL THIS MO. 499
DPTR FM NORMAL 37 [PRESSURE DATA]
TOTAL FM JAN 1 913 HIGHEST SLP 30.30 ON 12
DPTR FM NORMAL 75 LOWEST SLP 29.55 ON 8
[REMARKS]
#FINAL-06-20#