000
CXUS56 KSGX 011045
CF6TRM
PRELIMINARY LOCAL CLIMATOLOGICAL DATA (WS FORM: F-6)
STATION: THERMAL AIRPORT CA
MONTH: MAY
YEAR: 2023
LATITUDE: 33 37 N
LONGITUDE: 116 10 W
TEMPERATURE IN F: :PCPN: SNOW: WIND :SUNSHINE: SKY :PK WND
================================================================================
1 2 3 4 5 6A 6B 7 8 9 10 11 12 13 14 15 16 17 18
12Z AVG MX 2MIN
DY MAX MIN AVG DEP HDD CDD WTR SNW DPTH SPD SPD DIR MIN PSBL S-S WX SPD DR
================================================================================
1 85 60 73 -2 0 8 0.00 M M 16.5 28 330 M M 0 8 39 340
2 81 58 70 -5 0 5 0.00 M M 12.7 24 340 M M 0 8 31 340
3 82 58 70 -5 0 5 0.00 M M 12.7 26 330 M M 0 8 34 330
4 76 55 66 -10 0 1 T M M 10.1 21 280 M M 2 28 280
5 80 59 70 -6 0 5 0.00 M M 12.4 21 330 M M 0 8 30 340
6 85 59 72 -4 0 7 0.00 M M 12.4 25 340 M M 0 8 34 340
7 87 62 75 -1 0 10 0.00 M M 11.4 22 320 M M 0 8 29 320
8 92 64 78 1 0 13 0.00 M M 11.7 23 320 M M 0 8 30 330
9 90 64 77 0 0 12 0.00 M M 12.5 30 300 M M 0 8 39 320
10 83 61 72 -5 0 7 0.00 M M 16.1 26 320 M M 0 8 39 320
11 90 63 77 -1 0 12 0.00 M M 9.3 17 330 M M 0 8 23 330
12 100 64 82 4 0 17 0.00 M M 7.7 15 140 M M 0 8 20 140
13 105 65 85 7 0 20 0.00 M M 9.2 22 320 M M 0 26 330
14 99 63 81 3 0 16 0.00 M M 6.9 16 140 M M 0 21 140
15 98 57 78 -1 0 13 0.00 M M 5.8 18 130 M M 0 8 23 130
16 104 63 84 5 0 19 0.00 M M 6.9 15 130 M M 0 8 19 120
17 102 62 82 3 0 17 0.00 M M 6.4 16 150 M M 0 8 21 110
18 98 62 80 1 0 15 0.00 M M 6.6 14 150 M M 0 8 20 120
19 96 66 81 1 0 16 0.00 M M 5.8 18 130 M M 0 8 26 140
20 97 69 83 3 0 18 0.14 M M 7.0 16 130 M M 1 138 22 140
21 101 68 85 5 0 20 0.00 M M 7.1 21 340 M M 0 26 350
22 100 64 82 2 0 17 0.00 M M 5.8 18 140 M M 0 24 130
23 99 69 84 3 0 19 0.00 M M 8.7 21 330 M M 0 8 26 330
24 97 65 81 0 0 16 0.00 M M 9.0 24 330 M M 0 30 330
25 94 66 80 -1 0 15 0.00 M M 11.0 26 330 M M 0 8 33 330
26 91 64 78 -3 0 13 0.00 M M 13.7 25 330 M M 0 8 35 320
27 95 66 81 -1 0 16 0.00 M M 10.2 22 330 M M 0 8 28 330
28 95 68 82 0 0 17 0.00 M M 10.6 23 330 M M 0 8 27 340
29 93 67 80 -2 0 15 0.00 M M 10.5 21 330 M M 0 29 320
30 93 66 80 -2 0 15 0.00 M M 14.6 30 340 M M 0 8 40 340
31 88 64 76 -6 0 11 0.00 M M 17.8 28 330 M M 0 8 35 320
================================================================================
SM 2876 1961 0 410 0.14 M 319.1 M 3
================================================================================
AV 92.8 63.3 10.3 FASTST M M 0 MAX(MPH)
MISC ----> # 30 300 40 340
================================================================================
NOTES:
# LAST OF SEVERAL OCCURRENCES
COLUMN 17 PEAK WIND IN M.P.H.
PRELIMINARY LOCAL CLIMATOLOGICAL DATA (WS FORM: F-6) , PAGE 2
STATION: THERMAL AIRPORT CA
MONTH: MAY
YEAR: 2023
LATITUDE: 33 37 N
LONGITUDE: 116 10 W
[TEMPERATURE DATA] [PRECIPITATION DATA] SYMBOLS USED IN COLUMN 16
AVERAGE MONTHLY: 78.0 TOTAL FOR MONTH: 0.14 1 = FOG OR MIST
DPTR FM NORMAL: -0.7 DPTR FM NORMAL: 0.13 2 = FOG REDUCING VISIBILITY
HIGHEST: 105 ON 13 GRTST 24HR 0.14 ON 20-20 TO 1/4 MILE OR LESS
LOWEST: 55 ON 4 3 = THUNDER
SNOW, ICE PELLETS, HAIL 4 = ICE PELLETS
TOTAL MONTH: M 5 = HAIL
GRTST 24HR M ON M 6 = FREEZING RAIN OR DRIZZLE
GRTST DEPTH: M ON M 7 = DUSTSTORM OR SANDSTORM:
VSBY 1/2 MILE OR LESS
8 = SMOKE OR HAZE
[NO. OF DAYS WITH] [WEATHER - DAYS WITH] 9 = BLOWING SNOW
X = TORNADO
MAX 32 OR BELOW: 0 0.01 INCH OR MORE: 1
MAX 90 OR ABOVE: 22 0.10 INCH OR MORE: 1
MIN 32 OR BELOW: 0 0.50 INCH OR MORE: 0
MIN 0 OR BELOW: 0 1.00 INCH OR MORE: 0
[HDD (BASE 65) ]
TOTAL THIS MO. 0 CLEAR (SCALE 0-3) 31
DPTR FM NORMAL -2 PTCLDY (SCALE 4-7) 0
TOTAL FM JUL 1 1519 CLOUDY (SCALE 8-10) 0
DPTR FM NORMAL 414
[CDD (BASE 65) ]
TOTAL THIS MO. 410
DPTR FM NORMAL -18 [PRESSURE DATA]
TOTAL FM JAN 1 676 HIGHEST SLP 30.05 ON 20
DPTR FM NORMAL -42 LOWEST SLP 29.57 ON 1
[REMARKS]
#FINAL-05-23#