000
CXUS56 KSGX 011145
CF6TRM
PRELIMINARY LOCAL CLIMATOLOGICAL DATA (WS FORM: F-6)
STATION: THERMAL AIRPORT CA
MONTH: FEBRUARY
YEAR: 2021
LATITUDE: 33 37 N
LONGITUDE: 116 10 W
TEMPERATURE IN F: :PCPN: SNOW: WIND :SUNSHINE: SKY :PK WND
================================================================================
1 2 3 4 5 6A 6B 7 8 9 10 11 12 13 14 15 16 17 18
12Z AVG MX 2MIN
DY MAX MIN AVG DEP HDD CDD WTR SNW DPTH SPD SPD DIR MIN PSBL S-S WX SPD DR
================================================================================
1 73 52 63 7 2 0 T M M 2.4 9 300 M M 3 11 300
2 81 55 68 12 0 3 0.00 M M 3.4 8 140 M M 0 11 160
3 82 46 64 8 1 0 0.00 M M 5.1 18 340 M M 0 23 340
4 76 43 60 4 5 0 0.00 M M 5.8 16 300 M M 0 23 310
5 81 36 59 3 6 0 0.00 M M 4.1 12 340 M M 0 13 140
6 83 40 62 6 3 0 0.00 M M 4.0 12 140 M M 0 14 140
7 79 35 57 0 8 0 0.00 M M 4.4 12 140 M M 0 13 140
8 76 35 56 -1 9 0 0.00 M M 3.8 12 140 M M 0 14 140
9 70 40 55 -2 10 0 0.00 M M 3.1 10 330 M M 0 14 330
10 82 55 69 12 0 4 0.00 M M 8.3 20 340 M M 0 26 340
11 81 42 62 5 3 0 0.00 M M 5.0 14 320 M M 0 17 310
12 75 56 66 9 0 1 T M M 9.3 31 340 M M 1 8 40 340
13 77 47 62 4 3 0 0.00 M M 9.8 28 320 M M 0 8 34 320
14 75 46 61 3 4 0 0.00 M M 9.7 25 330 M M 0 32 340
15 69 40 55 -3 10 0 0.00 M M 3.0 10 150 M M 0 13 140
16 78 43 61 3 4 0 0.00 M M 8.5 20 320 M M 0 29 320
17 74 41 58 0 7 0 0.00 M M 8.6 21 350 M M 0 29 350
18 70 37 54 -5 11 0 0.00 M M 5.9 15 330 M M 0 20 340
19 73 30 52 -7 13 0 0.00 M M 3.6 9 150 M M 0 12 150
20 81 34 58 -1 7 0 0.00 M M 5.8 29 350 M M 0 8 36 360
21 75 41 58 -1 7 0 0.00 M M 6.0 15 280 M M 0 20 310
22 81 35 58 -1 7 0 0.00 M M 4.6 13 300 M M 0 14 270
23 85 35 60 0 5 0 0.00 M M 5.3 14 150 M M 0 17 140
24 84 38 61 1 4 0 0.00 M M 5.1 17 300 M M 0 22 300
25 71 37 54 -6 11 0 0.00 M M 8.6 22 300 M M 0 28 300
26 77 29 53 -7 12 0 0.00 M M 4.5 12 170 M M 0 15 140
27 79 31 55 -6 10 0 0.00 M M 5.5 17 330 M M 0 21 320
28 70 35 53 -8 12 0 0.00 M M 7.4 17 310 M M 0 23 310
================================================================================
SM 2158 1134 174 8 T M 160.6 M 4
================================================================================
AV 77.1 40.5 5.7 FASTST M M 0 MAX(MPH)
MISC ----> 31 340 40 340
================================================================================
NOTES:
# LAST OF SEVERAL OCCURRENCES
COLUMN 17 PEAK WIND IN M.P.H.
PRELIMINARY LOCAL CLIMATOLOGICAL DATA (WS FORM: F-6) , PAGE 2
STATION: THERMAL AIRPORT CA
MONTH: FEBRUARY
YEAR: 2021
LATITUDE: 33 37 N
LONGITUDE: 116 10 W
[TEMPERATURE DATA] [PRECIPITATION DATA] SYMBOLS USED IN COLUMN 16
AVERAGE MONTHLY: 58.8 TOTAL FOR MONTH: T 1 = FOG OR MIST
DPTR FM NORMAL: 0.7 DPTR FM NORMAL: -0.66 2 = FOG REDUCING VISIBILITY
HIGHEST: 85 ON 23 GRTST 24HR T ON 1- 1 TO 1/4 MILE OR LESS
LOWEST: 29 ON 26 3 = THUNDER
SNOW, ICE PELLETS, HAIL 4 = ICE PELLETS
TOTAL MONTH: M 5 = HAIL
GRTST 24HR M ON M 6 = FREEZING RAIN OR DRIZZLE
GRTST DEPTH: M ON M 7 = DUSTSTORM OR SANDSTORM:
VSBY 1/2 MILE OR LESS
8 = SMOKE OR HAZE
[NO. OF DAYS WITH] [WEATHER - DAYS WITH] 9 = BLOWING SNOW
X = TORNADO
MAX 32 OR BELOW: 0 0.01 INCH OR MORE: 0
MAX 90 OR ABOVE: 0 0.10 INCH OR MORE: 0
MIN 32 OR BELOW: 3 0.50 INCH OR MORE: 0
MIN 0 OR BELOW: 0 1.00 INCH OR MORE: 0
[HDD (BASE 65) ]
TOTAL THIS MO. 174 CLEAR (SCALE 0-3) 28
DPTR FM NORMAL -31 PTCLDY (SCALE 4-7) 0
TOTAL FM JUL 1 915 CLOUDY (SCALE 8-10) 0
DPTR FM NORMAL -150
[CDD (BASE 65) ]
TOTAL THIS MO. 8
DPTR FM NORMAL -2 [PRESSURE DATA]
TOTAL FM JAN 1 13 HIGHEST SLP 30.42 ON 18
DPTR FM NORMAL 3 LOWEST SLP 29.63 ON 13
[REMARKS]
#FINAL-02-21#