000
CXUS51 KPHI 010915
CF6TTN
PRELIMINARY LOCAL CLIMATOLOGICAL DATA (WS FORM: F-6)
STATION: TRENTON NJ
MONTH: DECEMBER
YEAR: 2023
LATITUDE: 40 16 N
LONGITUDE: 74 49 W
TEMPERATURE IN F: :PCPN: SNOW: WIND :SUNSHINE: SKY :PK WND
================================================================================
1 2 3 4 5 6A 6B 7 8 9 10 11 12 13 14 15 16 17 18
12Z AVG MX 2MIN
DY MAX MIN AVG DEP HDD CDD WTR SNW DPTH SPD SPD DIR MIN PSBL S-S WX SPD DR
================================================================================
1 44 30 37 -4 28 0 0.27 0.0 0 1.2 12 60 M M 5 1 13 60
2 55 44 50 9 15 0 0.00 0.0 0 1.8 7 240 M M 8 12 10 220
3 51 46 49 9 16 0 0.81 0.0 0 5.7 14 100 M M 10 12 20 100
4 50 37 44 4 21 0 0.00 0.0 0 6.4 17 270 M M 2 1 26 270
5 43 30 37 -3 28 0 0.00 0.0 0 3.6 8 360 M M 6 13 290
6 41 32 37 -2 28 0 0.00 0.0 0 9.0 18 340 M M 9 26 330
7 38 28 33 -6 32 0 T T 0 4.4 12 330 M M 7 1 19 260
8 50 28 39 0 26 0 0.00 0.0 0 3.4 12 180 M M 2 1 14 180
9 53 33 43 4 22 0 0.00 0.0 0 1.5 6 90 M M 3 12 8 70
10 62 43 53 15 12 0 1.34 0.0 0 7.1 25 340 M M 10 1 33 340
11 45 33 39 1 26 0 0.53 T 0 11.0 25 300 M M 8 1 37 310
12 44 26 35 -3 30 0 0.00 0.0 0 6.1 15 210 M M 0 20 250
13 45 29 37 -1 28 0 0.00 0.0 0 6.1 16 260 M M 0 23 260
14 41 23 32 -5 33 0 0.00 0.0 0 4.1 14 260 M M 0 18 260
15 56 26 41 4 24 0 0.00 0.0 0 5.3 14 300 M M 0 24 280
16 55 29 42 5 23 0 0.00 0.0 0 4.4 15 100 M M 0 20 100
17 58 41 50 14 15 0 0.88 0.0 0 8.4 20 110 M M 9 1 33 110
18 61 39 50 14 15 0 2.17 0.0 0 14.1 26 130 M M 9 1 42 140
19 41 28 35 -1 30 0 0.00 0.0 0 10.2 20 310 M M 4 32 310
20 45 26 36 0 29 0 0.00 0.0 0 5.5 14 310 M M 3 21 270
21 44 29 37 1 28 0 0.00 0.0 0 5.5 15 330 M M 0 22 320
22 37 24 31 -4 34 0 0.00 0.0 0 2.2 7 50 M M 4 12 20
23 44 28 36 1 29 0 T T 0 2.8 7 50 M M 9 12 230
24 47 35 41 6 24 0 T 0.0 0 1.1 7 300 M M 10 8 320
25 51 35 43 8 22 0 0.00 0.0 0 3.9 9 100 M M 8 18 12 100
26 47 42 45 11 20 0 0.00 0.0 0 2.4 8 100 M M 10 18 10 100
27 49 43 46 12 19 0 0.78 0.0 0 8.1 18 50 M M 10 1 26 40
28 54 48 51 17 14 0 0.74 0.0 0 5.0 20 50 M M 10 1 29 50
29 53 38 46 12 19 0 0.01 0.0 0 5.3 13 240 M M 3 1 19 260
30 44 35 40 6 25 0 0.00 0.0 0 8.2 17 260 M M 6 24 250
31 42 33 38 5 27 0 0.00 0.0 0 3.6 12 290 M M 8 22 270
================================================================================
SM 1490 1041 742 0 7.53 T 167.4 M 173
================================================================================
AV 48.1 33.6 5.4 FASTST M M 6 MAX(MPH)
MISC ----> 26 130 42 140
================================================================================
NOTES:
# LAST OF SEVERAL OCCURRENCES
COLUMN 17 PEAK WIND IN M.P.H.
PRELIMINARY LOCAL CLIMATOLOGICAL DATA (WS FORM: F-6) , PAGE 2
STATION: TRENTON NJ
MONTH: DECEMBER
YEAR: 2023
LATITUDE: 40 16 N
LONGITUDE: 74 49 W
[TEMPERATURE DATA] [PRECIPITATION DATA] SYMBOLS USED IN COLUMN 16
AVERAGE MONTHLY: 40.8 TOTAL FOR MONTH: 7.53 1 = FOG OR MIST
DPTR FM NORMAL: 4.0 DPTR FM NORMAL: 3.49 2 = FOG REDUCING VISIBILITY
HIGHEST: 62 ON 10 GRTST 24HR 3.05 ON 17-18 TO 1/4 MILE OR LESS
LOWEST: 23 ON 14 3 = THUNDER
SNOW, ICE PELLETS, HAIL 4 = ICE PELLETS
TOTAL MONTH: T 5 = HAIL
GRTST 24HR T ON 7- 7 6 = FREEZING RAIN OR DRIZZLE
GRTST DEPTH: 0 7 = DUSTSTORM OR SANDSTORM:
VSBY 1/2 MILE OR LESS
8 = SMOKE OR HAZE
[NO. OF DAYS WITH] [WEATHER - DAYS WITH] 9 = BLOWING SNOW
X = TORNADO
MAX 32 OR BELOW: 0 0.01 INCH OR MORE: 9
MAX 90 OR ABOVE: 0 0.10 INCH OR MORE: 8
MIN 32 OR BELOW: 15 0.50 INCH OR MORE: 7
MIN 0 OR BELOW: 0 1.00 INCH OR MORE: 2
[HDD (BASE 65) ]
TOTAL THIS MO. 742 CLEAR (SCALE 0-3) 10
DPTR FM NORMAL -131 PTCLDY (SCALE 4-7) 9
TOTAL FM JUL 1 1704 CLOUDY (SCALE 8-10) 12
DPTR FM NORMAL -113
[CDD (BASE 65) ]
TOTAL THIS MO. 0
DPTR FM NORMAL 0 [PRESSURE DATA]
TOTAL FM JAN 1 969 HIGHEST SLP 30.70 ON 14
DPTR FM NORMAL -81 LOWEST SLP 29.01 ON 18
[REMARKS]
#FINAL-12-23#