000
CXUS54 KMEG 042213
CF6TUP
PRELIMINARY LOCAL CLIMATOLOGICAL DATA (WS FORM: F-6)
STATION: TUPELO
MONTH: MAY
YEAR: 2023
LATITUDE: 34 16 N
LONGITUDE: 88 46 W
TEMPERATURE IN F: :PCPN: SNOW: WIND :SUNSHINE: SKY :PK WND
================================================================================
1 2 3 4 5 6A 6B 7 8 9 10 11 12 13 14 15 16 17 18
12Z AVG MX 2MIN
DY MAX MIN AVG DEP HDD CDD WTR SNW DPTH SPD SPD DIR MIN PSBL S-S WX SPD DR
================================================================================
1 71 48 60 -8 5 0 0.00 0.0 0 6.5 18 260 M M 0 27 260
2 74 44 59 -9 6 0 0.00 0.0 0 6.5 22 250 M M 0 34 250
3 76 46 61 -7 4 0 0.00 0.0 0 3.8 16 350 M M 0 22 340
4 79 45 62 -6 3 0 0.00 0.0 0 2.0 12 70 M M 2 13 80
5 74 60 67 -2 0 2 0.05 0.0 0 7.5 20 130 M M 10 25 150
6 82 65 74 5 0 9 0.00 0.0 0 8.8 15 190 M M 7 20 140
7 89 66 78 9 0 13 T 0.0 0 7.6 17 170 M M 3 3 24 240
8 87 65 76 6 0 11 0.00 0.0 0 5.0 14 200 M M 4 18 210
9 91 69 80 10 0 15 T 0.0 0 4.1 16 30 M M 2 138 20 20
10 87 68 78 8 0 13 0.02 0.0 0 4.6 16 210 M M 4 21 200
11 87 68 78 8 0 13 0.32 0.0 0 8.2 29 210 M M 5 18 39 220
12 84 65 75 4 0 10 0.27 0.0 0 5.7 25 240 M M 6 13 32 250
13 87 63 75 4 0 10 0.00 0.0 0 2.2 9 350 M M 3 12 13 350
14 92 68 80 9 0 15 0.00 0.0 0 1.8 10 20 M M 1 1 13 10
15 94 70 82 10 0 17 0.00 0.0 0 4.1 13 100 M M 1 13 18 100
16 89 70 80 8 0 15 0.15 0.0 0 3.9 20 250 M M 3 3 33 250
17 79 67 73 1 0 8 0.34 0.0 0 6.6 15 20 M M 8 13 19 10
18 83 66 75 3 0 10 0.38 0.0 0 4.6 16 170 M M 5 3 21 140
19 81 69 75 2 0 10 T 0.0 0 7.3 12 130 M M 6 16 150
20 81 64 73 0 0 8 0.01 0.0 0 9.2 18 360 M M 8 18 24 360
21 79 58 69 -4 0 4 0.00 0.0 0 8.3 16 20 M M 0 20 30
22 85 61 73 -1 0 8 0.21 0.0 0 5.1 16 20 M M 3 38 19 130
23 77 62 70 -4 0 5 0.00 0.0 0 6.8 16 130 M M 7 21 120
24 84 58 71 -3 0 6 0.00 0.0 0 6.2 16 40 M M 1 18 23 40
25 86 62 74 0 0 9 0.00 0.0 0 8.0 16 50 M M 1 18 22 40
26 85 62 74 -1 0 9 T 0.0 0 6.4 20 40 M M 3 3 24 40
27 83 64 74 -1 0 9 0.39 0.0 0 6.0 16 360 M M 3 3 20 150
28 85 61 73 -2 0 8 0.00 0.0 0 5.0 13 360 M M 3 1 20 350
29 85 59 72 -3 0 7 0.00 0.0 0 3.8 16 10 M M 3 20 20
30 86 62 74 -2 0 9 0.00 0.0 0 3.0 13 60 M M 3 17 60
31 90 66 78 2 0 13 0.00 0.0 0 5.7 16 100 M M 2 21 100
================================================================================
SM 2592 1921 18 266 2.14 0.0 174.3 M 107
================================================================================
AV 83.6 62.0 5.6 FASTST M M 3 MAX(MPH)
MISC ----> 29 210 39 220
================================================================================
NOTES:
# LAST OF SEVERAL OCCURRENCES
COLUMN 17 PEAK WIND IN M.P.H.
PRELIMINARY LOCAL CLIMATOLOGICAL DATA (WS FORM: F-6) , PAGE 2
STATION: TUPELO
MONTH: MAY
YEAR: 2023
LATITUDE: 34 16 N
LONGITUDE: 88 46 W
[TEMPERATURE DATA] [PRECIPITATION DATA] SYMBOLS USED IN COLUMN 16
AVERAGE MONTHLY: 72.8 TOTAL FOR MONTH: 2.14 1 = FOG OR MIST
DPTR FM NORMAL: 1.0 DPTR FM NORMAL: -3.08 2 = FOG REDUCING VISIBILITY
HIGHEST: 94 ON 15 GRTST 24HR 0.59 ON 11-12 TO 1/4 MILE OR LESS
LOWEST: 44 ON 2 3 = THUNDER
SNOW, ICE PELLETS, HAIL 4 = ICE PELLETS
TOTAL MONTH: 0.0 INCH 5 = HAIL
GRTST 24HR 0.0 6 = FREEZING RAIN OR DRIZZLE
GRTST DEPTH: 0 7 = DUSTSTORM OR SANDSTORM:
VSBY 1/2 MILE OR LESS
8 = SMOKE OR HAZE
[NO. OF DAYS WITH] [WEATHER - DAYS WITH] 9 = BLOWING SNOW
X = TORNADO
MAX 32 OR BELOW: 0 0.01 INCH OR MORE: 10
MAX 90 OR ABOVE: 4 0.10 INCH OR MORE: 7
MIN 32 OR BELOW: 0 0.50 INCH OR MORE: 0
MIN 0 OR BELOW: 0 1.00 INCH OR MORE: 0
[HDD (BASE 65) ]
TOTAL THIS MO. 18 CLEAR (SCALE 0-3) 20
DPTR FM NORMAL -2 PTCLDY (SCALE 4-7) 10
TOTAL FM JUL 1 2165 CLOUDY (SCALE 8-10) 1
DPTR FM NORMAL -559
[CDD (BASE 65) ]
TOTAL THIS MO. 266
DPTR FM NORMAL 36 [PRESSURE DATA]
TOTAL FM JAN 1 380 HIGHEST SLP 30.18 ON 14
DPTR FM NORMAL 55 LOWEST SLP 29.78 ON 1
[REMARKS]
#FINAL-05-23#