000
CXUS54 KMEG 011329
CLMTUP
CLIMATE REPORT
NATIONAL WEATHER SERVICE MEMPHIS TN
729 AM CST MON JAN 01 2024
...................................
...THE TUPELO CLIMATE SUMMARY FOR THE MONTH OF DECEMBER 2023...
CLIMATE NORMAL PERIOD 1991 TO 2020
CLIMATE RECORD PERIOD 1930 TO 2023
WEATHER OBSERVED NORMAL DEPART LAST YEAR`S
VALUE DATE(S) VALUE FROM VALUE DATE(S)
NORMAL
................................................................
TEMPERATURE (F)
RECORD
HIGH 81 12/07/1951
LOW -3 12/23/1989
HIGHEST 76 12/09 53 23 78 12/06
12/08
LOWEST 24 12/19 34 -10 4 12/23
AVG. MAXIMUM 60.2 55.6 4.6 56.3
AVG. MINIMUM 37.1 36.3 0.8 38.3
MEAN 48.6 45.9 2.7 47.3
DAYS MAX >= 90 0 0.0 0.0 0
DAYS MAX <= 32 0 0.5 -0.5 1
DAYS MIN <= 32 11 13.8 -2.8 12
DAYS MIN <= 0 0 0.0 0.0 0
PRECIPITATION (INCHES)
RECORD
MAXIMUM 19.89 1982
MINIMUM 0.86 1980
TOTALS 2.49 5.94 -3.45 7.23
DAILY AVG. 0.08 0.19 -0.11 0.23
DAYS >= .01 7 10.8 -3.8 16
DAYS >= .10 5 7.7 -2.7 9
DAYS >= .50 2 4.0 -2.0 5
DAYS >= 1.00 0 1.9 -1.9 2
GREATEST
24 HR. TOTAL 1.02 12/24 TO 12/25
SNOWFALL (INCHES)
RECORDS
TOTAL 4.0 1963
TOTALS T 0.1 -0.1 T
SINCE 7/1 T 0.1 -0.1 MM
SNOWDEPTH AVG. 0 0
DAYS >= 1.0 0 0.0 0.0 0
GREATEST
SNOW DEPTH 0 0 MM
24 HR TOTAL MM
DEGREE DAYS
HEATING TOTAL 502 594 -92 556
SINCE 7/1 884 1085 -201 MM
COOLING TOTAL 1 3 -2 15
SINCE 1/1 2455 2234 221 MM
................................................................
WIND (MPH)
AVERAGE WIND SPEED 5.5
HIGHEST WIND SPEED/DIRECTION 24/010 DATE 12/31
HIGHEST GUST SPEED/DIRECTION 39/140 DATE 12/25
SKY COVER
POSSIBLE SUNSHINE (PERCENT) MM
AVERAGE SKY COVER 0.34
NUMBER OF DAYS FAIR 17
NUMBER OF DAYS PC 8
NUMBER OF DAYS CLOUDY 6
AVERAGE RH (PERCENT) 66
WEATHER CONDITIONS. NUMBER OF DAYS WITH
THUNDERSTORM 2 MIXED PRECIP 0
HEAVY RAIN 3 RAIN 4
LIGHT RAIN 9 FREEZING RAIN 0
LT FREEZING RAIN 0 HAIL 0
HEAVY SNOW 0 SNOW 0
LIGHT SNOW 0 SLEET 1
FOG 9 FOG W/VIS <= 1/4 MILE 3
HAZE 1
- INDICATES NEGATIVE NUMBERS.
R INDICATES RECORD WAS SET OR TIED.
MM INDICATES DATA IS MISSING.
T INDICATES TRACE AMOUNT.
$$