000
CXUS55 KREV 010842
CF6TVL
PRELIMINARY LOCAL CLIMATOLOGICAL DATA (WS FORM: F-6)
STATION: SOUTH LAKE TAHOE CA
MONTH: MAY
YEAR: 2023
LATITUDE: 38 53 N
LONGITUDE: 119 60 W
TEMPERATURE IN F: :PCPN: SNOW: WIND :SUNSHINE: SKY :PK WND
================================================================================
1 2 3 4 5 6A 6B 7 8 9 10 11 12 13 14 15 16 17 18
12Z AVG MX 2MIN
DY MAX MIN AVG DEP HDD CDD WTR SNW DPTH SPD SPD DIR MIN PSBL S-S WX SPD DR
================================================================================
1 54 32 43 -1 22 0 0.13 M M 10.5 29 170 M M 4 1 36 190
2 38 30 34 -10 31 0 0.14 M M 3.5 15 190 M M 10 1 20 200
3 49 29 39 -5 26 0 0.01 M M 4.7 17 190 M M 7 1 20 190
4 43 33 38 -6 27 0 0.12 M M 6.1 17 190 M M 9 1 22 180
5 43 33 38 -7 27 0 0.02 M M 9.0 20 180 M M 9 18 28 190
6 40 32 36 -9 29 0 0.09 M M 10.4 21 180 M M 10 128 30 180
7 47 28 38 -7 27 0 0.00 M M 7.9 22 190 M M 4 28 190
8 48 31 40 -6 25 0 0.02 M M 12.2 28 190 M M 3 38 180
9 53 26 40 -6 25 0 T M M 4.8 16 190 M M 3 20 200
10 55 28 42 -4 23 0 0.00 M M 4.3 15 190 M M 1 22 190
11 62 29 46 0 19 0 0.00 M M 3.5 12 20 M M 0 16 20
12 67 32 50 3 15 0 0.00 M M 3.8 14 70 M M 0 19 80
13 70 33 52 5 13 0 0.00 M M 4.3 16 70 M M 0 22 30
14 63 35 49 2 16 0 0.18 M M 3.5 17 190 M M 4 123 24 190
15 69 32 51 3 14 0 0.00 M M 4.7 21 180 M M 3 12 31 190
16 72 32 52 4 13 0 0.00 M M 4.4 12 200 M M 0 21 200
17 73 33 53 5 12 0 0.00 M M 3.1 16 190 M M 0 20 180
18 73 32 53 5 12 0 0.00 M M 4.0 13 20 M M 0 17 30
19 76 37 57 9 8 0 0.00 M M 3.5 13 30 M M 0 18 20
20 73 40 57 8 8 0 0.00 M M 4.2 13 190 M M 1 17 30
21 74 42 58 9 7 0 0.00 M M 4.7 14 200 M M 1 3 21 190
22 73 39 56 7 9 0 0.00 M M 4.0 21 180 M M 1 33 180
23 68 39 54 4 11 0 0.00 M M 6.8 24 190 M M 1 30 190
24 65 37 51 1 14 0 T M M 4.5 15 180 M M 2 3 19 180
25 64 34 49 -1 16 0 0.02 M M 3.0 16 190 M M 3 3 24 200
26 62 35 49 -1 16 0 0.00 M M 4.1 16 20 M M 2 3 23 30
27 66 36 51 1 14 0 0.00 M M 4.7 15 200 M M 1 22 200
28 65 40 53 2 12 0 T M M 4.1 13 30 M M 5 3 17 30
29 64 35 50 -1 15 0 0.28 M M 3.5 18 150 M M 5 13 23 150
30 66 39 53 2 12 0 0.20 M M 4.3 21 190 M M 4 13 26 180
31 66 34 50 -1 15 0 0.00 M M 3.6 15 200 M M 1 23 180
================================================================================
SM 1901 1047 533 0 1.21 M 159.7 M 94
================================================================================
AV 61.3 33.8 5.2 FASTST M M 3 MAX(MPH)
MISC ----> 29 170 38 180
================================================================================
NOTES:
# LAST OF SEVERAL OCCURRENCES
COLUMN 17 PEAK WIND IN M.P.H.
PRELIMINARY LOCAL CLIMATOLOGICAL DATA (WS FORM: F-6) , PAGE 2
STATION: SOUTH LAKE TAHOE CA
MONTH: MAY
YEAR: 2023
LATITUDE: 38 53 N
LONGITUDE: 119 60 W
[TEMPERATURE DATA] [PRECIPITATION DATA] SYMBOLS USED IN COLUMN 16
AVERAGE MONTHLY: 47.5 TOTAL FOR MONTH: 1.21 1 = FOG OR MIST
DPTR FM NORMAL: -0.1 DPTR FM NORMAL: -0.11 2 = FOG REDUCING VISIBILITY
HIGHEST: 76 ON 19 GRTST 24HR 0.46 ON 29-30 TO 1/4 MILE OR LESS
LOWEST: 26 ON 9 3 = THUNDER
SNOW, ICE PELLETS, HAIL 4 = ICE PELLETS
TOTAL MONTH: M 5 = HAIL
GRTST 24HR M ON M 6 = FREEZING RAIN OR DRIZZLE
GRTST DEPTH: M ON M 7 = DUSTSTORM OR SANDSTORM:
VSBY 1/2 MILE OR LESS
8 = SMOKE OR HAZE
[NO. OF DAYS WITH] [WEATHER - DAYS WITH] 9 = BLOWING SNOW
X = TORNADO
MAX 32 OR BELOW: 0 0.01 INCH OR MORE: 11
MAX 90 OR ABOVE: 0 0.10 INCH OR MORE: 6
MIN 32 OR BELOW: 13 0.50 INCH OR MORE: 0
MIN 0 OR BELOW: 0 1.00 INCH OR MORE: 0
[HDD (BASE 65) ]
TOTAL THIS MO. 533 CLEAR (SCALE 0-3) 18
DPTR FM NORMAL -5 PTCLDY (SCALE 4-7) 9
TOTAL FM JUL 1 7694 CLOUDY (SCALE 8-10) 4
DPTR FM NORMAL 396
[CDD (BASE 65) ]
TOTAL THIS MO. 0
DPTR FM NORMAL 0 [PRESSURE DATA]
TOTAL FM JAN 1 0 HIGHEST SLP M ON M
DPTR FM NORMAL 0 LOWEST SLP 29.55 ON 1
[REMARKS]
#FINAL-05-23#