000
CXUS55 KBOI 011002
CF6TWF
PRELIMINARY LOCAL CLIMATOLOGICAL DATA (WS FORM: F-6)
STATION: TWIN FALLS ID
MONTH: MARCH
YEAR: 2020
LATITUDE: 42 28 N
LONGITUDE: 114 29 W
TEMPERATURE IN F: :PCPN: SNOW: WIND :SUNSHINE: SKY :PK WND
================================================================================
1 2 3 4 5 6A 6B 7 8 9 10 11 12 13 14 15 16 17 18
12Z AVG MX 2MIN
DY MAX MIN AVG DEP HDD CDD WTR SNW DPTH SPD SPD DIR MIN PSBL S-S WX SPD DR
================================================================================
1 40 24 32 -5 33 0 T M M 9.5 18 210 M M 5 1 24 220
2 46 23 35 -3 30 0 0.00 M M 17.5 30 280 M M 1 42 280
3 55 35 45 7 20 0 T M M 16.2 30 280 M M 4 34 280
4 57 30 44 6 21 0 0.00 M M 14.5 25 300 M M 0 30 300
5 68 24 46 7 19 0 0.00 M M 12.5 24 180 M M 0 8 31 150
6 66 37 52 13 13 0 0.00 M M 14.3 25 200 M M 0 33 220
7 60 35 48 9 17 0 0.19 M M 17.2 28 290 M M 5 1 33 280
8 49 32 41 1 24 0 0.01 M M 6.6 18 260 M M 6 22 250
9 46 33 40 0 25 0 T M M 9.5 17 270 M M 9 8 20 270
10 54 29 42 2 23 0 0.00 M M 6.3 14 220 M M 0 17 220
11 61 27 44 3 21 0 0.00 M M 9.4 22 310 M M 0 26 310
12 50 28 39 -2 26 0 0.00 M M 18.3 24 290 M M 0 32 290
13 54 22 38 -3 27 0 0.00 M M 8.4 25 180 M M 0 32 180
14 49 37 43 1 22 0 0.70 M M 13.6 29 180 M M 7 13 35 180
15 51 34 43 1 22 0 0.20 M M 10.8 22 160 M M 8 13 26 90
16 57 35 46 4 19 0 0.00 M M 14.4 22 70 M M 4 26 70
17 55 37 46 4 19 0 0.16 M M 9.0 31 160 M M 8 38 160
18 48 33 41 -2 24 0 0.11 M M 6.6 21 260 M M 9 1 24 260
19 49 30 40 -3 25 0 0.00 M M 6.3 13 240 M M 8 15 240
20 54 34 44 1 21 0 T M M 7.3 17 210 M M 5 21 200
21 55 35 45 2 20 0 0.00 M M 12.6 18 300 M M 3 22 300
22 57 34 46 2 19 0 0.00 M M 11.2 21 270 M M 0 25 290
23 56 37 47 3 18 0 0.09 M M 12.5 33 270 M M 6 41 290
24 50 32 41 -3 24 0 T M M 9.7 24 270 M M 7 30 270
25 46 29 38 -6 27 0 T M M 13.2 26 290 M M 5 31 280
26 44 24 34 -10 31 0 0.00 M M 15.0 24 280 M M 1 30 290
27 46 25 36 -8 29 0 0.00 M M 16.1 26 290 M M 3 33 290
28 52 32 42 -3 23 0 0.00 M M 12.6 21 260 M M 8 25 290
29 51 35 43 -2 22 0 0.26 M M 10.7 25 160 M M 8 1 32 250
30 56 35 46 1 19 0 T M M 13.3 29 290 M M 7 35 260
31 60 33 47 2 18 0 0.10 M M 15.3 36 260 M M 9 1 46 260
================================================================================
SM 1642 970 701 0 1.82 M 370.4 M 136
================================================================================
AV 53.0 31.3 11.9 FASTST M M 4 MAX(MPH)
MISC ----> 36 260 46 260
================================================================================
NOTES:
# LAST OF SEVERAL OCCURRENCES
COLUMN 17 PEAK WIND IN M.P.H.
PRELIMINARY LOCAL CLIMATOLOGICAL DATA (WS FORM: F-6) , PAGE 2
STATION: TWIN FALLS ID
MONTH: MARCH
YEAR: 2020
LATITUDE: 42 28 N
LONGITUDE: 114 29 W
[TEMPERATURE DATA] [PRECIPITATION DATA] SYMBOLS USED IN COLUMN 16
AVERAGE MONTHLY: 42.1 TOTAL FOR MONTH: 1.82 1 = FOG OR MIST
DPTR FM NORMAL: 0.4 DPTR FM NORMAL: 0.78 2 = FOG REDUCING VISIBILITY
HIGHEST: 68 ON 5 GRTST 24HR 0.90 ON 14-15 TO 1/4 MILE OR LESS
LOWEST: 22 ON 13 3 = THUNDER
SNOW, ICE PELLETS, HAIL 4 = ICE PELLETS
TOTAL MONTH: M 5 = HAIL
GRTST 24HR M ON M 6 = FREEZING RAIN OR DRIZZLE
GRTST DEPTH: M ON M 7 = DUSTSTORM OR SANDSTORM:
VSBY 1/2 MILE OR LESS
8 = SMOKE OR HAZE
[NO. OF DAYS WITH] [WEATHER - DAYS WITH] 9 = BLOWING SNOW
X = TORNADO
MAX 32 OR BELOW: 0 0.01 INCH OR MORE: 9
MAX 90 OR ABOVE: 0 0.10 INCH OR MORE: 7
MIN 32 OR BELOW: 15 0.50 INCH OR MORE: 1
MIN 0 OR BELOW: 0 1.00 INCH OR MORE: 0
[HDD (BASE 65) ]
TOTAL THIS MO. 701 CLEAR (SCALE 0-3) 10
DPTR FM NORMAL -21 PTCLDY (SCALE 4-7) 16
TOTAL FM JUL 1 5329 CLOUDY (SCALE 8-10) 5
DPTR FM NORMAL 41
[CDD (BASE 65) ]
TOTAL THIS MO. 0
DPTR FM NORMAL 0 [PRESSURE DATA]
TOTAL FM JAN 1 0 HIGHEST SLP 30.28 ON 10
DPTR FM NORMAL 0 LOWEST SLP 29.46 ON 14
[REMARKS]
#FINAL-03-20#