000
CXUS54 KMRX 011130
CF6TYS
PRELIMINARY LOCAL CLIMATOLOGICAL DATA (WS FORM: F-6)
STATION: KNOXVILLE MCGHEE TYSON AIRPORT
MONTH: FEBRUARY
YEAR: 2024
LATITUDE: 35 49 N
LONGITUDE: 83 59 W
TEMPERATURE IN F: :PCPN: SNOW: WIND :SUNSHINE: SKY :PK WND
================================================================================
1 2 3 4 5 6A 6B 7 8 9 10 11 12 13 14 15 16 17 18
12Z AVG MX 2MIN
DY MAX MIN AVG DEP HDD CDD WTR SNW DPTH SPD SPD DIR MIN PSBL S-S WX SPD DR
================================================================================
1 55 28 42 2 23 0 0.00 0.0 0 0.9 7 260 M M 4 8 12 180
2 65 36 51 11 14 0 0.00 0.0 0 3.6 13 40 M M 5 19 50
3 61 37 49 9 16 0 0.00 0.0 0 5.8 13 40 M M 1 17 40
4 60 30 45 4 20 0 0.00 0.0 0 7.3 16 40 M M 4 23 40
5 66 40 53 12 12 0 0.00 0.0 0 8.6 15 20 M M 4 20 30
6 62 34 48 7 17 0 0.00 0.0 0 8.2 14 30 M M 2 22 10
7 63 30 47 6 18 0 0.00 0.0 0 2.0 9 350 M M 3 13 20
8 60 32 46 5 19 0 0.00 0.0 0 3.9 16 280 M M 9 21 250
9 50 45 48 6 17 0 0.50 0.0 0 3.9 13 280 M M 10 13 18 280
10 62 47 55 13 10 0 1.19 0.0 0 6.0 20 220 M M 10 1 28 220
11 59 51 55 13 10 0 1.30 0.0 0 6.1 17 80 M M 10 1 23 70
12 57 51 54 12 11 0 0.49 0.0 0 7.9 39 260 M M 10 1 56 260
13 52 37 45 3 20 0 T 0.0 0 7.6 26 250 M M 4 37 250
14 60 32 46 3 19 0 0.00 0.0 0 3.6 12 240 M M 0 21 240
15 66 34 50 7 15 0 0.00 0.0 0 8.1 26 220 M M 4 35 220
16 60 43 52 9 13 0 0.04 0.0 0 6.6 33 220 M M 8 1 46 230
17 49 29 39 -4 26 0 0.08 0.0 0 9.7 22 350 M M 7 1 30 360
18 47 24 36 -8 29 0 0.00 0.0 0 2.7 10 220 M M 4 14 260
19 57 24 41 -3 24 0 0.00 0.0 0 2.1 10 10 M M 0 15 50
20 62 26 44 0 21 0 0.00 0.0 0 3.5 10 270 M M 2 15 280
21 65 30 48 4 17 0 0.00 0.0 0 4.7 17 210 M M 4 22 240
22 67 39 53 8 12 0 0.03 0.0 0 15.0 35 220 M M 8 46 230
23 63 47 55 10 10 0 0.48 0.0 0 8.0 28 280 M M 7 1 37 280
24 55 32 44 -1 21 0 0.00 0.0 0 9.9 26 270 M M 6 38 300
25 58 25 42 -4 23 0 0.00 0.0 0 4.4 12 230 M M 3 15 240
26 73 44 59 13 6 0 0.00 0.0 0 10.4 25 230 M M 7 34 250
27 72 59 66 20 0 1 T 0.0 0 15.7 30 200 M M 10 42 210
28 71 34 53 7 12 0 0.53 0.0 0 17.8 49 250 M M 10 123 74 250
29 49 29 39 -7 26 0 0.00 0.0 0 8.0 15 40 M M 7 20 40
================================================================================
SM 1746 1049 481 1 4.64 0.0 202.0 M 163
================================================================================
AV 60.2 36.2 7.0 FASTST M M 6 MAX(MPH)
MISC ----> 49 250 74 250
================================================================================
NOTES:
# LAST OF SEVERAL OCCURRENCES
COLUMN 17 PEAK WIND IN M.P.H.
PRELIMINARY LOCAL CLIMATOLOGICAL DATA (WS FORM: F-6) , PAGE 2
STATION: KNOXVILLE MCGHEE TYSON AIRPORT
MONTH: FEBRUARY
YEAR: 2024
LATITUDE: 35 49 N
LONGITUDE: 83 59 W
[TEMPERATURE DATA] [PRECIPITATION DATA] SYMBOLS USED IN COLUMN 16
AVERAGE MONTHLY: 48.2 TOTAL FOR MONTH: 4.64 1 = FOG OR MIST
DPTR FM NORMAL: 5.3 DPTR FM NORMAL: -0.17 2 = FOG REDUCING VISIBILITY
HIGHEST: 73 ON 26 GRTST 24HR 2.49 ON 10-11 TO 1/4 MILE OR LESS
LOWEST: 24 ON 19,18 3 = THUNDER
SNOW, ICE PELLETS, HAIL 4 = ICE PELLETS
TOTAL MONTH: 0.0 INCH 5 = HAIL
GRTST 24HR 0.0 6 = FREEZING RAIN OR DRIZZLE
GRTST DEPTH: 0 7 = DUSTSTORM OR SANDSTORM:
VSBY 1/2 MILE OR LESS
8 = SMOKE OR HAZE
[NO. OF DAYS WITH] [WEATHER - DAYS WITH] 9 = BLOWING SNOW
X = TORNADO
MAX 32 OR BELOW: 0 0.01 INCH OR MORE: 9
MAX 90 OR ABOVE: 0 0.10 INCH OR MORE: 6
MIN 32 OR BELOW: 13 0.50 INCH OR MORE: 4
MIN 0 OR BELOW: 0 1.00 INCH OR MORE: 2
[HDD (BASE 65) ]
TOTAL THIS MO. 481 CLEAR (SCALE 0-3) 6
DPTR FM NORMAL -137 PTCLDY (SCALE 4-7) 14
TOTAL FM JUL 1 2502 CLOUDY (SCALE 8-10) 9
DPTR FM NORMAL -360
[CDD (BASE 65) ]
TOTAL THIS MO. 1
DPTR FM NORMAL 1 [PRESSURE DATA]
TOTAL FM JAN 1 1 HIGHEST SLP 30.51 ON 29
DPTR FM NORMAL 1 LOWEST SLP 29.41 ON 12
[REMARKS]
#FINAL-02-24#