000
CXUS54 KMRX 011030
CF6TYS
PRELIMINARY LOCAL CLIMATOLOGICAL DATA (WS FORM: F-6)
STATION: KNOXVILLE MCGHEE TYSON AIRPORT
MONTH: AUGUST
YEAR: 2022
LATITUDE: 35 49 N
LONGITUDE: 83 59 W
TEMPERATURE IN F: :PCPN: SNOW: WIND :SUNSHINE: SKY :PK WND
================================================================================
1 2 3 4 5 6A 6B 7 8 9 10 11 12 13 14 15 16 17 18
12Z AVG MX 2MIN
DY MAX MIN AVG DEP HDD CDD WTR SNW DPTH SPD SPD DIR MIN PSBL S-S WX SPD DR
================================================================================
1 76 71 74 -4 0 9 0.04 0.0 0 11.3 22 220 M M 10 1 29 220
2 89 70 80 2 0 15 0.00 0.0 0 4.5 13 250 M M 6 20 250
3 93 70 82 4 0 17 1.62 0.0 0 3.4 37 250 M M 3 13 52 220
4 89 68 79 1 0 14 T 0.0 0 5.0 26 240 M M 6 123 34 240
5 89 71 80 2 0 15 0.10 0.0 0 4.7 25 220 M M 7 13 32 220
6 88 70 79 1 0 14 0.11 0.0 0 3.0 24 340 M M 8 123 36 330
7 89 69 79 1 0 14 0.00 0.0 0 2.6 9 110 M M 6 12 17 310
8 90 71 81 3 0 16 T 0.0 0 5.0 13 220 M M 4 18 240
9 89 71 80 2 0 15 T 0.0 0 5.8 20 220 M M 5 3 24 220
10 84 70 77 -1 0 12 0.56 0.0 0 3.9 24 230 M M 8 13 34 240
11 83 70 77 -1 0 12 0.08 0.0 0 5.2 14 350 M M 8 13 18 260
12 84 68 76 -2 0 11 0.00 0.0 0 6.9 15 10 M M 7 1 20 20
13 86 63 75 -3 0 10 0.00 0.0 0 5.4 18 230 M M 5 24 230
14 87 66 77 -1 0 12 T 0.0 0 7.7 18 240 M M 5 24 240
15 88 72 80 2 0 15 T 0.0 0 8.0 15 230 M M 7 19 240
16 81 68 75 -3 0 10 0.00 0.0 0 4.3 12 40 M M 8 15 40
17 85 64 75 -3 0 10 0.00 0.0 0 3.9 9 310 M M 4 1 16 300
18 87 63 75 -3 0 10 0.00 0.0 0 3.1 10 320 M M 3 15 290
19 87 65 76 -2 0 11 0.00 0.0 0 4.1 13 210 M M 6 16 210
20 87 68 78 0 0 13 T 0.0 0 5.2 12 210 M M 8 15 260
21 84 70 77 0 0 12 0.06 0.0 0 8.4 16 280 M M 8 13 22 220
22 86 70 78 1 0 13 T 0.0 0 5.9 13 240 M M 8 1 17 250
23 88 65 77 0 0 12 0.00 0.0 0 2.4 10 10 M M 5 18 14 350
24 89 63 76 -1 0 11 0.00 0.0 0 2.6 9 330 M M 5 14 360
25 89 67 78 1 0 13 T 0.0 0 3.7 14 170 M M 6 17 180
26 89 70 80 3 0 15 0.00 0.0 0 3.6 15 340 M M 7 3 18 340
27 92 69 81 4 0 16 0.00 0.0 0 4.1 13 30 M M 3 12 19 10
28 92 68 80 4 0 15 0.05 0.0 0 3.0 18 230 M M 3 22 230
29 92 69 81 5 0 16 0.00 0.0 0 3.5 12 180 M M 4 123 17 160
30 88 71 80 4 0 15 0.00 0.0 0 6.6 16 260 M M 7 23 200
31 89 65 77 1 0 12 0.00 0.0 M 3.6 12 10 M M 1 1 16 20
================================================================================
SM 2709 2115 0 405 2.62 0.0 150.4 M 181
================================================================================
AV 87.4 68.2 4.9 FASTST M M 6 MAX(MPH)
MISC ----> 37 250 52 220
================================================================================
NOTES:
# LAST OF SEVERAL OCCURRENCES
COLUMN 17 PEAK WIND IN M.P.H.
PRELIMINARY LOCAL CLIMATOLOGICAL DATA (WS FORM: F-6) , PAGE 2
STATION: KNOXVILLE MCGHEE TYSON AIRPORT
MONTH: AUGUST
YEAR: 2022
LATITUDE: 35 49 N
LONGITUDE: 83 59 W
[TEMPERATURE DATA] [PRECIPITATION DATA] SYMBOLS USED IN COLUMN 16
AVERAGE MONTHLY: 77.8 TOTAL FOR MONTH: 2.62 1 = FOG OR MIST
DPTR FM NORMAL: 0.2 DPTR FM NORMAL: -1.01 2 = FOG REDUCING VISIBILITY
HIGHEST: 93 ON 3 GRTST 24HR 1.62 ON 3- 3 TO 1/4 MILE OR LESS
LOWEST: 63 ON 24,18 3 = THUNDER
SNOW, ICE PELLETS, HAIL 4 = ICE PELLETS
TOTAL MONTH: 0.0 INCH 5 = HAIL
GRTST 24HR 0.0 6 = FREEZING RAIN OR DRIZZLE
GRTST DEPTH: 0 7 = DUSTSTORM OR SANDSTORM:
VSBY 1/2 MILE OR LESS
8 = SMOKE OR HAZE
[NO. OF DAYS WITH] [WEATHER - DAYS WITH] 9 = BLOWING SNOW
X = TORNADO
MAX 32 OR BELOW: 0 0.01 INCH OR MORE: 8
MAX 90 OR ABOVE: 5 0.10 INCH OR MORE: 4
MIN 32 OR BELOW: 0 0.50 INCH OR MORE: 2
MIN 0 OR BELOW: 0 1.00 INCH OR MORE: 1
[HDD (BASE 65) ]
TOTAL THIS MO. 0 CLEAR (SCALE 0-3) 1
DPTR FM NORMAL 0 PTCLDY (SCALE 4-7) 27
TOTAL FM JUL 1 0 CLOUDY (SCALE 8-10) 3
DPTR FM NORMAL 0
[CDD (BASE 65) ]
TOTAL THIS MO. 405
DPTR FM NORMAL 13 [PRESSURE DATA]
TOTAL FM JAN 1 1510 HIGHEST SLP 30.25 ON 7
DPTR FM NORMAL 203 LOWEST SLP 29.82 ON 15
[REMARKS]
#FINAL-08-22#