000
CXUS54 KMRX 011030
CF6TYS
PRELIMINARY LOCAL CLIMATOLOGICAL DATA (WS FORM: F-6)
STATION: KNOXVILLE MCGHEE TYSON AIRPORT
MONTH: MARCH
YEAR: 2021
LATITUDE: 35 49 N
LONGITUDE: 83 59 W
TEMPERATURE IN F: :PCPN: SNOW: WIND :SUNSHINE: SKY :PK WND
================================================================================
1 2 3 4 5 6A 6B 7 8 9 10 11 12 13 14 15 16 17 18
12Z AVG MX 2MIN
DY MAX MIN AVG DEP HDD CDD WTR SNW DPTH SPD SPD DIR MIN PSBL S-S WX SPD DR
================================================================================
1 71 40 56 10 9 0 1.23 0.0 0 7.7 25 290 M M 10 1 37 290
2 51 36 44 -2 21 0 T 0.0 0 5.8 14 30 M M 8 21 20
3 60 33 47 0 18 0 0.00 0.0 0 2.7 10 350 M M 2 15 30
4 66 35 51 4 14 0 0.00 0.0 0 4.4 17 340 M M 1 24 330
5 52 36 44 -3 21 0 0.00 0.0 0 9.9 21 20 M M 5 26 60
6 54 34 44 -4 21 0 0.00 0.0 0 7.8 15 360 M M 3 21 360
7 58 28 43 -5 22 0 0.00 0.0 0 3.6 14 20 M M 1 19 10
8 64 27 46 -2 19 0 0.00 0.0 0 2.1 13 240 M M 3 15 220
9 69 31 50 2 15 0 0.00 0.0 0 3.1 14 230 M M 6 19 200
10 72 33 53 4 12 0 0.00 0.0 0 4.6 17 240 M M 6 23 240
11 72 51 62 13 3 0 0.00 0.0 0 10.5 28 230 M M 5 42 190
12 72 56 64 15 1 0 0.26 0.0 0 8.7 20 360 M M 9 1 27 10
13 60 54 57 7 8 0 T 0.0 0 7.1 17 40 M M 10 18 24 40
14 65 52 59 9 6 0 T 0.0 0 8.9 16 30 M M 10 22 60
15 75 50 63 13 2 0 0.23 0.0 0 10.4 24 200 M M 10 1 32 190
16 60 48 54 4 11 0 0.05 0.0 0 4.3 10 40 M M 10 1 14 20
17 64 54 59 8 6 0 0.87 0.0 0 3.9 13 30 M M 10 1 16 30
18 71 46 59 8 6 0 1.36 0.0 0 14.9 31 260 M M 9 13 43 230
19 52 44 48 -3 17 0 0.03 0.0 0 10.7 20 30 M M 10 1 26 10
20 61 36 49 -2 16 0 0.00 0.0 0 7.3 15 30 M M 1 22 10
21 67 35 51 -1 14 0 0.00 0.0 0 4.5 10 30 M M 2 M M
22 70 40 55 3 10 0 0.00 0.0 0 4.0 14 10 M M 5 19 20
23 73 48 61 9 4 0 T 0.0 0 4.5 20 210 M M 9 24 230
24 77 55 66 14 0 1 0.00 0.0 0 6.6 22 230 M M 8 31 230
25 68 53 61 8 4 0 1.54 0.0 0 5.6 25 200 M M 9 13 34 200
26 74 54 64 11 1 0 0.10 0.0 0 5.7 28 270 M M 6 13 40 290
27 62 49 56 3 9 0 1.23 0.0 0 5.3 20 310 M M 7 13 27 290
28 69 46 58 4 7 0 1.11 0.0 0 12.1 24 270 M M 9 13 32 260
29 64 34 49 -5 16 0 0.00 0.0 0 3.3 14 50 M M 0 17 50
30 76 37 57 3 8 0 0.00 0.0 0 7.4 22 200 M M 3 30 210
31 67 41 54 0 11 0 1.11 0.0 0 7.0 18 350 M M 10 18 26 340
================================================================================
SM 2036 1316 332 1 9.12 0.0 204.4 M 197
================================================================================
AV 65.7 42.5 6.6 FASTST M M 6 MAX(MPH)
MISC ----> 31 260 43 230
================================================================================
NOTES:
# LAST OF SEVERAL OCCURRENCES
COLUMN 17 PEAK WIND IN M.P.H.
PRELIMINARY LOCAL CLIMATOLOGICAL DATA (WS FORM: F-6) , PAGE 2
STATION: KNOXVILLE MCGHEE TYSON AIRPORT
MONTH: MARCH
YEAR: 2021
LATITUDE: 35 49 N
LONGITUDE: 83 59 W
[TEMPERATURE DATA] [PRECIPITATION DATA] SYMBOLS USED IN COLUMN 16
AVERAGE MONTHLY: 54.1 TOTAL FOR MONTH: 9.12 1 = FOG OR MIST
DPTR FM NORMAL: 3.8 DPTR FM NORMAL: 4.78 2 = FOG REDUCING VISIBILITY
HIGHEST: 77 ON 24 GRTST 24HR 2.23 ON 17-18 TO 1/4 MILE OR LESS
LOWEST: 27 ON 8 3 = THUNDER
SNOW, ICE PELLETS, HAIL 4 = ICE PELLETS
TOTAL MONTH: 0.0 INCH 5 = HAIL
GRTST 24HR 0.0 6 = FREEZING RAIN OR DRIZZLE
GRTST DEPTH: 0 7 = DUSTSTORM OR SANDSTORM:
VSBY 1/2 MILE OR LESS
8 = SMOKE OR HAZE
[NO. OF DAYS WITH] [WEATHER - DAYS WITH] 9 = BLOWING SNOW
X = TORNADO
MAX 32 OR BELOW: 0 0.01 INCH OR MORE: 12
MAX 90 OR ABOVE: 0 0.10 INCH OR MORE: 10
MIN 32 OR BELOW: 3 0.50 INCH OR MORE: 7
MIN 0 OR BELOW: 0 1.00 INCH OR MORE: 6
[HDD (BASE 65) ]
TOTAL THIS MO. 332 CLEAR (SCALE 0-3) 8
DPTR FM NORMAL -129 PTCLDY (SCALE 4-7) 10
TOTAL FM JUL 1 3039 CLOUDY (SCALE 8-10) 13
DPTR FM NORMAL -317
[CDD (BASE 65) ]
TOTAL THIS MO. 1
DPTR FM NORMAL -4 [PRESSURE DATA]
TOTAL FM JAN 1 1 HIGHEST SLP 30.58 ON 8
DPTR FM NORMAL -4 LOWEST SLP 29.53 ON 18
[REMARKS]
#FINAL-03-21#